000
CXUS53 KARX 011000
CF6DEH
PRELIMINARY LOCAL CLIMATOLOGICAL DATA (WS FORM: F-6)
STATION: DECORAH IA
MONTH: NOVEMBER
YEAR: 2023
LATITUDE: 43 16 N
LONGITUDE: 91 44 W
TEMPERATURE IN F: :PCPN: SNOW: WIND :SUNSHINE: SKY :PK WND
================================================================================
1 2 3 4 5 6A 6B 7 8 9 10 11 12 13 14 15 16 17 18
12Z AVG MX 2MIN
DY MAX MIN AVG DEP HDD CDD WTR SNW DPTH SPD SPD DIR MIN PSBL S-S WX SPD DR
================================================================================
1 37 19 28 M 37 0 0.00 0.0 M 5.9 13 220 M M 4 18 200
2 52 28 40 M 25 0 0.00 0.0 M 4.4 9 190 M M 1 16 190
3 52 41 47 M 18 0 0.00 0.0 0 4.0 9 340 M M 4 15 220
4 54 32 43 M 22 0 0.00 0.0 0 2.8 8 10 M M 3 1 12 10
5 59 39 49 M 16 0 0.00 0.0 0 8.9 18 180 M M 5 33 180
6 63 41 52 M 13 0 0.00 0.0 0 10.6 17 190 M M 3 30 180
7 48 37 43 M 22 0 0.00 0.0 0 8.1 14 110 M M 6 8 21 130
8 52 39 46 M 19 0 0.00 0.0 0 8.1 18 320 M M 8 1 29 320
9 52 32 42 M 23 0 0.00 0.0 0 6.7 13 320 M M 2 23 270
10 39 32 36 M 29 0 0.00 0.0 0 6.0 12 320 M M 9 22 320
11 46 28 37 M 28 0 0.00 0.0 0 7.4 15 170 M M 7 22 170
12 59 43 51 M 14 0 0.00 0.0 0 9.4 16 180 M M 3 29 190
13 59 36 48 M 17 0 0.00 0.0 0 5.0 13 330 M M 0 18 330
14 63 39 51 M 14 0 0.00 0.0 0 11.1 17 190 M M 1 32 200
15 64 43 54 M 11 0 0.00 0.0 0 4.5 10 220 M M 1 23 190
16 64 45 55 M 10 0 0.00 0.0 0 12.0 20 210 M M 3 35 210
17 45 28 37 M 28 0 0.00 0.0 0 6.2 17 340 M M 3 24 340
18 55 32 44 M 21 0 0.00 0.0 0 3.7 9 280 M M 0 16 99
19 55 28 42 M 23 0 0.00 0.0 0 4.8 9 110 M M 2 16 140
20 45 39 42 M 23 0 M 0.0 0 9.6 13 70 M M 7 20 60
21 45 34 40 M 25 0 0.00 0.0 0 9.7 18 330 M M 8 25 330
22 43 23 33 M 32 0 0.00 0.0 0 6.1 10 220 M M 1 20 220
23 36 21 29 M 36 0 0.00 0.0 0 12.0 16 330 M M 2 23 340
24 28 16 22 M 43 0 0.00 0.0 0 7.0 10 30 M M 3 15 350
25 30 19 25 M 40 0 M M 0 1.9 6 230 M M 9 12 210
26 28 23 26 M 39 0 M M M 7.6 15 300 M M 9 1 27 300
27 23 14 19 M 46 0 M M M 11.6 18 320 M M 8 30 310
28 18 3 11 M 54 0 0.00 0.0 M 4.2 10 320 M M 1 17 320
29 45 M M M M M 0.00 0.0 M 5.3 7 99 M M 0 16 99
30 45 30 38 M 27 0 0.00 0.0 0 8.1 14 330 M M 1 17 230
================================================================================
SM 1404 884 755 0 0.00 0.0 212.7 M 114
================================================================================
AV 46.8 30.5 7.1 FASTST M M 4 MAX(MPH)
MISC ----> 20 210 35 210
================================================================================
NOTES:
# LAST OF SEVERAL OCCURRENCES
COLUMN 17 PEAK WIND IN M.P.H.
PRELIMINARY LOCAL CLIMATOLOGICAL DATA (WS FORM: F-6) , PAGE 2
STATION: DECORAH IA
MONTH: NOVEMBER
YEAR: 2023
LATITUDE: 43 16 N
LONGITUDE: 91 44 W
[TEMPERATURE DATA] [PRECIPITATION DATA] SYMBOLS USED IN COLUMN 16
AVERAGE MONTHLY: 38.6 TOTAL FOR MONTH: 0.00 1 = FOG OR MIST
DPTR FM NORMAL: 0.0 DPTR FM NORMAL: M 2 = FOG REDUCING VISIBILITY
HIGHEST: 64 ON 16,15 GRTST 24HR 0.00 ON 1- 1 TO 1/4 MILE OR LESS
LOWEST: 3 ON 28 3 = THUNDER
SNOW, ICE PELLETS, HAIL 4 = ICE PELLETS
TOTAL MONTH: 0.0 INCH 5 = HAIL
GRTST 24HR 0.0 6 = FREEZING RAIN OR DRIZZLE
GRTST DEPTH: 0 7 = DUSTSTORM OR SANDSTORM:
VSBY 1/2 MILE OR LESS
8 = SMOKE OR HAZE
[NO. OF DAYS WITH] [WEATHER - DAYS WITH] 9 = BLOWING SNOW
X = TORNADO
MAX 32 OR BELOW: 5 0.01 INCH OR MORE: 0
MAX 90 OR ABOVE: 0 0.10 INCH OR MORE: 0
MIN 32 OR BELOW: 17 0.50 INCH OR MORE: 0
MIN 0 OR BELOW: 0 1.00 INCH OR MORE: 0
[HDD (BASE 65) ]
TOTAL THIS MO. 755 CLEAR (SCALE 0-3) 15
DPTR FM NORMAL M PTCLDY (SCALE 4-7) 12
TOTAL FM JUL 1 1263 CLOUDY (SCALE 8-10) 3
DPTR FM NORMAL M
[CDD (BASE 65) ]
TOTAL THIS MO. 0
DPTR FM NORMAL M [PRESSURE DATA]
TOTAL FM JAN 1 714 HIGHEST SLP M ON M
DPTR FM NORMAL M LOWEST SLP M ON M
[REMARKS]
#FINAL-11-23#