000
CXUS55 KBOU 050144
CF6DEN
PRELIMINARY LOCAL CLIMATOLOGICAL DATA (WS FORM: F-6)
STATION: DENVER CO
MONTH: JANUARY
YEAR: 2022
LATITUDE: 39 52 N
LONGITUDE: 104 40 W
TEMPERATURE IN F: :PCPN: SNOW: WIND :SUNSHINE: SKY :PK WND
================================================================================
1 2 3 4 5 6A 6B 7 8 9 10 11 12 13 14 15 16 17 18
12Z AVG MX 2MIN
DY MAX MIN AVG DEP HDD CDD WTR SNW DPTH SPD SPD DIR MIN PSBL S-S WX SPD DR
================================================================================
1 8 -9 0 -31 65 0 0.12 1.1 3 7.6 18 210 M M 7 1 21 210
2 40 7 24 -7 41 0 0.00 0.0 3 13.2 20 210 M M 1 27 220
3 51 22 37 6 28 0 0.00 0.0 2 9.6 18 210 M M 6 23 200
4 47 18 33 2 32 0 0.00 0.0 1 14.3 30 310 M M 4 46 300
5 34 1 18 -13 47 0 0.18 3.1 1 9.5 24 20 M M 7 1 29 30
6 27 -2 13 -19 52 0 0.05 1.4 4 5.6 15 160 M M 8 1 20 60
7 57 18 38 6 27 0 0.00 0.0 3 8.8 16 220 M M 6 22 210
8 43 24 34 2 31 0 T T T 9.5 17 20 M M 7 22 40
9 34 19 27 -5 38 0 0.00 0.0 T 6.5 14 200 M M 4 12 19 230
10 56 24 40 8 25 0 0.00 0.0 0 11.1 18 210 M M 1 22 210
11 57 30 44 12 21 0 0.00 0.0 0 10.2 18 80 M M 4 23 80
12 58 30 44 12 21 0 0.00 0.0 0 7.6 14 200 M M 7 18 290
13 62 34 48 16 17 0 0.00 0.0 0 9.0 16 130 M M 5 20 140
14 45 24 35 3 30 0 T T 0 20.6 36 360 M M 7 49 10
15 50 18 34 2 31 0 0.00 0.0 0 8.7 17 270 M M 4 26 280
16 57 22 40 8 25 0 0.00 0.0 0 9.4 25 70 M M 5 30 70
17 62 24 43 11 22 0 0.00 0.0 0 9.7 17 220 M M 6 19 200
18 58 24 41 9 24 0 0.00 0.0 0 8.7 15 270 M M 7 18 260
19 31 17 24 -8 41 0 0.01 T 0 9.4 17 80 M M 10 126 21 70
20 39 16 28 -4 37 0 T T T 4.7 15 50 M M 7 128 19 50
21 36 16 26 -6 39 0 0.02 T T 5.7 16 30 M M 9 1 25 50
22 44 17 31 -1 34 0 0.00 0.0 0 7.5 17 170 M M 3 23 170
23 52 21 37 5 28 0 0.00 0.0 0 8.2 15 220 M M 2 18 220
24 45 22 34 2 31 0 0.00 0.0 0 7.9 18 50 M M 4 23 40
25 30 4 17 -15 48 0 0.25 5.0 T 11.0 21 360 M M 7 128 26 30
26 35 5 20 -12 45 0 0.00 0.0 4 7.9 16 160 M M 3 19 170
27 29 4 17 -15 48 0 0.15 2.8 3 10.3 21 10 M M 7 12 26 30
28 43 5 24 -8 41 0 0.00 0.0 3 13.0 22 210 M M 1 24 210
29 56 22 39 7 26 0 0.00 0.0 2 8.8 18 210 M M 2 8 21 210
30 53 15 34 3 31 0 0.00 0.0 1 7.5 17 220 M M 2 21 220
31 60 24 42 11 23 0 0.00 0.0 1 11.1 26 270 M M 3 42 280
================================================================================
SM 1399 516 1049 0 0.78 13.4 292.6 M 156
================================================================================
AV 45.1 16.6 9.4 FASTST M M 5 MAX(MPH)
MISC ----> 36 360 49 10
================================================================================
NOTES:
# LAST OF SEVERAL OCCURRENCES
COLUMN 17 PEAK WIND IN M.P.H.
PRELIMINARY LOCAL CLIMATOLOGICAL DATA (WS FORM: F-6) , PAGE 2
STATION: DENVER CO
MONTH: JANUARY
YEAR: 2022
LATITUDE: 39 52 N
LONGITUDE: 104 40 W
[TEMPERATURE DATA] [PRECIPITATION DATA] SYMBOLS USED IN COLUMN 16
AVERAGE MONTHLY: 30.9 TOTAL FOR MONTH: 0.78 1 = FOG OR MIST
DPTR FM NORMAL: -0.8 DPTR FM NORMAL: 0.40 2 = FOG REDUCING VISIBILITY
HIGHEST: 62 ON 17,13 GRTST 24HR 0.25 ON 25-25 TO 1/4 MILE OR LESS
LOWEST: -9 ON 1 3 = THUNDER
SNOW, ICE PELLETS, HAIL 4 = ICE PELLETS
TOTAL MONTH: 17.9 INCHES 5 = HAIL
GRTST 24HR 5.0 ON 25-25 6 = FREEZING RAIN OR DRIZZLE
GRTST DEPTH: 4 ON 6,26 7 = DUSTSTORM OR SANDSTORM:
VSBY 1/2 MILE OR LESS
8 = SMOKE OR HAZE
[NO. OF DAYS WITH] [WEATHER - DAYS WITH] 9 = BLOWING SNOW
X = TORNADO
MAX 32 OR BELOW: 5 0.01 INCH OR MORE: 7
MAX 90 OR ABOVE: 0 0.10 INCH OR MORE: 4
MIN 32 OR BELOW: 30 0.50 INCH OR MORE: 0
MIN 0 OR BELOW: 2 1.00 INCH OR MORE: 0
[HDD (BASE 65) ]
TOTAL THIS MO. 1049 CLEAR (SCALE 0-3) 10
DPTR FM NORMAL 15 PTCLDY (SCALE 4-7) 18
TOTAL FM JUL 1 2823 CLOUDY (SCALE 8-10) 3
DPTR FM NORMAL -579
[CDD (BASE 65) ]
TOTAL THIS MO. 0
DPTR FM NORMAL 0 [PRESSURE DATA]
TOTAL FM JAN 1 0 HIGHEST SLP 30.67 ON 9
DPTR FM NORMAL 0 LOWEST SLP 29.46 ON 7
[REMARKS]
#FINAL-01-22#