000
CXUS55 KCYS 171326
CF6DGW
PRELIMINARY LOCAL CLIMATOLOGICAL DATA (WS FORM: F-6)
STATION: CONVERSE CO (DOUGLAS) WY ARPT
MONTH: NOVEMBER
YEAR: 2021
LATITUDE: 42 46 N
LONGITUDE: 105 22 W
TEMPERATURE IN F: :PCPN: SNOW: WIND :SUNSHINE: SKY :PK WND
================================================================================
1 2 3 4 5 6A 6B 7 8 9 10 11 12 13 14 15 16 17 18
12Z AVG MX 2MIN
DY MAX MIN AVG DEP HDD CDD WTR SNW DPTH SPD SPD DIR MIN PSBL S-S WX SPD DR
================================================================================
1 36 29 33 -7 32 0 T M M 5.3 14 160 M M 10 1 18 140
2 43 26 35 -4 30 0 0.00 M M 6.7 14 150 M M 6 12 16 150
3 59 22 41 2 24 0 0.00 M M 3.7 20 320 M M 2 12 24 320
4 69 26 48 10 17 0 0.00 M M 4.2 21 250 M M 0 28 250
5 64 30 47 9 18 0 0.00 M M 14.8 38 280 M M 0 55 270
6 71 30 51 13 14 0 0.00 M M 6.9 25 270 M M 0 32 270
7 66 34 50 13 15 0 0.00 M M 9.2 28 290 M M 1 35 280
8 52 32 42 5 23 0 T M M 9.8 25 150 M M 4 32 160
9 57 26 42 5 23 0 0.00 M M 11.3 23 250 M M 2 30 230
10 47 28 38 2 27 0 0.42 M M 10.0 22 290 M M 8 1 30 290
11 42 23 33 -3 32 0 T M M 15.3 32 300 M M 7 40 300
12 52 22 37 1 28 0 0.00 M M 10.6 23 330 M M 4 28 320
13 61 31 46 11 19 0 0.00 M M 14.9 38 280 M M 3 49 290
14 63 27 45 10 20 0 0.00 M M 15.1 35 260 M M 3 47 280
15 67 42 55 21 10 0 0.00 M M 14.6 37 280 M M 0 48 280
16 62 27 45 11 20 0 0.01 M M 25.5 49 270 M M 2 66 280
17 36 15 26 -8 39 0 0.00 M M 11.2 28 280 M M 3 35 290
18 52 9 31 -2 34 0 0.00 M M 5.9 28 270 M M 0 37 270
19 59 38 49 16 16 0 0.00 M M 15.4 33 270 M M 2 44 280
20 49 25 37 5 28 0 T M M 4.6 21 260 M M 3 26 260
21 50 22 36 4 29 0 0.00 M M 5.8 25 280 M M 2 31 280
22 63 25 44 13 21 0 0.00 M M 7.9 21 290 M M 0 28 300
23 61 28 45 14 20 0 0.00 M M 13.0 39 280 M M 0 50 270
24 39 13 26 -5 39 0 0.02 M M 9.2 23 350 M M 7 1 34 350
25 50 9 30 0 35 0 0.00 M M 7.6 23 280 M M 0 18 31 270
26 57 34 46 16 19 0 0.00 M M 12.0 29 270 M M 1 36 270
27 47 22 35 6 30 0 0.00 M M 4.5 12 320 M M 1 14 330
28 62 19 41 12 24 0 0.00 M M 11.1 33 280 M M 0 46 280
29 64 37 51 23 14 0 0.00 M M 11.4 28 270 M M 0 8 38 270
30 54 26 40 12 25 0 T M M 8.5 26 290 M M 3 12 34 300
================================================================================
SM 1654 777 725 0 0.45 M 306.0 M 74
================================================================================
AV 55.1 25.9 10.2 FASTST M M 2 MAX(MPH)
MISC ----> 49 270 66 280
================================================================================
NOTES:
# LAST OF SEVERAL OCCURRENCES
COLUMN 17 PEAK WIND IN M.P.H.
PRELIMINARY LOCAL CLIMATOLOGICAL DATA (WS FORM: F-6) , PAGE 2
STATION: CONVERSE CO (DOUGLAS) WY ARPT
MONTH: NOVEMBER
YEAR: 2021
LATITUDE: 42 46 N
LONGITUDE: 105 22 W
[TEMPERATURE DATA] [PRECIPITATION DATA] SYMBOLS USED IN COLUMN 16
AVERAGE MONTHLY: 40.5 TOTAL FOR MONTH: 0.45 1 = FOG OR MIST
DPTR FM NORMAL: 6.5 DPTR FM NORMAL: 0.10 2 = FOG REDUCING VISIBILITY
HIGHEST: 71 ON 6 GRTST 24HR 0.42 ON 10-10 TO 1/4 MILE OR LESS
LOWEST: 9 ON 25,18 3 = THUNDER
SNOW, ICE PELLETS, HAIL 4 = ICE PELLETS
TOTAL MONTH: M 5 = HAIL
GRTST 24HR M ON M 6 = FREEZING RAIN OR DRIZZLE
GRTST DEPTH: M ON M 7 = DUSTSTORM OR SANDSTORM:
VSBY 1/2 MILE OR LESS
8 = SMOKE OR HAZE
[NO. OF DAYS WITH] [WEATHER - DAYS WITH] 9 = BLOWING SNOW
X = TORNADO
MAX 32 OR BELOW: 0 0.01 INCH OR MORE: 3
MAX 90 OR ABOVE: 0 0.10 INCH OR MORE: 1
MIN 32 OR BELOW: 25 0.50 INCH OR MORE: 0
MIN 0 OR BELOW: 0 1.00 INCH OR MORE: 0
[HDD (BASE 65) ]
TOTAL THIS MO. 725 CLEAR (SCALE 0-3) 21
DPTR FM NORMAL -205 PTCLDY (SCALE 4-7) 8
TOTAL FM JUL 1 1402 CLOUDY (SCALE 8-10) 1
DPTR FM NORMAL -365
[CDD (BASE 65) ]
TOTAL THIS MO. 0
DPTR FM NORMAL 0 [PRESSURE DATA]
TOTAL FM JAN 1 715 HIGHEST SLP 30.54 ON 25
DPTR FM NORMAL 203 LOWEST SLP 29.47 ON 16
[REMARKS]
#FINAL-11-21#