000
CXUS53 KBIS 010830
CF6DIK
PRELIMINARY LOCAL CLIMATOLOGICAL DATA (WS FORM: F-6)
STATION: DICKINSON ND
MONTH: MARCH
YEAR: 2023
LATITUDE: 46 47 N
LONGITUDE: 102 48 W
TEMPERATURE IN F: :PCPN: SNOW: WIND :SUNSHINE: SKY :PK WND
================================================================================
1 2 3 4 5 6A 6B 7 8 9 10 11 12 13 14 15 16 17 18
12Z AVG MX 2MIN
DY MAX MIN AVG DEP HDD CDD WTR SNW DPTH SPD SPD DIR MIN PSBL S-S WX SPD DR
================================================================================
1 16 4 10 -14 55 0 M M M 11.0 20 30 M M 6 18 24 40
2 34 10 22 -2 43 0 0.00 M M 14.8 23 180 M M 3 1 30 190
3 35 15 25 0 40 0 0.00 M M 12.5 24 270 M M 1 31 270
4 33 12 23 -2 42 0 0.00 M M 9.2 17 220 M M 0 20 220
5 29 16 23 -3 42 0 M M M 16.7 28 90 M M 9 12 35 90
6 16 3 10 -16 55 0 T M M 14.7 23 40 M M 8 1 28 30
7 8 1 5 -21 60 0 T M M 12.9 23 80 M M 10 18 28 80
8 14 7 11 -16 54 0 M M M 9.6 17 80 M M 10 1 20 80
9 18 9 14 -13 51 0 T M M 11.2 21 70 M M 10 1 25 80
10 23 13 18 -10 47 0 0.08 M M 23.3 39 120 M M 10 12 51 120
11 27 9 18 -10 47 0 0.04 M M 23.7 35 320 M M 8 12 46 310
12 17 -5 6 -23 59 0 M M M 10.2 22 320 M M 5 1 27 320
13 20 -6 7 -22 58 0 0.00 M M 16.3 28 170 M M 0 18 33 160
14 41 14 28 -2 37 0 0.00 M M 12.6 25 310 M M 1 32 310
15 28 22 25 -5 40 0 M M M 14.2 29 30 M M 8 1 36 40
16 30 16 23 -7 42 0 M M M 15.6 24 300 M M 10 1 31 310
17 24 -2 11 -20 54 0 M M M 18.1 35 320 M M 4 189 44 330
18 23 -7 8 -23 57 0 0.00 M M 9.6 21 200 M M 0 1 25 200
19 34 10 22 -10 43 0 0.00 M M 10.6 21 290 M M 1 12 25 290
20 17 9 13 -19 52 0 M M M 12.7 18 100 M M 6 12 22 110
21 19 12 16 -17 49 0 M M M 10.2 20 110 M M 10 1 22 110
22 23 1 12 -21 53 0 0.00 M M 5.9 14 190 M M 7 12 16 280
23 34 3 19 -15 46 0 T M M 10.6 20 210 M M 0 1 23 200
24 37 18 28 -6 37 0 0.00 M M 7.4 15 190 M M 0 1 20 200
25 25 15 20 -14 45 0 T M M 7.8 14 40 M M 10 12 18 40
26 27 15 21 -14 44 0 T M M 5.1 15 30 M M 9 1 18 30
27 24 17 21 -14 44 0 T M M 9.1 20 200 M M 7 18 24 210
28 25 3 14 -21 51 0 T M M 9.9 22 220 M M 4 18 30 330
29 28 -4 12 -24 53 0 0.00 M M 9.2 15 150 M M 0 1 18 140
30 26 14 20 -16 45 0 0.00 M M 12.5 20 60 M M 8 26 50
31 31 13 22 -14 43 0 T M M 10.5 20 40 M M 6 1 27 40
================================================================================
SM 786 257 1488 0 0.12 M 377.7 M 171
================================================================================
AV 25.4 8.3 12.2 FASTST M M 6 MAX(MPH)
MISC ----> 39 120 51 120
================================================================================
NOTES:
# LAST OF SEVERAL OCCURRENCES
COLUMN 17 PEAK WIND IN M.P.H.
PRELIMINARY LOCAL CLIMATOLOGICAL DATA (WS FORM: F-6) , PAGE 2
STATION: DICKINSON ND
MONTH: MARCH
YEAR: 2023
LATITUDE: 46 47 N
LONGITUDE: 102 48 W
[TEMPERATURE DATA] [PRECIPITATION DATA] SYMBOLS USED IN COLUMN 16
AVERAGE MONTHLY: 16.8 TOTAL FOR MONTH: 0.12 1 = FOG OR MIST
DPTR FM NORMAL: -13.5 DPTR FM NORMAL: -0.44 2 = FOG REDUCING VISIBILITY
HIGHEST: 41 ON 14 GRTST 24HR 0.11 ON 10-11 TO 1/4 MILE OR LESS
LOWEST: -7 ON 18 3 = THUNDER
SNOW, ICE PELLETS, HAIL 4 = ICE PELLETS
TOTAL MONTH: M 5 = HAIL
GRTST 24HR M ON M 6 = FREEZING RAIN OR DRIZZLE
GRTST DEPTH: M ON M 7 = DUSTSTORM OR SANDSTORM:
VSBY 1/2 MILE OR LESS
8 = SMOKE OR HAZE
[NO. OF DAYS WITH] [WEATHER - DAYS WITH] 9 = BLOWING SNOW
X = TORNADO
MAX 32 OR BELOW: 24 0.01 INCH OR MORE: 2
MAX 90 OR ABOVE: 0 0.10 INCH OR MORE: 0
MIN 32 OR BELOW: 31 0.50 INCH OR MORE: 0
MIN 0 OR BELOW: 5 1.00 INCH OR MORE: 0
[HDD (BASE 65) ]
TOTAL THIS MO. 1488 CLEAR (SCALE 0-3) 9
DPTR FM NORMAL 414 PTCLDY (SCALE 4-7) 13
TOTAL FM JUL 1 7853 CLOUDY (SCALE 8-10) 9
DPTR FM NORMAL 594
[CDD (BASE 65) ]
TOTAL THIS MO. 0
DPTR FM NORMAL 0 [PRESSURE DATA]
TOTAL FM JAN 1 0 HIGHEST SLP M ON M
DPTR FM NORMAL 0 LOWEST SLP 29.55 ON 11
[REMARKS]
#FINAL-03-23#