000
CXUS53 KBIS 010830
CF6DIK
PRELIMINARY LOCAL CLIMATOLOGICAL DATA (WS FORM: F-6)
STATION: DICKINSON ND
MONTH: MAY
YEAR: 2022
LATITUDE: 46 47 N
LONGITUDE: 102 48 W
TEMPERATURE IN F: :PCPN: SNOW: WIND :SUNSHINE: SKY :PK WND
================================================================================
1 2 3 4 5 6A 6B 7 8 9 10 11 12 13 14 15 16 17 18
12Z AVG MX 2MIN
DY MAX MIN AVG DEP HDD CDD WTR SNW DPTH SPD SPD DIR MIN PSBL S-S WX SPD DR
================================================================================
1 58 30 44 -3 21 0 0.00 M M 10.8 25 20 M M 1 31 20
2 59 33 46 -1 19 0 0.00 M M 9.3 17 90 M M 5 23 80
3 54 31 43 -5 22 0 0.00 M M 15.2 23 140 M M 3 12 29 130
4 65 34 50 2 15 0 0.00 M M 10.2 18 170 M M 1 29 190
5 72 36 54 6 11 0 0.00 M M 13.2 24 160 M M 0 1 32 170
6 78 44 61 12 4 0 0.00 M M 13.8 24 270 M M 2 35 280
7 74 38 56 7 9 0 0.00 M M 17.2 36 300 M M 1 8 43 300
8 66 34 50 0 15 0 T M M 7.4 28 320 M M 2 36 330
9 53 38 46 -4 19 0 0.09 M M 14.4 30 280 M M 5 1 39 270
10 66 35 51 0 14 0 0.00 M M 12.7 24 240 M M 1 34 210
11 53 46 50 -1 15 0 0.06 M M 15.7 30 40 M M 9 1 40 40
12 52 45 49 -2 16 0 0.98 M M 18.0 37 280 M M 9 123 50 280
13 59 41 50 -2 15 0 0.10 M M 28.3 45 260 M M 8 13 64 240
14 64 38 51 -1 14 0 0.00 M M 18.0 32 270 M M 2 43 280
15 69 38 54 1 11 0 0.00 M M 12.4 26 300 M M 0 40 310
16 76 37 57 4 8 0 0.00 M M 9.8 20 110 M M 3 25 110
17 77 46 62 9 3 0 0.00 M M 11.5 21 290 M M 1 27 290
18 67 44 56 2 9 0 T M M 13.1 32 280 M M 1 43 290
19 57 40 49 -5 16 0 0.32 M M 16.4 39 280 M M 7 138 53 280
20 43 34 39 -16 26 0 0.16 M M 17.7 28 300 M M 10 1 39 320
21 44 31 38 -17 27 0 0.02 M M 9.0 17 350 M M 9 24 340
22 57 30 44 -11 21 0 0.00 M M 7.8 15 270 M M 2 17 270
23 66 38 52 -4 13 0 0.00 M M 7.2 23 170 M M 4 28 180
24 66 35 51 -5 14 0 0.34 M M 9.5 30 180 M M 4 38 180
25 73 41 57 1 8 0 0.00 M M 8.9 17 170 M M 3 23 170
26 75 47 61 4 4 0 0.00 M M 11.6 26 310 M M 0 36 300
27 79 46 63 6 2 0 0.24 M M 8.6 22 160 M M 4 13 29 150
28 75 49 62 4 3 0 T M M 8.3 29 280 M M 6 1 38 280
29 70 50 60 2 5 0 0.00 M M 11.5 23 300 M M 6 1 31 330
30 57 49 53 -5 12 0 0.04 M M 16.2 26 330 M M 8 1 39 350
31 62 40 51 -7 14 0 T M M 19.3 33 320 M M 5 1 45 330
================================================================================
SM 1986 1218 405 0 2.35 M 403.0 M 122
================================================================================
AV 64.1 39.3 13.0 FASTST M M 4 MAX(MPH)
MISC ----> 45 260 64 240
================================================================================
NOTES:
# LAST OF SEVERAL OCCURRENCES
COLUMN 17 PEAK WIND IN M.P.H.
PRELIMINARY LOCAL CLIMATOLOGICAL DATA (WS FORM: F-6) , PAGE 2
STATION: DICKINSON ND
MONTH: MAY
YEAR: 2022
LATITUDE: 46 47 N
LONGITUDE: 102 48 W
[TEMPERATURE DATA] [PRECIPITATION DATA] SYMBOLS USED IN COLUMN 16
AVERAGE MONTHLY: 51.7 TOTAL FOR MONTH: 2.35 1 = FOG OR MIST
DPTR FM NORMAL: -1.2 DPTR FM NORMAL: -0.20 2 = FOG REDUCING VISIBILITY
HIGHEST: 79 ON 27 GRTST 24HR 0.99 ON 12-13 TO 1/4 MILE OR LESS
LOWEST: 30 ON 22, 1 3 = THUNDER
SNOW, ICE PELLETS, HAIL 4 = ICE PELLETS
TOTAL MONTH: M 5 = HAIL
GRTST 24HR M ON M 6 = FREEZING RAIN OR DRIZZLE
GRTST DEPTH: M ON M 7 = DUSTSTORM OR SANDSTORM:
VSBY 1/2 MILE OR LESS
8 = SMOKE OR HAZE
[NO. OF DAYS WITH] [WEATHER - DAYS WITH] 9 = BLOWING SNOW
X = TORNADO
MAX 32 OR BELOW: 0 0.01 INCH OR MORE: 10
MAX 90 OR ABOVE: 0 0.10 INCH OR MORE: 6
MIN 32 OR BELOW: 4 0.50 INCH OR MORE: 1
MIN 0 OR BELOW: 0 1.00 INCH OR MORE: 0
[HDD (BASE 65) ]
TOTAL THIS MO. 405 CLEAR (SCALE 0-3) 15
DPTR FM NORMAL 21 PTCLDY (SCALE 4-7) 12
TOTAL FM JUL 1 8048 CLOUDY (SCALE 8-10) 4
DPTR FM NORMAL -300
[CDD (BASE 65) ]
TOTAL THIS MO. 0
DPTR FM NORMAL -8 [PRESSURE DATA]
TOTAL FM JAN 1 0 HIGHEST SLP M ON M
DPTR FM NORMAL -8 LOWEST SLP 29.29 ON 7
[REMARKS]
#FINAL-05-22#