000
CXUS53 KBIS 010830
CF6DIK
PRELIMINARY LOCAL CLIMATOLOGICAL DATA (WS FORM: F-6)
STATION: DICKINSON ND
MONTH: APRIL
YEAR: 2021
LATITUDE: 46 47 N
LONGITUDE: 102 48 W
TEMPERATURE IN F: :PCPN: SNOW: WIND :SUNSHINE: SKY :PK WND
================================================================================
1 2 3 4 5 6A 6B 7 8 9 10 11 12 13 14 15 16 17 18
12Z AVG MX 2MIN
DY MAX MIN AVG DEP HDD CDD WTR SNW DPTH SPD SPD DIR MIN PSBL S-S WX SPD DR
================================================================================
1 70 22 46 10 19 0 0.00 M M 13.8 24 210 M M 0 41 250
2 72 34 53 16 12 0 0.00 M M 11.9 24 290 M M 0 32 330
3 77 38 58 21 7 0 0.00 M M 12.4 25 310 M M 0 33 300
4 76 34 55 17 10 0 0.00 M M 8.2 21 100 M M 0 27 170
5 60 37 49 11 16 0 0.00 M M 11.3 23 360 M M 0 31 350
6 53 29 41 3 24 0 0.00 M M 5.3 13 30 M M 3 19 160
7 65 26 46 7 19 0 0.00 M M 7.1 16 40 M M 0 23 360
8 73 26 50 11 15 0 0.00 M M 8.6 35 320 M M 2 43 320
9 55 23 39 -1 26 0 0.00 M M 18.6 33 320 M M 3 44 330
10 71 25 48 8 17 0 0.00 M M 11.9 37 320 M M 1 47 320
11 42 31 37 -4 28 0 0.02 M M 22.3 37 300 M M 9 1 50 320
12 34 24 29 -12 36 0 M M M 25.7 37 300 M M 10 1 46 290
13 31 23 27 -14 38 0 T M M 19.9 30 320 M M 10 1 39 320
14 39 21 30 -12 35 0 T M M 7.6 15 340 M M 9 1 20 330
15 42 28 35 -7 30 0 T M M 5.0 12 10 M M 10 18 16 10
16 46 25 36 -7 29 0 T M M 7.9 16 20 M M 7 1 23 30
17 59 23 41 -2 24 0 0.00 M M 8.3 17 300 M M 1 23 320
18 46 24 35 -8 30 0 0.00 M M 14.8 25 30 M M 6 34 30
19 41 18 30 -14 35 0 0.00 M M 8.6 20 330 M M 8 18 38 320
20 36 19 28 -16 37 0 T M M 11.0 20 20 M M 8 1 29 320
21 55 17 36 -8 29 0 0.00 M M 10.3 18 290 M M 0 24 250
22 62 23 43 -2 22 0 0.00 M M 11.7 24 180 M M 0 33 180
23 43 22 33 -12 32 0 0.00 M M 10.3 22 350 M M 9 30 340
24 54 21 38 -8 27 0 0.00 M M 9.8 21 170 M M 6 29 180
25 45 31 38 -8 27 0 M M M 15.0 25 120 M M 9 1 34 130
26 50 36 43 -3 22 0 0.01 M M 4.6 10 120 M M 9 12 M M
27 68 35 52 5 13 0 0.00 M M 6.4 14 190 M M 6 12 17 180
28 71 36 54 7 11 0 T M M 12.8 28 300 M M 5 8 40 310
29 72 26 49 1 16 0 0.00 M M 8.8 26 300 M M 2 34 330
30 85 39 62 14 3 0 0.00 M M 16.7 31 260 M M 1 54 240
================================================================================
SM 1693 816 689 0 0.03 M 346.6 M 134
================================================================================
AV 56.4 27.2 11.6 FASTST M M 4 MAX(MPH)
MISC ----> # 37 320 54 240
================================================================================
NOTES:
# LAST OF SEVERAL OCCURRENCES
COLUMN 17 PEAK WIND IN M.P.H.
PRELIMINARY LOCAL CLIMATOLOGICAL DATA (WS FORM: F-6) , PAGE 2
STATION: DICKINSON ND
MONTH: APRIL
YEAR: 2021
LATITUDE: 46 47 N
LONGITUDE: 102 48 W
[TEMPERATURE DATA] [PRECIPITATION DATA] SYMBOLS USED IN COLUMN 16
AVERAGE MONTHLY: 41.8 TOTAL FOR MONTH: 0.03 1 = FOG OR MIST
DPTR FM NORMAL: -0.5 DPTR FM NORMAL: -1.44 2 = FOG REDUCING VISIBILITY
HIGHEST: 85 ON 30 GRTST 24HR 0.02 ON 11-11 TO 1/4 MILE OR LESS
LOWEST: 17 ON 21 3 = THUNDER
SNOW, ICE PELLETS, HAIL 4 = ICE PELLETS
TOTAL MONTH: M 5 = HAIL
GRTST 24HR M ON M 6 = FREEZING RAIN OR DRIZZLE
GRTST DEPTH: M ON M 7 = DUSTSTORM OR SANDSTORM:
VSBY 1/2 MILE OR LESS
8 = SMOKE OR HAZE
[NO. OF DAYS WITH] [WEATHER - DAYS WITH] 9 = BLOWING SNOW
X = TORNADO
MAX 32 OR BELOW: 1 0.01 INCH OR MORE: 2
MAX 90 OR ABOVE: 0 0.10 INCH OR MORE: 0
MIN 32 OR BELOW: 22 0.50 INCH OR MORE: 0
MIN 0 OR BELOW: 0 1.00 INCH OR MORE: 0
[HDD (BASE 65) ]
TOTAL THIS MO. 689 CLEAR (SCALE 0-3) 15
DPTR FM NORMAL 7 PTCLDY (SCALE 4-7) 7
TOTAL FM JUL 1 7312 CLOUDY (SCALE 8-10) 8
DPTR FM NORMAL -749
[CDD (BASE 65) ]
TOTAL THIS MO. 0
DPTR FM NORMAL -1 [PRESSURE DATA]
TOTAL FM JAN 1 0 HIGHEST SLP M ON M
DPTR FM NORMAL -1 LOWEST SLP 29.49 ON 10
[REMARKS]
#FINAL-04-21#