000
CXUS54 KEPZ 221305
CF6DMN
PRELIMINARY LOCAL CLIMATOLOGICAL DATA (WS FORM: F-6)
STATION: DEMING
MONTH: DECEMBER
YEAR: 2022
LATITUDE: 32 15 N
LONGITUDE: 107 42 W
TEMPERATURE IN F: :PCPN: SNOW: WIND :SUNSHINE: SKY :PK WND
================================================================================
1 2 3 4 5 6A 6B 7 8 9 10 11 12 13 14 15 16 17 18
12Z AVG MX 2MIN
DY MAX MIN AVG DEP HDD CDD WTR SNW DPTH SPD SPD DIR MIN PSBL S-S WX SPD DR
================================================================================
1 66 31 49 4 16 0 0.00 M M 4.3 9 210 M M 0 14 190
2 72 34 53 8 12 0 0.00 M M 8.4 21 280 M M 0 28 260
3 65 39 52 8 13 0 0.22 M M 5.0 16 210 M M 4 13 27 210
4 59 45 52 8 13 0 0.16 M M 2.6 9 270 M M 6 1 13 90
5 68 47 58 14 7 0 0.00 M M 6.7 21 270 M M 5 12 29 270
6 66 42 54 10 11 0 0.00 M M 6.4 17 260 M M 2 25 260
7 64 39 52 9 13 0 T M M 4.6 10 160 M M 5 14 160
8 63 36 50 7 15 0 T M M 4.6 16 260 M M 1 23 240
9 62 36 49 6 16 0 0.00 M M 3.8 10 260 M M 0 16 250
10 64 29 47 4 18 0 0.00 M M 2.6 8 320 M M 0 12 250
11 65 27 46 3 19 0 0.00 M M 3.7 10 230 M M 0 15 190
12 62 29 46 4 19 0 0.01 M M 11.5 39 300 M M 4 8 51 250
13 46 31 39 -3 26 0 T M M 12.0 26 270 M M 4 1 35 300
14 46 25 36 -6 29 0 0.00 M M 12.1 23 280 M M 0 33 260
15 50 23 37 -5 28 0 0.00 M M 9.9 22 260 M M 0 28 250
16 49 26 38 -4 27 0 0.00 M M 5.8 22 30 M M 0 27 40
17 49 17 33 -9 32 0 0.00 M M 3.6 15 70 M M 0 18 70
18 43 28 36 -6 29 0 0.10 M M 4.6 9 70 M M 7 1 12 70
19 58 28 43 1 22 0 0.00 M M 5.7 20 250 M M 2 27 250
20 55 23 39 -2 26 0 0.00 M M 4.3 15 80 M M 0 19 90
21 59 24 42 1 23 0 0.00 M M 6.3 16 270 M M 0 22 250
22 61 29 45 4 20 0 0.00 M M 11.5 25 260 M M 0 37 270
23 42 21 32 -9 33 0 0.00 M M 10.2 20 80 M M 1 25 70
24 50 19 35 -6 30 0 0.00 M M 3.7 12 310 M M 0 14 300
25 57 22 40 -1 25 0 0.00 M M 5.0 9 240 M M 0 13 230
26 61 24 43 2 22 0 0.00 M M 5.8 20 80 M M 0 25 70
27 64 26 45 4 20 0 0.00 M M 6.0 14 240 M M 0 19 270
28 62 43 53 12 12 0 0.00 M M 17.7 33 280 M M 4 47 280
29 59 33 46 5 19 0 0.03 M M 7.2 21 250 M M 2 27 240
30 56 41 49 8 16 0 0.20 M M 7.9 23 280 M M 6 1 30 290
31 61 36 49 8 16 0 0.00 M M 11.1 23 270 M M 0 33 260
================================================================================
SM 1804 953 627 0 0.72 M 214.6 M 53
================================================================================
AV 58.2 30.7 6.9 FASTST M M 2 MAX(MPH)
MISC ----> 39 300 51 250
================================================================================
NOTES:
# LAST OF SEVERAL OCCURRENCES
COLUMN 17 PEAK WIND IN M.P.H.
PRELIMINARY LOCAL CLIMATOLOGICAL DATA (WS FORM: F-6) , PAGE 2
STATION: DEMING
MONTH: DECEMBER
YEAR: 2022
LATITUDE: 32 15 N
LONGITUDE: 107 42 W
[TEMPERATURE DATA] [PRECIPITATION DATA] SYMBOLS USED IN COLUMN 16
AVERAGE MONTHLY: 44.5 TOTAL FOR MONTH: 0.72 1 = FOG OR MIST
DPTR FM NORMAL: 2.2 DPTR FM NORMAL: -0.00 2 = FOG REDUCING VISIBILITY
HIGHEST: 72 ON 2 GRTST 24HR 0.23 ON 29-30 TO 1/4 MILE OR LESS
LOWEST: 17 ON 17 3 = THUNDER
SNOW, ICE PELLETS, HAIL 4 = ICE PELLETS
TOTAL MONTH: M 5 = HAIL
GRTST 24HR M ON M 6 = FREEZING RAIN OR DRIZZLE
GRTST DEPTH: M ON M 7 = DUSTSTORM OR SANDSTORM:
VSBY 1/2 MILE OR LESS
8 = SMOKE OR HAZE
[NO. OF DAYS WITH] [WEATHER - DAYS WITH] 9 = BLOWING SNOW
X = TORNADO
MAX 32 OR BELOW: 0 0.01 INCH OR MORE: 6
MAX 90 OR ABOVE: 0 0.10 INCH OR MORE: 4
MIN 32 OR BELOW: 19 0.50 INCH OR MORE: 0
MIN 0 OR BELOW: 0 1.00 INCH OR MORE: 0
[HDD (BASE 65) ]
TOTAL THIS MO. 627 CLEAR (SCALE 0-3) 22
DPTR FM NORMAL -78 PTCLDY (SCALE 4-7) 9
TOTAL FM JUL 1 1325 CLOUDY (SCALE 8-10) 0
DPTR FM NORMAL 61
[CDD (BASE 65) ]
TOTAL THIS MO. 0
DPTR FM NORMAL 0 [PRESSURE DATA]
TOTAL FM JAN 1 2024 HIGHEST SLP 30.44 ON 24
DPTR FM NORMAL 210 LOWEST SLP 29.61 ON 12
[REMARKS]
#FINAL-12-22#