000
CXUS53 KDMX 050300
CF6DSM
PRELIMINARY LOCAL CLIMATOLOGICAL DATA (WS FORM: F-6)
STATION: DES MOINES IA
MONTH: MAY
YEAR: 2022
LATITUDE: 41 31 N
LONGITUDE: 93 39 W
TEMPERATURE IN F: :PCPN: SNOW: WIND :SUNSHINE: SKY :PK WND
================================================================================
1 2 3 4 5 6A 6B 7 8 9 10 11 12 13 14 15 16 17 18
12Z AVG MX 2MIN
DY MAX MIN AVG DEP HDD CDD WTR SNW DPTH SPD SPD DIR MIN PSBL S-S WX SPD DR
================================================================================
1 52 43 48 -9 17 0 T 0.0 0 18.5 29 300 M M 10 40 300
2 48 42 45 -12 20 0 0.57 0.0 0 9.5 21 40 M M 9 1 26 40
3 51 43 47 -11 18 0 0.42 0.0 0 10.4 20 360 M M 10 1 29 360
4 60 41 51 -7 14 0 0.00 0.0 0 7.4 20 110 M M 9 25 100
5 62 51 57 -1 8 0 0.06 0.0 0 8.7 18 70 M M 10 1 24 80
6 68 51 60 1 5 0 0.01 0.0 0 6.6 13 130 M M 7 1 20 130
7 73 45 59 0 6 0 0.00 0.0 0 11.2 22 140 M M 3 31 130
8 67 56 62 3 3 0 0.02 0.0 0 12.9 37 150 M M 10 3 51 130
9 93 63 78 18 0 13 T 0.0 0 18.0 33 190 M M 6 3 44 200
10 90 68 79 19 0 14 0.00 0.0 0 8.8 17 180 M M 6 8 24 190
11 90 73 82 22 0 17 0.00 0.0 0 10.2 24 170 M M 5 18 31 170
12 92 71 82 21 0 17 0.00 0.0 0 15.3 38 280 M M 2 1 52 250
13 81 63 72 11 0 7 0.00 0.0 0 7.8 29 300 M M 7 8 44 290
14 88 55 72 10 0 7 0.05 0.0 0 5.8 18 320 M M 5 3 26 310
15 71 58 65 3 0 0 0.01 0.0 0 7.1 15 320 M M 6 22 320
16 81 52 67 5 0 2 0.00 0.0 0 8.6 21 260 M M 2 28 270
17 76 60 68 5 0 3 0.01 0.0 0 7.3 14 70 M M 8 21 110
18 81 59 70 7 0 5 0.24 0.0 0 7.2 15 360 M M 6 13 22 360
19 87 60 74 10 0 9 0.00 0.0 0 12.9 29 190 M M 8 42 170
20 73 54 64 0 1 0 T 0.0 0 12.6 28 320 M M 9 3 37 320
21 59 47 53 -11 12 0 0.00 0.0 0 9.9 20 10 M M 7 28 10
22 66 39 53 -12 12 0 0.00 0.0 0 10.7 25 320 M M 3 32 300
23 66 48 57 -8 8 0 0.00 0.0 0 8.5 16 70 M M 9 22 40
24 57 50 54 -11 11 0 0.87 0.0 0 11.3 24 50 M M 9 1 31 50
25 57 50 54 -12 11 0 0.51 0.0 0 10.7 21 20 M M 10 1 30 70
26 58 53 56 -10 9 0 0.00 0.0 0 9.8 21 340 M M 10 1 30 350
27 78 47 63 -3 2 0 0.00 0.0 0 6.1 15 360 M M 3 22 350
28 84 57 71 4 0 6 T 0.0 0 14.1 28 170 M M 5 37 190
29 84 68 76 9 0 11 0.01 0.0 0 17.0 29 190 M M 8 3 38 170
30 90 63 77 9 0 12 0.19 0.0 0 21.6 39 250 M M 7 13 53 250
31 79 63 71 3 0 6 T 0.0 0 10.9 22 290 M M 6 1 28 270
================================================================================
SM 2262 1693 157 129 2.97 0.0 337.4 M 215
================================================================================
AV 73.0 54.6 10.9 FASTST M M 7 MAX(MPH)
MISC ----> 39 250 53 250
================================================================================
NOTES:
# LAST OF SEVERAL OCCURRENCES
COLUMN 17 PEAK WIND IN M.P.H.
PRELIMINARY LOCAL CLIMATOLOGICAL DATA (WS FORM: F-6) , PAGE 2
STATION: DES MOINES IA
MONTH: MAY
YEAR: 2022
LATITUDE: 41 31 N
LONGITUDE: 93 39 W
[TEMPERATURE DATA] [PRECIPITATION DATA] SYMBOLS USED IN COLUMN 16
AVERAGE MONTHLY: 63.8 TOTAL FOR MONTH: 2.97 1 = FOG OR MIST
DPTR FM NORMAL: 1.4 DPTR FM NORMAL: -2.27 2 = FOG REDUCING VISIBILITY
HIGHEST: 93 ON 9 GRTST 24HR 1.09 ON 24-25 TO 1/4 MILE OR LESS
LOWEST: 39 ON 22 3 = THUNDER
SNOW, ICE PELLETS, HAIL 4 = ICE PELLETS
TOTAL MONTH: 0.0 INCH 5 = HAIL
GRTST 24HR 0.0 6 = FREEZING RAIN OR DRIZZLE
GRTST DEPTH: 0 7 = DUSTSTORM OR SANDSTORM:
VSBY 1/2 MILE OR LESS
8 = SMOKE OR HAZE
[NO. OF DAYS WITH] [WEATHER - DAYS WITH] 9 = BLOWING SNOW
X = TORNADO
MAX 32 OR BELOW: 0 0.01 INCH OR MORE: 13
MAX 90 OR ABOVE: 5 0.10 INCH OR MORE: 6
MIN 32 OR BELOW: 0 0.50 INCH OR MORE: 3
MIN 0 OR BELOW: 0 1.00 INCH OR MORE: 0
[HDD (BASE 65) ]
TOTAL THIS MO. 157 CLEAR (SCALE 0-3) 5
DPTR FM NORMAL 4 PTCLDY (SCALE 4-7) 14
TOTAL FM JUL 1 5977 CLOUDY (SCALE 8-10) 12
DPTR FM NORMAL -185
[CDD (BASE 65) ]
TOTAL THIS MO. 129
DPTR FM NORMAL 58 [PRESSURE DATA]
TOTAL FM JAN 1 130 HIGHEST SLP 30.39 ON 22
DPTR FM NORMAL 47 LOWEST SLP 29.26 ON 20
[REMARKS]
#FINAL-05-22#