000
CXUS53 KDMX 010920
CF6DSM
PRELIMINARY LOCAL CLIMATOLOGICAL DATA (WS FORM: F-6)
STATION: DES MOINES IA
MONTH: SEPTEMBER
YEAR: 2020
LATITUDE: 41 31 N
LONGITUDE: 93 39 W
TEMPERATURE IN F: :PCPN: SNOW: WIND :SUNSHINE: SKY :PK WND
================================================================================
1 2 3 4 5 6A 6B 7 8 9 10 11 12 13 14 15 16 17 18
12Z AVG MX 2MIN
DY MAX MIN AVG DEP HDD CDD WTR SNW DPTH SPD SPD DIR MIN PSBL S-S WX SPD DR
================================================================================
1 71 61 66 -5 0 1 0.10 0.0 0 7.7 16 60 M M 9 138 23 130
2 91 60 76 5 0 11 0.00 0.0 0 7.1 14 230 M M 2 1 21 270
3 81 57 69 -2 0 4 0.00 0.0 0 12.6 24 310 M M 1 31 320
4 84 51 68 -2 0 3 0.00 0.0 0 7.2 18 230 M M 2 31 230
5 88 59 74 4 0 9 0.00 0.0 0 6.8 17 190 M M 1 22 200
6 93 72 83 13 0 18 T 0.0 0 16.0 33 240 M M 7 46 200
7 77 51 64 -5 1 0 0.26 0.0 0 13.8 29 50 M M 7 13 40 50
8 53 46 50 -19 15 0 1.37 0.0 0 16.7 26 30 M M 10 13 39 40
9 51 46 49 -20 16 0 0.46 0.0 0 12.3 20 20 M M 8 1 26 20
10 54 48 51 -17 14 0 0.55 0.0 0 10.2 17 50 M M 10 1 23 50
11 60 53 57 -11 8 0 0.93 0.0 0 6.4 12 90 M M 10 123 21 80
12 69 55 62 -5 3 0 T 0.0 0 6.4 15 300 M M 8 1 19 290
13 77 49 63 -4 2 0 0.00 0.0 0 3.9 9 250 M M 3 12 14 300
14 79 54 67 1 0 2 0.00 0.0 0 6.2 13 190 M M 2 1 19 150
15 82 56 69 3 0 4 0.00 0.0 0 9.3 17 200 M M 2 27 190
16 81 58 70 4 0 5 0.00 0.0 0 8.7 17 350 M M 7 25 360
17 71 52 62 -3 3 0 0.00 0.0 0 7.5 14 40 M M 7 20 60
18 69 48 59 -6 6 0 0.00 0.0 0 6.1 13 40 M M 4 22 80
19 69 49 59 -5 6 0 0.00 0.0 0 10.4 18 160 M M 7 26 200
20 74 50 62 -2 3 0 0.00 0.0 0 12.2 22 160 M M 8 29 170
21 79 51 65 2 0 0 0.00 0.0 0 9.2 16 190 M M 3 22 180
22 80 54 67 4 0 2 0.00 0.0 0 6.7 15 180 M M 3 20 180
23 80 57 69 7 0 4 0.00 0.0 0 7.4 16 230 M M 6 1 22 230
24 82 60 71 9 0 6 0.00 0.0 0 10.0 18 220 M M 2 29 180
25 86 62 74 12 0 9 0.00 0.0 0 11.8 21 190 M M 4 29 180
26 87 65 76 15 0 11 0.00 0.0 0 13.6 25 210 M M 8 34 210
27 72 51 62 1 3 0 0.27 0.0 0 7.3 18 310 M M 8 1 25 320
28 63 49 56 -4 9 0 0.02 0.0 0 12.7 26 330 M M 7 38 340
29 66 46 56 -4 9 0 T 0.0 0 8.4 17 270 M M 8 23 280
30 70 51 61 2 4 0 0.00 0.0 0 13.0 32 280 M M 5 42 310
================================================================================
SM 2239 1621 102 89 3.96 0.0 287.6 M 169
================================================================================
AV 74.6 54.0 9.6 FASTST M M 6 MAX(MPH)
MISC ----> # 33 240 # 46 200
================================================================================
NOTES:
# LAST OF SEVERAL OCCURRENCES
COLUMN 17 PEAK WIND IN M.P.H.
PRELIMINARY LOCAL CLIMATOLOGICAL DATA (WS FORM: F-6) , PAGE 2
STATION: DES MOINES IA
MONTH: SEPTEMBER
YEAR: 2020
LATITUDE: 41 31 N
LONGITUDE: 93 39 W
[TEMPERATURE DATA] [PRECIPITATION DATA] SYMBOLS USED IN COLUMN 16
AVERAGE MONTHLY: 64.3 TOTAL FOR MONTH: 3.96 1 = FOG OR MIST
DPTR FM NORMAL: -1.3 DPTR FM NORMAL: 0.91 2 = FOG REDUCING VISIBILITY
HIGHEST: 93 ON 6 GRTST 24HR 1.37 ON 8- 8 TO 1/4 MILE OR LESS
LOWEST: 46 ON 29, 9 3 = THUNDER
SNOW, ICE PELLETS, HAIL 4 = ICE PELLETS
TOTAL MONTH: 0.0 INCH 5 = HAIL
GRTST 24HR 0.0 6 = FREEZING RAIN OR DRIZZLE
GRTST DEPTH: 0 7 = DUSTSTORM OR SANDSTORM:
VSBY 1/2 MILE OR LESS
8 = SMOKE OR HAZE
[NO. OF DAYS WITH] [WEATHER - DAYS WITH] 9 = BLOWING SNOW
X = TORNADO
MAX 32 OR BELOW: 0 0.01 INCH OR MORE: 8
MAX 90 OR ABOVE: 2 0.10 INCH OR MORE: 7
MIN 32 OR BELOW: 0 0.50 INCH OR MORE: 3
MIN 0 OR BELOW: 0 1.00 INCH OR MORE: 1
[HDD (BASE 65) ]
TOTAL THIS MO. 102 CLEAR (SCALE 0-3) 9
DPTR FM NORMAL 8 PTCLDY (SCALE 4-7) 16
TOTAL FM JUL 1 102 CLOUDY (SCALE 8-10) 5
DPTR FM NORMAL 2
[CDD (BASE 65) ]
TOTAL THIS MO. 89
DPTR FM NORMAL -24 [PRESSURE DATA]
TOTAL FM JAN 1 1188 HIGHEST SLP M ON M
DPTR FM NORMAL 136 LOWEST SLP 29.48 ON 26
[REMARKS]
#FINAL-09-20#