000
CXUS54 KFWD 010730
CF6DTO
PRELIMINARY LOCAL CLIMATOLOGICAL DATA (WS FORM: F-6)
STATION: DENTON
MONTH: JUNE
YEAR: 2023
LATITUDE: 33 12 N
LONGITUDE: 97 12 W
TEMPERATURE IN F: :PCPN: SNOW: WIND :SUNSHINE: SKY :PK WND
================================================================================
1 2 3 4 5 6A 6B 7 8 9 10 11 12 13 14 15 16 17 18
12Z AVG MX 2MIN
DY MAX MIN AVG DEP HDD CDD WTR SNW DPTH SPD SPD DIR MIN PSBL S-S WX SPD DR
================================================================================
1 90 67 79 1 0 14 0.00 M M 7.6 18 150 M M 1 26 130
2 92 66 79 1 0 14 0.00 M M 6.6 31 290 M M 4 46 280
3 92 64 78 0 0 13 0.00 M M 5.7 25 30 M M 3 35 60
4 88 61 75 -3 0 10 0.00 M M 5.9 17 20 M M 2 23 20
5 88 64 76 -2 0 11 0.47 M M 6.7 23 130 M M 4 13 32 140
6 92 64 78 -1 0 13 0.00 M M 4.5 23 160 M M 1 3 29 160
7 91 62 77 -2 0 12 0.01 M M 3.3 15 190 M M 2 3 21 240
8 93 65 79 0 0 14 0.00 M M 4.7 18 150 M M 1 26 150
9 96 66 81 2 0 16 0.00 M M 4.0 12 160 M M 1 17 160
10 96 72 84 4 0 19 0.00 M M 10.2 21 30 M M 0 3 29 30
11 98 69 84 4 0 19 T M M 6.5 21 150 M M 2 3 26 140
12 87 67 77 -3 0 12 0.05 M M 10.2 26 10 M M 5 13 34 10
13 77 68 73 -7 0 8 T M M 6.3 14 60 M M 9 13 21 90
14 93 73 83 3 0 18 T M M 4.4 15 30 M M 7 1 19 30
15 97 65 81 1 0 16 T M M 9.6 29 20 M M 3 13 40 20
16 95 72 84 3 0 19 0.00 M M 10.1 21 160 M M 5 29 150
17 96 69 83 2 0 18 T M M 7.1 20 160 M M 2 3 26 170
18 94 72 83 2 0 18 0.00 M M 7.5 28 20 M M 3 38 20
19 101 65 83 2 0 18 0.00 M M 9.2 18 150 M M 0 26 150
20 100 82 91 10 0 26 0.00 M M 10.5 17 160 M M 1 28 110
21 94 74 84 3 0 19 0.61 M M 10.0 25 70 M M 4 13 50 70
22 92 76 84 2 0 19 T M M 8.0 15 130 M M 2 25 70
23 91 74 83 1 0 18 T M M 10.2 28 30 M M 2 3 38 30
24 101 76 89 7 0 24 0.00 M M 15.4 28 160 M M 0 40 160
25 102 81 92 10 0 27 0.00 M M 10.4 20 160 M M 0 27 170
26 103 79 91 9 0 26 0.00 M M 9.4 21 170 M M 0 30 160
27 105 81 93 11 0 28 0.00 M M 11.3 22 160 M M 0 28 150
28 104 76 90 8 0 25 0.00 M M 12.0 23 160 M M 0 29 140
29 104 77 91 9 0 26 0.00 M M 12.4 21 170 M M 0 27 170
30 100 79 90 7 0 25 0.00 M M 12.1 22 160 M M 0 32 150
================================================================================
SM 2852 2126 0 545 1.14 M 251.8 M 64
================================================================================
AV 95.1 70.9 8.4 FASTST M M 2 MAX(MPH)
MISC ----> 31 290 50 70
================================================================================
NOTES:
# LAST OF SEVERAL OCCURRENCES
COLUMN 17 PEAK WIND IN M.P.H.
PRELIMINARY LOCAL CLIMATOLOGICAL DATA (WS FORM: F-6) , PAGE 2
STATION: DENTON
MONTH: JUNE
YEAR: 2023
LATITUDE: 33 12 N
LONGITUDE: 97 12 W
[TEMPERATURE DATA] [PRECIPITATION DATA] SYMBOLS USED IN COLUMN 16
AVERAGE MONTHLY: 83.0 TOTAL FOR MONTH: 1.14 1 = FOG OR MIST
DPTR FM NORMAL: 2.7 DPTR FM NORMAL: -2.53 2 = FOG REDUCING VISIBILITY
HIGHEST: 105 ON 27 GRTST 24HR 0.61 ON 21-21 TO 1/4 MILE OR LESS
LOWEST: 61 ON 4 3 = THUNDER
SNOW, ICE PELLETS, HAIL 4 = ICE PELLETS
TOTAL MONTH: M 5 = HAIL
GRTST 24HR M ON M 6 = FREEZING RAIN OR DRIZZLE
GRTST DEPTH: M ON M 7 = DUSTSTORM OR SANDSTORM:
VSBY 1/2 MILE OR LESS
8 = SMOKE OR HAZE
[NO. OF DAYS WITH] [WEATHER - DAYS WITH] 9 = BLOWING SNOW
X = TORNADO
MAX 32 OR BELOW: 0 0.01 INCH OR MORE: 4
MAX 90 OR ABOVE: 26 0.10 INCH OR MORE: 2
MIN 32 OR BELOW: 0 0.50 INCH OR MORE: 1
MIN 0 OR BELOW: 0 1.00 INCH OR MORE: 0
[HDD (BASE 65) ]
TOTAL THIS MO. 0 CLEAR (SCALE 0-3) 22
DPTR FM NORMAL 0 PTCLDY (SCALE 4-7) 7
TOTAL FM JUL 1 2375 CLOUDY (SCALE 8-10) 1
DPTR FM NORMAL -262
[CDD (BASE 65) ]
TOTAL THIS MO. 545
DPTR FM NORMAL 85 [PRESSURE DATA]
TOTAL FM JAN 1 907 HIGHEST SLP M ON M
DPTR FM NORMAL 102 LOWEST SLP 29.60 ON 15
[REMARKS]
#FINAL-06-23#