000
CXUS55 KTWC 012243
CLMDUG
CLIMATE REPORT
NATIONAL WEATHER SERVICE TUCSON AZ
343 PM MST MON APR 01 2024
...................................
...THE DOUGLAS AZ CLIMATE SUMMARY FOR THE MONTH OF MARCH 2024...
CLIMATE NORMAL PERIOD 1991 TO 2020
CLIMATE RECORD PERIOD 1948 TO 2024
WEATHER OBSERVED NORMAL DEPART LAST YEAR`S
VALUE DATE(S) VALUE FROM VALUE
NORMAL
..............................................................
TEMPERATURE (F)
RECORD
HIGH 92 03/12/1989
03/11/1989
LOW 13 03/04/1951
HIGHEST 81 03/28 83 -2
LOWEST 28 03/17 24 4
03/27
AVG. MAXIMUM 69.1 72.1 -3.0
AVG. MINIMUM 37.8 36.3 1.5
MEAN 53.4 54.2 -0.8
DAYS MAX >= 90 0 0.0 0.0
DAYS MAX >= 100 0
DAYS MIN <= 32 7 7.1 -0.1
DAYS MIN >= 80 0
PRECIPITATION (INCHES)
RECORD
MAXIMUM 2.17 1992
MINIMUM 0.00 2011
TOTALS 0.15 0.50 -0.35 0.05
DAILY AVG. 0.00 0.02 -0.02 0.00
DAYS >= .01 4 3.0 1.0 2
DAYS >= .10 0 1.4 -1.4 0
DAYS >= .50 0 0.2 -0.2 0
DAYS >= 1.00 0 0.0 0.0 0
GREATEST
24 HR. TOTAL 0.09 03/26 TO 03/26 0.03
DEGREE DAYS
HEATING TOTAL 353 335 18 359
SINCE 7/1 2297 2493 -196 MM
COOLING TOTAL 2 1 1 0
SINCE 1/1 2 1 1 MM
..............................................................
WIND (MPH)
AVERAGE WIND SPEED 10.2
HIGHEST WIND SPEED/DIRECTION 39/230 DATE 03/24
HIGHEST GUST SPEED/DIRECTION 50/170 DATE 03/15
50/250 03/24
AVERAGE RH (PERCENT) 44
- INDICATES NEGATIVE NUMBERS.
R INDICATES RECORD WAS SET OR TIED.
MM INDICATES DATA IS MISSING.
T INDICATES TRACE AMOUNT.
$$