000
CXUS53 KDVN 011624
CLSDVN
CLIMATE REPORT
NATIONAL WEATHER SERVICE QUAD CITIES IA IL
1035 AM CST FRI DEC 01 2023
...................................
...THE DAVENPORT IA CLIMATE SUMMARY FOR THE SEASON, FROM
9/1/2023 TO 11/30/2023...
CLIMATE NORMAL PERIOD 1991 TO 2020
CLIMATE RECORD PERIOD 9999 TO 9999
WEATHER OBSERVED NORMAL DEPART LAST YEAR`S
VALUE DATE(S) VALUE FROM VALUE
NORMAL
..............................................................
TEMPERATURE (F)
HIGHEST 95 09/04 80 15
LOWEST 4 11/28 23 -19
AVG. MAXIMUM 65.7 62.7 3.0
AVG. MINIMUM 43.9 41.6 2.3
MEAN 54.8 52.1 2.7
DAYS MAX >= 90 3
DAYS MAX <= 32 2
DAYS MIN <= 32 25
DAYS MIN <= 0 0
PRECIPITATION (INCHES)
TOTALS 6.81 8.42 -1.61
DAILY AVG. 0.07 0.09 -0.02
DAYS >= .01 22
DAYS >= .10 15
DAYS >= .50 5
DAYS >= 1.00 0
GREATEST
24 HR. TOTAL 1.60 10/11 TO 10/12
SNOWFALL (INCHES)
RECORDS
24 HR TOTAL MM MM
TOTALS 3.3
SINCE 7/1 3.3
SNOWDEPTH AVG. T
DAYS >= TRACE 5
DAYS >= 1.0 1
GREATEST
SNOW DEPTH 2 11/26
11/27
11/28
24 HR TOTAL 3.3 11/26 TO 11/26
DEGREE DAYS
HEATING TOTAL 1083 1282 -199
SINCE 7/1 1084 1295 -211
COOLING TOTAL 185 108 77
SINCE 1/1 1029 879 150
..............................................................
WIND (MPH)
AVERAGE WIND SPEED 9.0
HIGHEST WIND SPEED/DIRECTION 33/220 DATE 10/24
33/280 10/31
HIGHEST GUST SPEED/DIRECTION 48/230 DATE 09/24
SKY COVER
POSSIBLE SUNSHINE (PERCENT) MM
AVERAGE SKY COVER 0.35
NUMBER OF DAYS FAIR 54
NUMBER OF DAYS PC 20
NUMBER OF DAYS CLOUDY 17
AVERAGE RH (PERCENT) 68
WEATHER CONDITIONS. NUMBER OF DAYS WITH
THUNDERSTORM 9 HAIL 0
SLEET 0 FOG 37
FOG W/VIS <= 1/4 MILE 4 HAZE 14
- INDICATES NEGATIVE NUMBERS.
R INDICATES RECORD WAS SET OR TIED.
MM INDICATES DATA IS MISSING.
T INDICATES TRACE AMOUNT.
$$
NOTE: SUPPLEMENTAL CLIMATE DATA WAS USED FROM A NEARBY
CLIMATOLOGICALLY REPRESENTATIVE STATION.