000
CXUS55 KPSR 011005
CF6DVT
PRELIMINARY LOCAL CLIMATOLOGICAL DATA (WS FORM: F-6)
STATION: DEER VLY/PHOENIX AZ
MONTH: MAY
YEAR: 2021
LATITUDE: 33 41 N
LONGITUDE: 112 4 W
TEMPERATURE IN F: :PCPN: SNOW: WIND :SUNSHINE: SKY :PK WND
================================================================================
1 2 3 4 5 6A 6B 7 8 9 10 11 12 13 14 15 16 17 18
12Z AVG MX 2MIN
DY MAX MIN AVG DEP HDD CDD WTR SNW DPTH SPD SPD DIR MIN PSBL S-S WX SPD DR
================================================================================
1 96 69 83 9 0 18 0.00 M M 7.9 20 250 M M 0 32 180
2 90 67 79 5 0 14 0.00 M M 9.7 25 240 M M 0 31 250
3 87 63 75 1 0 10 0.00 M M 6.2 18 230 M M 0 25 220
4 91 63 77 3 0 12 0.00 M M 6.1 15 240 M M 0 19 240
5 96 65 81 6 0 16 0.00 M M 4.8 14 230 M M 0 19 240
6 98 66 82 7 0 17 0.00 M M 6.7 15 240 M M 0 20 250
7 93 62 78 3 0 13 0.00 M M 6.5 16 270 M M 0 21 250
8 91 61 76 0 0 11 0.00 M M 4.9 17 230 M M 0 25 210
9 92 61 77 1 0 12 0.00 M M 6.6 17 230 M M 0 21 220
10 92 63 78 2 0 13 0.00 M M 5.8 16 250 M M 0 18 270
11 92 60 76 -1 0 11 0.00 M M 5.4 14 190 M M 0 19 200
12 97 64 81 4 0 16 0.00 M M 5.5 13 220 M M 0 20 160
13 99 66 83 6 0 18 0.00 M M 5.5 15 260 M M 0 20 270
14 99 65 82 4 0 17 0.00 M M 5.4 17 250 M M 0 22 240
15 94 71 83 5 0 18 0.00 M M 9.2 21 250 M M 0 25 250
16 88 66 77 -1 0 12 0.00 M M 9.0 23 250 M M 0 33 270
17 86 64 75 -3 0 10 0.00 M M 5.8 15 220 M M 0 25 240
18 93 62 78 -1 0 13 0.00 M M 8.7 21 250 M M 0 27 240
19 98 67 83 4 0 18 0.00 M M 9.3 23 220 M M 0 29 220
20 96 73 85 6 0 20 0.00 M M 11.7 25 250 M M 1 33 190
21 82 63 73 -7 0 8 T M M 11.7 25 240 M M 3 33 200
22 80 56 68 -12 0 3 0.00 M M 9.1 25 230 M M 0 33 230
23 84 51 68 -12 0 3 0.00 M M 5.2 13 220 M M 0 17 250
24 91 59 75 -5 0 10 0.00 M M 4.1 13 220 M M 0 17 210
25 94 62 78 -3 0 13 0.00 M M 3.6 13 240 M M 0 18 210
26 93 66 80 -1 0 15 0.00 M M 4.3 14 230 M M 0 19 140
27 97 62 80 -1 0 15 0.00 M M 2.9 16 210 M M 0 8 20 210
28 98 65 82 0 0 17 0.00 M M 4.4 15 250 M M 0 22 260
29 99 64 82 0 0 17 0.00 M M 6.1 20 220 M M 0 27 200
30 97 65 81 -1 0 16 0.00 M M 4.9 17 220 M M 0 20 220
31 98 68 83 1 0 18 0.00 M M 4.8 16 220 M M 0 22 230
================================================================================
SM 2881 1979 0 424 T M 201.8 M 4
================================================================================
AV 92.9 63.8 6.5 FASTST M M 0 MAX(MPH)
MISC ----> # 25 240 # 33 270
================================================================================
NOTES:
# LAST OF SEVERAL OCCURRENCES
COLUMN 17 PEAK WIND IN M.P.H.
PRELIMINARY LOCAL CLIMATOLOGICAL DATA (WS FORM: F-6) , PAGE 2
STATION: DEER VLY/PHOENIX AZ
MONTH: MAY
YEAR: 2021
LATITUDE: 33 41 N
LONGITUDE: 112 4 W
[TEMPERATURE DATA] [PRECIPITATION DATA] SYMBOLS USED IN COLUMN 16
AVERAGE MONTHLY: 78.4 TOTAL FOR MONTH: T 1 = FOG OR MIST
DPTR FM NORMAL: 0.3 DPTR FM NORMAL: -0.19 2 = FOG REDUCING VISIBILITY
HIGHEST: 99 ON 29,14 GRTST 24HR T ON 21-21 TO 1/4 MILE OR LESS
LOWEST: 51 ON 23 3 = THUNDER
SNOW, ICE PELLETS, HAIL 4 = ICE PELLETS
TOTAL MONTH: M 5 = HAIL
GRTST 24HR M ON M 6 = FREEZING RAIN OR DRIZZLE
GRTST DEPTH: M ON M 7 = DUSTSTORM OR SANDSTORM:
VSBY 1/2 MILE OR LESS
8 = SMOKE OR HAZE
[NO. OF DAYS WITH] [WEATHER - DAYS WITH] 9 = BLOWING SNOW
X = TORNADO
MAX 32 OR BELOW: 0 0.01 INCH OR MORE: 0
MAX 90 OR ABOVE: 25 0.10 INCH OR MORE: 0
MIN 32 OR BELOW: 0 0.50 INCH OR MORE: 0
MIN 0 OR BELOW: 0 1.00 INCH OR MORE: 0
[HDD (BASE 65) ]
TOTAL THIS MO. 0 CLEAR (SCALE 0-3) 30
DPTR FM NORMAL -2 PTCLDY (SCALE 4-7) 1
TOTAL FM JUL 1 1202 CLOUDY (SCALE 8-10) 0
DPTR FM NORMAL 3
[CDD (BASE 65) ]
TOTAL THIS MO. 424
DPTR FM NORMAL 15 [PRESSURE DATA]
TOTAL FM JAN 1 727 HIGHEST SLP 30.01 ON 23
DPTR FM NORMAL 93 LOWEST SLP 29.45 ON 2
[REMARKS]
#FINAL-05-21#