000
CXUS55 KPSR 011005
CF6DVT
PRELIMINARY LOCAL CLIMATOLOGICAL DATA (WS FORM: F-6)
STATION: DEER VLY/PHOENIX AZ
MONTH: JULY
YEAR: 2020
LATITUDE: 33 41 N
LONGITUDE: 112 4 W
TEMPERATURE IN F: :PCPN: SNOW: WIND :SUNSHINE: SKY :PK WND
================================================================================
1 2 3 4 5 6A 6B 7 8 9 10 11 12 13 14 15 16 17 18
12Z AVG MX 2MIN
DY MAX MIN AVG DEP HDD CDD WTR SNW DPTH SPD SPD DIR MIN PSBL S-S WX SPD DR
================================================================================
1 101 72 87 -4 0 22 0.00 M M 8.4 21 260 M M 0 26 230
2 100 72 86 -5 0 21 0.00 M M 4.6 18 230 M M 1 24 230
3 103 83 93 2 0 28 0.00 M M 6.2 15 250 M M 0 19 250
4 107 80 94 3 0 29 0.00 M M 6.2 20 230 M M 0 25 250
5 110 78 94 3 0 29 0.00 M M 6.2 18 250 M M 0 22 240
6 109 75 92 0 0 27 0.00 M M 6.0 18 250 M M 0 26 240
7 108 78 93 1 0 28 0.00 M M 5.0 17 240 M M 0 22 230
8 107 82 95 3 0 30 0.00 M M 6.4 18 220 M M 0 23 220
9 107 83 95 3 0 30 0.00 M M 6.6 17 250 M M 0 22 250
10 111 87 99 7 0 34 0.00 M M 7.9 20 250 M M 0 26 270
11 114 87 101 9 0 36 0.00 M M 6.6 21 210 M M 0 3 28 210
12 113 88 101 9 0 36 0.00 M M 5.9 14 250 M M 0 18 260
13 111 90 101 9 0 36 0.00 M M 8.9 21 250 M M 0 8 26 220
14 107 86 97 5 0 32 0.00 M M 6.1 18 250 M M 0 27 210
15 106 85 96 4 0 31 0.00 M M 5.7 17 280 M M 0 23 280
16 108 85 97 5 0 32 0.00 M M 6.4 16 250 M M 0 21 230
17 105 84 95 3 0 30 0.00 M M 5.7 15 240 M M 0 8 19 280
18 108 84 96 4 0 31 0.00 M M 7.2 21 220 M M 0 29 250
19 105 84 95 3 0 30 0.00 M M 7.1 23 240 M M 0 27 240
20 97 89 93 1 0 28 0.00 M M 5.2 13 210 M M 1 16 230
21 106 86 96 4 0 31 0.00 M M 5.8 15 230 M M 1 21 230
22 105 83 94 2 0 29 0.00 M M 5.8 16 260 M M 0 8 20 280
23 97 85 91 -1 0 26 0.00 M M 8.1 22 130 M M 1 3 29 120
24 100 79 90 -2 0 25 T M M 8.1 25 70 M M 1 3 39 70
25 103 82 93 1 0 28 0.00 M M 5.4 15 240 M M 0 24 210
26 107 82 95 3 0 30 0.00 M M 4.7 14 210 M M 0 8 20 140
27 108 84 96 4 0 31 0.00 M M 6.5 15 90 M M 0 8 22 90
28 111 86 99 7 0 34 0.00 M M 4.9 17 270 M M 0 23 210
29 113 82 98 6 0 33 0.00 M M 7.7 18 270 M M 0 25 220
30 116 83 100 8 0 35 0.00 M M 6.8 20 250 M M 0 23 250
31 114 86 100 8 0 35 0.00 M M 7.6 16 260 M M 0 20 260
================================================================================
SM 3317 2570 0 937 T M 199.7 M 5
================================================================================
AV107.0 82.9 6.4 FASTST M M 0 MAX(MPH)
MISC ----> 25 70 39 70
================================================================================
NOTES:
# LAST OF SEVERAL OCCURRENCES
COLUMN 17 PEAK WIND IN M.P.H.
PRELIMINARY LOCAL CLIMATOLOGICAL DATA (WS FORM: F-6) , PAGE 2
STATION: DEER VLY/PHOENIX AZ
MONTH: JULY
YEAR: 2020
LATITUDE: 33 41 N
LONGITUDE: 112 4 W
[TEMPERATURE DATA] [PRECIPITATION DATA] SYMBOLS USED IN COLUMN 16
AVERAGE MONTHLY: 95.0 TOTAL FOR MONTH: T 1 = FOG OR MIST
DPTR FM NORMAL: 3.2 DPTR FM NORMAL: -1.25 2 = FOG REDUCING VISIBILITY
HIGHEST: 116 ON 30 GRTST 24HR T ON 24-24 TO 1/4 MILE OR LESS
LOWEST: 72 ON 2, 1 3 = THUNDER
SNOW, ICE PELLETS, HAIL 4 = ICE PELLETS
TOTAL MONTH: M 5 = HAIL
GRTST 24HR M ON M 6 = FREEZING RAIN OR DRIZZLE
GRTST DEPTH: M ON M 7 = DUSTSTORM OR SANDSTORM:
VSBY 1/2 MILE OR LESS
8 = SMOKE OR HAZE
[NO. OF DAYS WITH] [WEATHER - DAYS WITH] 9 = BLOWING SNOW
X = TORNADO
MAX 32 OR BELOW: 0 0.01 INCH OR MORE: 0
MAX 90 OR ABOVE: 31 0.10 INCH OR MORE: 0
MIN 32 OR BELOW: 0 0.50 INCH OR MORE: 0
MIN 0 OR BELOW: 0 1.00 INCH OR MORE: 0
[HDD (BASE 65) ]
TOTAL THIS MO. 0 CLEAR (SCALE 0-3) 31
DPTR FM NORMAL 0 PTCLDY (SCALE 4-7) 0
TOTAL FM JUL 1 0 CLOUDY (SCALE 8-10) 0
DPTR FM NORMAL 0
[CDD (BASE 65) ]
TOTAL THIS MO. 937
DPTR FM NORMAL 105 [PRESSURE DATA]
TOTAL FM JAN 1 2288 HIGHEST SLP 29.93 ON 3
DPTR FM NORMAL 165 LOWEST SLP 29.59 ON 28
[REMARKS]
#FINAL-07-20#