000
CXUS53 KGID 011156
CLMEAR
CLIMATE REPORT
NATIONAL WEATHER SERVICE HASTINGS NE
656 AM CDT MON MAY 01 2023
...................................
...THE KEARNEY NE CLIMATE SUMMARY FOR THE MONTH OF APRIL 2023...
CLIMATE NORMAL PERIOD 1991 TO 2020
CLIMATE RECORD PERIOD 1894 TO 2023
WEATHER OBSERVED NORMAL DEPART LAST YEAR`S
VALUE DATE(S) VALUE FROM VALUE DATE(S)
NORMAL
................................................................
TEMPERATURE (F)
HIGHEST 89 04/12 MM MM 89 04/12
04/13
04/22
LOWEST 18 04/06 MM MM 20 04/15
AVG. MAXIMUM 65.9 61.6 4.3 64.8
AVG. MINIMUM 34.9 35.6 -0.7 34.7
MEAN 50.4 48.6 1.8 49.7
DAYS MAX >= 90 0 MM MM 0
DAYS MAX <= 32 0 MM MM 0
DAYS MIN <= 32 11 MM MM 14
DAYS MIN <= 0 0 MM MM 0
PRECIPITATION (INCHES)
TOTALS 0.20 2.68 -2.48 1.78
DAILY AVG. 0.01 0.07 -0.06 0.06
DAYS >= .01 5 MM MM 5
DAYS >= .10 1 MM MM 3
DAYS >= .50 0 MM MM 1
DAYS >= 1.00 0 MM MM 1
GREATEST
24 HR. TOTAL 0.15 04/27 TO 04/28
DEGREE DAYS
HEATING TOTAL 444 496 -52 457
SINCE 7/1 5979 6262 -283 MM
COOLING TOTAL 14 7 7 9
SINCE 1/1 14 7 7 MM
................................................................
AVERAGE RH (PERCENT) 51
WEATHER CONDITIONS. NUMBER OF DAYS WITH
THUNDERSTORM 0 MIXED PRECIP 0
HEAVY RAIN 0 RAIN 1
LIGHT RAIN 5 FREEZING RAIN 0
LT FREEZING RAIN 0 HAIL 0
HEAVY SNOW 0 SNOW 0
LIGHT SNOW 0 SLEET 0
FOG 1 FOG W/VIS <= 1/4 MILE 0
HAZE 0
- INDICATES NEGATIVE NUMBERS.
R INDICATES RECORD WAS SET OR TIED.
MM INDICATES DATA IS MISSING.
T INDICATES TRACE AMOUNT.
&&
THE PRECIPITATION DATA SHOWN ABOVE IS RECORDED BY THE AUTOMATED
WEATHER OBSERVING SYSTEM AT THE KEARNEY AIRPORT. THE
PRECIPITATION IS DEPICTED FOR A CALENDAR DAY FROM MIDNIGHT TO
MIDNIGHT. SNOWFALL IS NOT RECORDED BY THAT SYSTEM.
THE OFFICIAL PRECIPITATION...SNOWFALL...AND SNOW DEPTH
OBSERVATION FOR KEARNEY IS RECORDED DAILY BY THE
COOPERATIVE OBSERVER AT 7 AM. THAT INFORMATION FOLLOWS...
...KEARNEY 4NE COOPERATIVE OBSERVER REPORT FOR APRIL 2023...
PRECIPITATION (IN)
MONTHLY TOTAL ...................... 0.20
YEAR TO DATE ....................... 4.24
SNOWFALL (IN)
MONTHLY TOTAL ...................... TRACE
SEASONAL TOTAL (SINCE JULY 1ST)..... 32.7
$$
REED