000
CXUS53 KMPX 032048
CF6EAU
PRELIMINARY LOCAL CLIMATOLOGICAL DATA (WS FORM: F-6)
STATION: EAU CLAIRE WI
MONTH: DECEMBER
YEAR: 2021
LATITUDE: 44 52 N
LONGITUDE: 91 29 W
TEMPERATURE IN F: :PCPN: SNOW: WIND :SUNSHINE: SKY :PK WND
================================================================================
1 2 3 4 5 6A 6B 7 8 9 10 11 12 13 14 15 16 17 18
12Z AVG MX 2MIN
DY MAX MIN AVG DEP HDD CDD WTR SNW DPTH SPD SPD DIR MIN PSBL S-S WX SPD DR
================================================================================
1 49 31 40 14 25 0 0.11 1.0 1 9.0 16 260 M M 6 1 27 240
2 47 34 41 15 24 0 T T 0 8.2 21 280 M M 2 1 30 290
3 38 30 34 9 31 0 0.18 0.8 1 3.3 10 280 M M 8 1 15 280
4 35 25 30 5 35 0 T T 0 6.9 18 310 M M 5 1 24 280
5 34 27 31 7 34 0 0.13 0.8 1 12.0 31 160 M M 10 18 41 140
6 31 -3 14 -10 51 0 T T 1 15.4 31 310 M M 5 8 44 310
7 14 2 8 -16 57 0 0.09 3.0 1 5.0 9 160 M M 8 1 12 140
8 23 -6 9 -14 56 0 0.00 0.0 4 3.8 13 140 M M 4 19 140
9 32 20 26 3 39 0 0.01 0.1 3 7.2 17 130 M M 6 18 26 120
10 32 19 26 4 39 0 0.40 6.9 1 6.6 18 60 M M 8 128 25 60
11 32 16 24 2 41 0 0.10 2.0 9 11.6 22 320 M M 3 12 35 340
12 38 14 26 4 39 0 0.00 0.0 8 7.3 16 210 M M 0 8 22 220
13 41 17 29 8 36 0 0.00 0.0 7 3.0 10 260 M M 0 1 12 270
14 42 20 31 10 34 0 0.00 0.0 5 9.3 20 110 M M 2 1 28 130
15 58 39 49 28 16 0 0.37 0.0 3 9.3 43 190 M M 9 1238 66 160
16 53 16 35 15 30 0 0.04 0.1 T 20.1 47 220 M M 7 168 65 220
17 19 11 15 -5 50 0 0.00 0.0 T 6.7 13 290 M M 6 19 270
18 24 18 21 1 44 0 0.06 0.9 1 5.6 12 340 M M 8 1 16 320
19 28 18 23 4 42 0 0.00 0.0 1 9.7 18 170 M M 8 27 180
20 30 10 20 1 45 0 0.00 0.0 1 7.4 18 290 M M 2 18 25 300
21 20 9 15 -4 50 0 0.04 0.7 1 8.7 21 280 M M 8 1 28 290
22 19 -3 8 -11 57 0 0.00 0.0 1 3.9 10 150 M M 3 18 15 310
23 37 14 26 8 39 0 0.03 0.0 1 3.5 13 300 M M 3 168 15 310
24 39 14 27 9 38 0 0.01 0.0 T 3.9 15 160 M M 6 128 21 160
25 34 21 28 10 37 0 0.00 0.0 0 5.4 16 290 M M 5 22 290
26 30 15 23 5 42 0 0.08 0.4 0 10.3 25 100 M M 5 12 37 80
27 35 8 22 5 43 0 0.20 0.9 2 13.6 30 260 M M 6 16 39 250
28 24 7 16 -1 49 0 0.27 2.6 2 6.4 15 90 M M 8 1268 21 290
29 22 -5 9 -8 56 0 T T 4 5.0 21 280 M M 4 18 28 280
30 26 6 16 -1 49 0 T 0.1 4 5.8 14 150 M M 10 18 20 160
31 27 7 17 1 48 0 0.00 0.0 4 6.6 14 340 M M 7 18 20 360
================================================================================
SM 1013 451 1276 0 2.12 20.3 240.5 M 172
================================================================================
AV 32.7 14.5 7.8 FASTST M M 6 MAX(MPH)
MISC ----> 47 220 66 160
================================================================================
NOTES:
# LAST OF SEVERAL OCCURRENCES
COLUMN 17 PEAK WIND IN M.P.H.
PRELIMINARY LOCAL CLIMATOLOGICAL DATA (WS FORM: F-6) , PAGE 2
STATION: EAU CLAIRE WI
MONTH: DECEMBER
YEAR: 2021
LATITUDE: 44 52 N
LONGITUDE: 91 29 W
[TEMPERATURE DATA] [PRECIPITATION DATA] SYMBOLS USED IN COLUMN 16
AVERAGE MONTHLY: 23.6 TOTAL FOR MONTH: 2.12 1 = FOG OR MIST
DPTR FM NORMAL: 3.0 DPTR FM NORMAL: 0.77 2 = FOG REDUCING VISIBILITY
HIGHEST: 58 ON 15 GRTST 24HR 0.40 ON 10-10 TO 1/4 MILE OR LESS
LOWEST: -6 ON 8 3 = THUNDER
SNOW, ICE PELLETS, HAIL 4 = ICE PELLETS
TOTAL MONTH: 20.3 INCHES 5 = HAIL
GRTST 24HR 6.9 ON 10-10 6 = FREEZING RAIN OR DRIZZLE
GRTST DEPTH: 9 ON 11 7 = DUSTSTORM OR SANDSTORM:
VSBY 1/2 MILE OR LESS
8 = SMOKE OR HAZE
[NO. OF DAYS WITH] [WEATHER - DAYS WITH] 9 = BLOWING SNOW
X = TORNADO
MAX 32 OR BELOW: 17 0.01 INCH OR MORE: 16
MAX 90 OR ABOVE: 0 0.10 INCH OR MORE: 8
MIN 32 OR BELOW: 29 0.50 INCH OR MORE: 0
MIN 0 OR BELOW: 4 1.00 INCH OR MORE: 0
[HDD (BASE 65) ]
TOTAL THIS MO. 1276 CLEAR (SCALE 0-3) 6
DPTR FM NORMAL -99 PTCLDY (SCALE 4-7) 19
TOTAL FM JUL 1 2620 CLOUDY (SCALE 8-10) 6
DPTR FM NORMAL -472
[CDD (BASE 65) ]
TOTAL THIS MO. 0
DPTR FM NORMAL 0 [PRESSURE DATA]
TOTAL FM JAN 1 790 HIGHEST SLP 30.36 ON 19
DPTR FM NORMAL 223 LOWEST SLP 29.00 ON 16
[REMARKS]
#FINAL-12-21#
PRECIPITATION DATA ON DECEMBER 1, 3, 5, 7, 9-11, 15, 18,
21, 23-24, AND 26-28 IS FROM 8 INCH DIAMETER RAIN GAUGE
AT SNOW OBSERVING SITE.