000
CXUS55 KEAX 010836
CF6EAX
PRELIMINARY LOCAL CLIMATOLOGICAL DATA (WS FORM: F-6)
STATION: PLEASANT HILL NWS MO
MONTH: JANUARY
YEAR: 2021
LATITUDE: 38 48 N
LONGITUDE: 94 16 W
TEMPERATURE IN F: :PCPN: SNOW: WIND :SUNSHINE: SKY :PK WND
================================================================================
1 2 3 4 5 6A 6B 7 8 9 10 11 12 13 14 15 16 17 18
12Z AVG MX 2MIN
DY MAX MIN AVG DEP HDD CDD WTR SNW DPTH SPD SPD DIR MIN PSBL S-S WX SPD DR
================================================================================
1 31 24 28 -1 37 0 0.60 1.5 0 M M M M M M 6 M M
2 31 22 27 -2 38 0 0.00 0.0 1 M M M M M M M M
3 31 25 28 0 37 0 0.00 0.0 1 M M M M M M 12 M M
4 42 31 37 9 28 0 0.00 0.0 1 M M M M M M 12 M M
5 50 26 38 10 27 0 0.00 0.0 T M M M M M M M M
6 41 37 39 11 26 0 0.41 0.0 0 M M M M M M M M
7 38 28 33 5 32 0 0.03 0.0 0 M M M M M M M M
8 38 25 32 4 33 0 0.00 0.0 0 M M M M M M M M
9 35 28 32 4 33 0 0.00 0.0 0 M M M M M M M M
10 35 23 29 1 36 0 0.00 0.0 0 M M M M M M M M
11 44 27 36 8 29 0 0.00 0.0 0 M M M M M M M M
12 53 28 41 13 24 0 0.00 0.0 0 M M M M M M M M
13 53 31 42 14 23 0 0.00 0.0 0 M M M M M M M M
14 47 36 42 14 23 0 T 0.0 0 M M M M M M M M
15 37 29 33 5 32 0 0.04 0.7 1 M M M M M M M M
16 34 29 32 4 33 0 T T 1 M M M M M M M M
17 42 22 32 4 33 0 0.00 0.0 T M M M M M M M M
18 42 27 35 7 30 0 0.00 0.0 0 M M M M M M M M
19 46 28 37 9 28 0 0.00 0.0 0 M M M M M M M M
20 52 26 39 11 26 0 0.00 0.0 0 M M M M M M M M
21 55 28 42 14 23 0 0.00 0.0 0 M M M M M M M M
22 37 23 30 1 35 0 0.00 0.0 0 M M M M M M M M
23 41 19 30 1 35 0 T T 0 M M M M M M M M
24 39 35 37 8 28 0 0.03 0.0 0 M M M M M M M M
25 37 32 35 6 30 0 0.92 T 0 M M M M M M M M
26 32 24 28 -1 37 0 T T 0 M M M M M M M M
27 27 22 25 -4 40 0 0.05 0.7 1 M M M M M M M M
28 36 22 29 0 36 0 0.00 0.0 T M M M M M M M M
29 50 27 39 10 26 0 0.00 0.0 0 M M M M M M M M
30 47 34 41 11 24 0 1.17 0.0 0 M M M M M M M M
31 36 30 33 3 32 0 0.00 0.0 0 M M M M M M M M
================================================================================
SM 1259 848 954 0 3.25 2.9 M M M
================================================================================
AV 40.6 27.4 M FASTST M M M MAX(MPH)
MISC ----> M M M M
================================================================================
NOTES:
# LAST OF SEVERAL OCCURRENCES
COLUMN 17 PEAK WIND IN M.P.H.
PRELIMINARY LOCAL CLIMATOLOGICAL DATA (WS FORM: F-6) , PAGE 2
STATION: PLEASANT HILL NWS MO
MONTH: JANUARY
YEAR: 2021
LATITUDE: 38 48 N
LONGITUDE: 94 16 W
[TEMPERATURE DATA] [PRECIPITATION DATA] SYMBOLS USED IN COLUMN 16
AVERAGE MONTHLY: 34.0 TOTAL FOR MONTH: 3.25 1 = FOG OR MIST
DPTR FM NORMAL: 5.4 DPTR FM NORMAL: 1.94 2 = FOG REDUCING VISIBILITY
HIGHEST: 55 ON 21 GRTST 24HR 1.17 ON 30-30 TO 1/4 MILE OR LESS
LOWEST: 19 ON 23 3 = THUNDER
SNOW, ICE PELLETS, HAIL 4 = ICE PELLETS
TOTAL MONTH: 2.9 INCHES 5 = HAIL
GRTST 24HR 1.5 ON 1- 1 6 = FREEZING RAIN OR DRIZZLE
GRTST DEPTH: 1 ON 27,15 7 = DUSTSTORM OR SANDSTORM:
VSBY 1/2 MILE OR LESS
8 = SMOKE OR HAZE
[NO. OF DAYS WITH] [WEATHER - DAYS WITH] 9 = BLOWING SNOW
X = TORNADO
MAX 32 OR BELOW: 5 0.01 INCH OR MORE: 8
MAX 90 OR ABOVE: 0 0.10 INCH OR MORE: 4
MIN 32 OR BELOW: 27 0.50 INCH OR MORE: 3
MIN 0 OR BELOW: 0 1.00 INCH OR MORE: 1
[HDD (BASE 65) ]
TOTAL THIS MO. 954 CLEAR (SCALE 0-3) 0
DPTR FM NORMAL -174 PTCLDY (SCALE 4-7) 0
TOTAL FM JUL 1 2726 CLOUDY (SCALE 8-10) 31
DPTR FM NORMAL -419
[CDD (BASE 65) ]
TOTAL THIS MO. 0
DPTR FM NORMAL 0 [PRESSURE DATA]
TOTAL FM JAN 1 0 HIGHEST SLP M ON M
DPTR FM NORMAL 0 LOWEST SLP M ON M
[REMARKS]
#FINAL-01-21#