000
CXUS52 KTAE 010900
CF6ECP
PRELIMINARY LOCAL CLIMATOLOGICAL DATA (WS FORM: F-6)
STATION: PANAMA CITY NW
MONTH: NOVEMBER
YEAR: 2023
LATITUDE: 30 21 N
LONGITUDE: 85 48 W
TEMPERATURE IN F: :PCPN: SNOW: WIND :SUNSHINE: SKY :PK WND
================================================================================
1 2 3 4 5 6A 6B 7 8 9 10 11 12 13 14 15 16 17 18
12Z AVG MX 2MIN
DY MAX MIN AVG DEP HDD CDD WTR SNW DPTH SPD SPD DIR MIN PSBL S-S WX SPD DR
================================================================================
1 62 40 51 -13 14 0 0.00 0.0 0 11.7 23 360 M M 0 35 340
2 72 38 55 -9 10 0 0.00 M M 7.5 15 20 M M 0 21 20
3 78 42 60 -4 5 0 0.00 0.0 M 6.5 14 20 M M 0 20 30
4 82 47 65 1 0 0 0.00 0.0 M 4.2 13 330 M M 0 17 320
5 82 46 64 1 1 0 0.00 0.0 M 4.9 16 350 M M 0 21 320
6 83 44 64 1 1 0 0.00 0.0 M 3.0 12 180 M M 0 17 180
7 81 48 65 2 0 0 0.00 0.0 0 3.3 14 160 M M 0 1 18 170
8 79 48 64 2 1 0 0.00 0.0 0 2.7 14 170 M M 4 12 19 200
9 80 52 66 4 0 1 0.00 0.0 0 3.0 10 150 M M 4 128 17 130
10 84 61 73 11 0 8 0.00 M M 3.1 12 160 M M 9 12 15 200
11 77 61 69 7 0 4 0.17 0.0 M 6.3 15 20 M M 9 1 20 50
12 73 58 66 5 0 1 0.00 0.0 0 8.4 14 30 M M 8 19 20
13 68 58 63 2 2 0 0.02 0.0 0 9.0 15 20 M M 6 20 30
14 64 57 61 0 4 0 0.30 0.0 0 10.2 17 30 M M 9 1 25 50
15 67 55 61 0 4 0 0.39 0.0 0 14.6 22 50 M M 10 1 33 60
16 75 60 68 8 0 3 0.00 0.0 0 10.7 18 20 M M 6 1 26 20
17 76 60 68 8 0 3 0.00 0.0 0 5.8 13 310 M M 4 17 330
18 80 55 68 8 0 3 0.01 0.0 0 8.0 18 320 M M 1 12 26 310
19 72 48 60 0 5 0 0.00 0.0 0 4.2 12 150 M M 0 17 190
20 79 48 64 4 1 0 0.00 0.0 0 6.5 16 160 M M 1 21 160
21 77 64 71 12 0 6 0.59 0.0 0 9.5 16 330 M M 8 1 24 150
22 65 46 56 -3 9 0 0.00 0.0 0 10.3 21 310 M M 5 28 300
23 58 39 49 -10 16 0 0.01 0.0 0 3.5 10 10 M M 3 14 10
24 69 48 59 0 6 0 0.01 0.0 0 2.8 16 160 M M 4 8 21 160
25 74 45 60 2 5 0 0.00 0.0 0 3.2 10 100 M M 2 13 100
26 64 58 61 3 4 0 1.15 0.0 M 6.8 15 40 M M 10 1 22 50
27 61 45 53 -5 12 0 0.00 M M 7.9 15 340 M M 3 21 330
28 61 38 50 -8 15 0 0.00 0.0 M 7.5 18 330 M M 0 24 350
29 60 30 45 -13 20 0 0.00 0.0 M 4.1 14 360 M M 1 18 19 360
30 62 31 47 -11 18 0 0.00 0.0 M 4.5 15 100 M M 3 18 21 100
================================================================================
SM 2165 1470 153 29 2.65 0.0 193.7 M 110
================================================================================
AV 72.2 49.0 6.5 FASTST M M 4 MAX(MPH)
MISC ----> 23 360 35 340
================================================================================
NOTES:
# LAST OF SEVERAL OCCURRENCES
COLUMN 17 PEAK WIND IN M.P.H.
PRELIMINARY LOCAL CLIMATOLOGICAL DATA (WS FORM: F-6) , PAGE 2
STATION: PANAMA CITY NW
MONTH: NOVEMBER
YEAR: 2023
LATITUDE: 30 21 N
LONGITUDE: 85 48 W
[TEMPERATURE DATA] [PRECIPITATION DATA] SYMBOLS USED IN COLUMN 16
AVERAGE MONTHLY: 60.6 TOTAL FOR MONTH: 2.65 1 = FOG OR MIST
DPTR FM NORMAL: -0.1 DPTR FM NORMAL: -1.55 2 = FOG REDUCING VISIBILITY
HIGHEST: 84 ON 10 GRTST 24HR 1.15 ON 26-26 TO 1/4 MILE OR LESS
LOWEST: 30 ON 29 3 = THUNDER
SNOW, ICE PELLETS, HAIL 4 = ICE PELLETS
TOTAL MONTH: 0.0 INCH 5 = HAIL
GRTST 24HR 0.0 6 = FREEZING RAIN OR DRIZZLE
GRTST DEPTH: 0 7 = DUSTSTORM OR SANDSTORM:
VSBY 1/2 MILE OR LESS
8 = SMOKE OR HAZE
[NO. OF DAYS WITH] [WEATHER - DAYS WITH] 9 = BLOWING SNOW
X = TORNADO
MAX 32 OR BELOW: 0 0.01 INCH OR MORE: 9
MAX 90 OR ABOVE: 0 0.10 INCH OR MORE: 5
MIN 32 OR BELOW: 2 0.50 INCH OR MORE: 2
MIN 0 OR BELOW: 0 1.00 INCH OR MORE: 1
[HDD (BASE 65) ]
TOTAL THIS MO. 153 CLEAR (SCALE 0-3) 16
DPTR FM NORMAL -17 PTCLDY (SCALE 4-7) 9
TOTAL FM JUL 1 177 CLOUDY (SCALE 8-10) 5
DPTR FM NORMAL -24
[CDD (BASE 65) ]
TOTAL THIS MO. 29
DPTR FM NORMAL -14 [PRESSURE DATA]
TOTAL FM JAN 1 3110 HIGHEST SLP 30.43 ON 2
DPTR FM NORMAL 504 LOWEST SLP 29.85 ON 18
[REMARKS]
#FINAL-11-23#