000
CXUS55 KVEF 010910
CF6EED
PRELIMINARY LOCAL CLIMATOLOGICAL DATA (WS FORM: F-6)
STATION: NEEDLES CA
MONTH: JULY
YEAR: 2023
LATITUDE: 34 46 N
LONGITUDE: 114 37 W
TEMPERATURE IN F: :PCPN: SNOW: WIND :SUNSHINE: SKY :PK WND
================================================================================
1 2 3 4 5 6A 6B 7 8 9 10 11 12 13 14 15 16 17 18
12Z AVG MX 2MIN
DY MAX MIN AVG DEP HDD CDD WTR SNW DPTH SPD SPD DIR MIN PSBL S-S WX SPD DR
================================================================================
1 116 81 99 2 0 34 0.00 M M 5.6 21 220 M M 0 25 220
2 118 86 102 5 0 37 0.00 M M 7.0 24 250 M M 0 32 250
3 118 89 104 7 0 39 0.00 M M 10.2 25 210 M M 0 34 210
4 113 85 99 1 0 34 0.00 M M 8.8 24 200 M M 0 33 180
5 108 79 94 -4 0 29 0.00 M M 5.9 17 200 M M 0 23 170
6 111 78 95 -3 0 30 0.00 M M 9.5 22 190 M M 0 32 170
7 108 83 96 -2 0 31 0.00 M M 8.8 18 170 M M 0 27 170
8 109 75 92 -6 0 27 0.00 M M 9.0 23 180 M M 0 30 180
9 110 84 97 -1 0 32 0.00 M M 11.3 25 170 M M 0 35 140
10 110 85 98 0 0 33 0.00 M M 10.0 20 220 M M 0 30 180
11 113 91 102 4 0 37 0.00 M M 9.8 21 220 M M 0 28 200
12 114 90 102 3 0 37 0.00 M M 9.2 24 230 M M 0 32 230
13 115 91 103 4 0 38 0.00 M M 9.1 18 240 M M 0 31 210
14 118 85 102 3 0 37 0.00 M M 5.1 17 230 M M 2 22 260
15 121 87 104 5 0 39 0.00 M M 4.3 13 220 M M 2 16 300
16 117 89 103 4 0 38 0.00 M M 8.3 22 180 M M 1 29 180
17 118 95 107 8 0 42 0.00 M M 8.3 21 170 M M 2 36 200
18 117 94 106 7 0 41 0.00 M M 9.3 22 190 M M 1 31 160
19 118 93 106 7 0 41 0.00 M M 9.0 22 230 M M 2 28 240
20 119 93 106 7 0 41 0.00 M M 7.2 17 200 M M 2 22 190
21 121 90 106 7 0 41 0.00 M M 6.3 15 230 M M 3 19 210
22 116 97 107 8 0 42 0.00 M M 9.2 20 230 M M 1 26 220
23 113 95 104 5 0 39 0.00 M M 10.8 24 190 M M 3 8 33 210
24 115 92 104 5 0 39 0.00 M M 7.8 20 230 M M 2 27 200
25 118 92 105 6 0 40 0.00 M M 7.9 17 270 M M 2 24 260
26 119 93 106 7 0 41 0.00 M M 8.7 24 210 M M 3 34 230
27 117 93 105 6 0 40 0.00 M M 11.0 22 220 M M 2 31 240
28 118 93 106 7 0 41 0.00 M M 9.2 18 150 M M 2 29 240
29 118 95 107 8 0 42 0.00 M M 7.0 17 230 M M 2 25 190
30 106 92 99 0 0 34 0.00 M M 7.6 31 180 M M 0 43 170
31 107 87 97 -2 0 32 T M M 10.0 26 180 M M 2 38 180
================================================================================
SM 3559 2752 01148 T M 261.2 M 34
================================================================================
AV114.8 88.8 8.4 FASTST M M 1 MAX(MPH)
MISC ----> 31 180 43 170
================================================================================
NOTES:
# LAST OF SEVERAL OCCURRENCES
COLUMN 17 PEAK WIND IN M.P.H.
PRELIMINARY LOCAL CLIMATOLOGICAL DATA (WS FORM: F-6) , PAGE 2
STATION: NEEDLES CA
MONTH: JULY
YEAR: 2023
LATITUDE: 34 46 N
LONGITUDE: 114 37 W
[TEMPERATURE DATA] [PRECIPITATION DATA] SYMBOLS USED IN COLUMN 16
AVERAGE MONTHLY:101.8 TOTAL FOR MONTH: T 1 = FOG OR MIST
DPTR FM NORMAL: 3.3 DPTR FM NORMAL: -0.27 2 = FOG REDUCING VISIBILITY
HIGHEST: 121 ON 21,15 GRTST 24HR T ON 31-31 TO 1/4 MILE OR LESS
LOWEST: 75 ON 8 3 = THUNDER
SNOW, ICE PELLETS, HAIL 4 = ICE PELLETS
TOTAL MONTH: M 5 = HAIL
GRTST 24HR M ON M 6 = FREEZING RAIN OR DRIZZLE
GRTST DEPTH: M ON M 7 = DUSTSTORM OR SANDSTORM:
VSBY 1/2 MILE OR LESS
8 = SMOKE OR HAZE
[NO. OF DAYS WITH] [WEATHER - DAYS WITH] 9 = BLOWING SNOW
X = TORNADO
MAX 32 OR BELOW: 0 0.01 INCH OR MORE: 0
MAX 90 OR ABOVE: 31 0.10 INCH OR MORE: 0
MIN 32 OR BELOW: 0 0.50 INCH OR MORE: 0
MIN 0 OR BELOW: 0 1.00 INCH OR MORE: 0
[HDD (BASE 65) ]
TOTAL THIS MO. 0 CLEAR (SCALE 0-3) 30
DPTR FM NORMAL 0 PTCLDY (SCALE 4-7) 1
TOTAL FM JUL 1 0 CLOUDY (SCALE 8-10) 0
DPTR FM NORMAL 0
[CDD (BASE 65) ]
TOTAL THIS MO. 1148
DPTR FM NORMAL 108 [PRESSURE DATA]
TOTAL FM JAN 1 2631 HIGHEST SLP M ON M
DPTR FM NORMAL -216 LOWEST SLP 28.73 ON 21
[REMARKS]
#FINAL-07-23#