603
CXUS54 KBMX 011110
CF6EET
PRELIMINARY LOCAL CLIMATOLOGICAL DATA (WS FORM: F-6)
STATION: SHELBY COUNTY AIRPORT
MONTH: JANUARY
YEAR: 2021
LATITUDE: 33 10 N
LONGITUDE: 86 47 W
TEMPERATURE IN F: :PCPN: SNOW: WIND :SUNSHINE: SKY :PK WND
================================================================================
1 2 3 4 5 6A 6B 7 8 9 10 11 12 13 14 15 16 17 18
12Z AVG MX 2MIN
DY MAX MIN AVG DEP HDD CDD WTR SNW DPTH SPD SPD DIR MIN PSBL S-S WX SPD DR
================================================================================
1 71 50 61 17 4 0 0.55 0.0 0 7.0 20 150 M M 5 1 27 150
2 59 42 51 7 14 0 0.00 0.0 0 4.6 15 290 M M 4 20 270
3 51 35 43 -1 22 0 0.00 0.0 0 4.6 15 300 M M 4 21 290
4 60 31 46 2 19 0 0.00 0.0 0 2.1 9 190 M M 2 15 260
5 54 35 45 1 20 0 0.00 0.0 0 2.5 17 310 M M 2 12 23 300
6 56 30 43 -1 22 0 0.00 0.0 0 2.1 9 50 M M 0 15 80
7 48 39 44 0 21 0 0.20 0.0 0 5.5 16 100 M M 7 1 25 100
8 42 37 40 -4 25 0 0.01 0.0 0 8.3 16 320 M M 10 1 23 320
9 37 34 36 -8 29 0 0.00 0.0 0 7.8 14 310 M M 10 19 310
10 42 28 35 -9 30 0 0.00 0.0 M 1.8 8 350 M M 6 13 350
11 45 37 41 -3 24 0 0.13 0.0 M 3.5 10 310 M M 10 1 14 340
12 38 27 33 -11 32 0 0.00 0.0 M 4.1 12 310 M M 8 18 16 310
13 43 24 34 -10 31 0 0.00 0.0 M 1.6 8 290 M M 4 18 11 290
14 57 26 42 -2 23 0 0.00 0.0 M 4.6 15 170 M M 1 1 19 160
15 55 34 45 1 20 0 0.00 0.0 M 5.8 20 280 M M 3 30 280
16 47 30 39 -5 26 0 0.00 0.0 0 5.0 18 310 M M 4 24 310
17 54 28 41 -3 24 0 0.00 0.0 0 3.9 14 190 M M 1 20 200
18 55 28 42 -2 23 0 0.00 0.0 0 2.6 14 300 M M 0 18 290
19 56 30 43 -1 22 0 0.01 0.0 0 1.8 9 200 M M 6 18 12 200
20 56 41 49 5 16 0 0.06 0.0 M 3.0 12 320 M M 4 1 15 310
21 56 45 51 7 14 0 0.31 0.0 M 2.3 10 250 M M 10 1 15 210
22 54 39 47 3 18 0 0.36 0.0 0 1.4 6 20 M M 9 12 9 80
23 59 36 48 4 17 0 0.00 0.0 0 3.3 10 50 M M 2 1 18 40
24 66 41 54 9 11 0 0.12 0.0 0 4.3 13 140 M M 5 1 18 150
25 74 57 66 21 0 1 0.03 0.0 0 8.8 20 160 M M 10 1 29 170
26 70 55 63 18 2 0 0.64 0.0 0 2.6 16 300 M M 7 13 23 290
27 58 41 50 5 15 0 0.94 0.0 M 7.7 18 320 M M 9 13 28 330
28 48 34 41 -4 24 0 0.00 0.0 0 8.2 17 330 M M 4 25 310
29 56 30 43 -2 22 0 0.00 0.0 0 1.6 9 310 M M 0 12 320
30 62 34 48 3 17 0 0.02 0.0 0 5.6 17 170 M M 6 1 24 180
31 70 41 56 10 9 0 0.28 0.0 0 9.1 24 310 M M 10 1 34 310
================================================================================
SM 1699 1119 596 1 3.66 0.0 137.1 M 163
================================================================================
AV 54.8 36.1 4.4 FASTST M M 5 MAX(MPH)
MISC ----> 24 310 34 310
================================================================================
NOTES:
# LAST OF SEVERAL OCCURRENCES
COLUMN 17 PEAK WIND IN M.P.H.
PRELIMINARY LOCAL CLIMATOLOGICAL DATA (WS FORM: F-6) , PAGE 2
STATION: SHELBY COUNTY AIRPORT
MONTH: JANUARY
YEAR: 2021
LATITUDE: 33 10 N
LONGITUDE: 86 47 W
[TEMPERATURE DATA] [PRECIPITATION DATA] SYMBOLS USED IN COLUMN 16
AVERAGE MONTHLY: 45.5 TOTAL FOR MONTH: 3.66 1 = FOG OR MIST
DPTR FM NORMAL: 1.3 DPTR FM NORMAL: -1.67 2 = FOG REDUCING VISIBILITY
HIGHEST: 74 ON 25 GRTST 24HR 0.94 ON 27-27 TO 1/4 MILE OR LESS
LOWEST: 24 ON 13 3 = THUNDER
SNOW, ICE PELLETS, HAIL 4 = ICE PELLETS
TOTAL MONTH: 0.0 INCH 5 = HAIL
GRTST 24HR 0.0 6 = FREEZING RAIN OR DRIZZLE
GRTST DEPTH: 0 7 = DUSTSTORM OR SANDSTORM:
VSBY 1/2 MILE OR LESS
8 = SMOKE OR HAZE
[NO. OF DAYS WITH] [WEATHER - DAYS WITH] 9 = BLOWING SNOW
X = TORNADO
MAX 32 OR BELOW: 0 0.01 INCH OR MORE: 14
MAX 90 OR ABOVE: 0 0.10 INCH OR MORE: 9
MIN 32 OR BELOW: 11 0.50 INCH OR MORE: 3
MIN 0 OR BELOW: 0 1.00 INCH OR MORE: 0
[HDD (BASE 65) ]
TOTAL THIS MO. 596 CLEAR (SCALE 0-3) 9
DPTR FM NORMAL -48 PTCLDY (SCALE 4-7) 14
TOTAL FM JUL 1 1479 CLOUDY (SCALE 8-10) 8
DPTR FM NORMAL -182
[CDD (BASE 65) ]
TOTAL THIS MO. 1
DPTR FM NORMAL 0 [PRESSURE DATA]
TOTAL FM JAN 1 1 HIGHEST SLP 30.54 ON 28
DPTR FM NORMAL 0 LOWEST SLP 29.70 ON 15
[REMARKS]
#FINAL-01-21#