000
CXUS51 KRLX 012051
CF6EKN
PRELIMINARY LOCAL CLIMATOLOGICAL DATA (WS FORM: F-6)
STATION: ELKINS WV
MONTH: OCTOBER
YEAR: 2023
LATITUDE: 38 52 N
LONGITUDE: 79 51 W
TEMPERATURE IN F: :PCPN: SNOW: WIND :SUNSHINE: SKY :PK WND
================================================================================
1 2 3 4 5 6A 6B 7 8 9 10 11 12 13 14 15 16 17 18
12Z AVG MX 2MIN
DY MAX MIN AVG DEP HDD CDD WTR SNW DPTH SPD SPD DIR MIN PSBL S-S WX SPD DR
================================================================================
1 78 52 65 7 0 0 0.00 0.0 0 2.2 13 320 M M 5 12 16 340
2 80 51 66 8 0 1 0.00 0.0 0 1.8 10 350 M M 5 12 13 350
3 80 53 67 9 0 2 0.00 0.0 0 1.1 9 10 M M 5 12 14 350
4 82 50 66 9 0 1 0.00 0.0 0 0.5 7 290 M M 4 12 10 350
5 78 47 63 6 2 0 0.00 0.0 0 3.2 13 170 M M 4 12 18 180
6 71 56 64 8 1 0 0.56 0.0 0 0.9 9 270 M M 8 1 12 260
7 59 44 52 -4 13 0 0.11 0.0 0 8.3 17 300 M M 8 1 25 270
8 51 42 47 -9 18 0 T 0.0 0 8.5 18 290 M M 10 25 320
9 55 41 48 -7 17 0 0.33 0.0 0 3.5 14 260 M M 10 1 19 300
10 62 37 50 -5 15 0 0.00 0.0 0 3.5 16 240 M M 6 12 25 250
11 64 32 48 -6 17 0 0.00 0.0 0 1.7 13 260 M M 3 12 17 250
12 73 40 57 3 8 0 0.00 0.0 0 1.4 10 310 M M 3 1 14 310
13 75 45 60 6 5 0 0.00 0.0 0 1.6 13 170 M M 4 12 20 160
14 67 48 58 5 7 0 0.57 0.0 0 7.9 20 260 M M 10 1 28 280
15 52 44 48 -5 17 0 0.18 0.0 0 4.8 15 310 M M 10 1 24 290
16 48 43 46 -7 19 0 0.08 0.0 0 3.7 10 290 M M 10 1 16 310
17 51 46 49 -3 16 0 0.09 0.0 0 2.4 12 300 M M 10 1 14 290
18 58 36 47 -5 18 0 0.00 0.0 0 1.5 8 180 M M 7 12 11 210
19 67 33 50 -2 15 0 0.00 0.0 0 4.1 16 190 M M 5 12 24 200
20 57 48 53 2 12 0 0.40 0.0 0 3.7 17 250 M M 10 1 30 250
21 55 42 49 -2 16 0 0.17 0.0 0 8.1 20 310 M M 10 1 28 310
22 53 33 43 -7 22 0 0.07 0.0 0 6.1 17 290 M M 7 1 25 270
23 66 30 48 -2 17 0 0.00 0.0 0 0.5 7 350 M M 3 12 10 350
24 77 31 54 4 11 0 0.00 0.0 0 0.9 9 360 M M 0 13 350
25 79 40 60 11 5 0 0.00 0.0 0 1.3 12 280 M M 0 16 290
26 75 33 54 5 11 0 0.00 0.0 0 1.0 7 360 M M 0 9 360
27 74 45 60 11 5 0 T 0.0 0 2.4 12 250 M M 7 15 220
28 71 54 63 15 2 0 T 0.0 0 3.3 15 250 M M 9 12 18 250
29 70 56 63 15 2 0 0.09 0.0 0 2.7 13 240 M M 10 1 17 220
30 67 39 53 5 12 0 0.18 0.0 0 6.9 20 230 M M 10 1 27 220
31 46 33 40 -7 25 0 0.07 0.4 0 3.4 16 330 M M 10 1 24 320
================================================================================
SM 2041 1324 328 4 2.90 0.4 102.9 M 203
================================================================================
AV 65.8 42.7 3.3 FASTST M M 7 MAX(MPH)
MISC ----> # 20 260 30 250
================================================================================
NOTES:
# LAST OF SEVERAL OCCURRENCES
COLUMN 17 PEAK WIND IN M.P.H.
PRELIMINARY LOCAL CLIMATOLOGICAL DATA (WS FORM: F-6) , PAGE 2
STATION: ELKINS WV
MONTH: OCTOBER
YEAR: 2023
LATITUDE: 38 52 N
LONGITUDE: 79 51 W
[TEMPERATURE DATA] [PRECIPITATION DATA] SYMBOLS USED IN COLUMN 16
AVERAGE MONTHLY: 54.3 TOTAL FOR MONTH: 2.90 1 = FOG OR MIST
DPTR FM NORMAL: 1.6 DPTR FM NORMAL: -0.18 2 = FOG REDUCING VISIBILITY
HIGHEST: 82 ON 4 GRTST 24HR 0.66 ON 6- 7 TO 1/4 MILE OR LESS
LOWEST: 30 ON 23 3 = THUNDER
SNOW, ICE PELLETS, HAIL 4 = ICE PELLETS
TOTAL MONTH: 0.4 INCH 5 = HAIL
GRTST 24HR 0.4 ON 31-31 6 = FREEZING RAIN OR DRIZZLE
GRTST DEPTH: 0 7 = DUSTSTORM OR SANDSTORM:
VSBY 1/2 MILE OR LESS
8 = SMOKE OR HAZE
[NO. OF DAYS WITH] [WEATHER - DAYS WITH] 9 = BLOWING SNOW
X = TORNADO
MAX 32 OR BELOW: 0 0.01 INCH OR MORE: 13
MAX 90 OR ABOVE: 0 0.10 INCH OR MORE: 8
MIN 32 OR BELOW: 3 0.50 INCH OR MORE: 2
MIN 0 OR BELOW: 0 1.00 INCH OR MORE: 0
[HDD (BASE 65) ]
TOTAL THIS MO. 328 CLEAR (SCALE 0-3) 5
DPTR FM NORMAL -60 PTCLDY (SCALE 4-7) 13
TOTAL FM JUL 1 402 CLOUDY (SCALE 8-10) 13
DPTR FM NORMAL -98
[CDD (BASE 65) ]
TOTAL THIS MO. 4
DPTR FM NORMAL -3 [PRESSURE DATA]
TOTAL FM JAN 1 514 HIGHEST SLP 30.45 ON 25
DPTR FM NORMAL -103 LOWEST SLP 29.55 ON 20
[REMARKS]
#FINAL-10-23#