000
CXUS56 KLKN 020937
CF6EKO
PRELIMINARY LOCAL CLIMATOLOGICAL DATA (WS FORM: F-6)
STATION: ELKO AIRPORT NV
MONTH: AUGUST
YEAR: 2021
LATITUDE: 40 49 N
LONGITUDE: 115 47 W
TEMPERATURE IN F: :PCPN: SNOW: WIND :SUNSHINE: SKY :PK WND
================================================================================
1 2 3 4 5 6A 6B 7 8 9 10 11 12 13 14 15 16 17 18
12Z AVG MX 2MIN
DY MAX MIN AVG DEP HDD CDD WTR SNW DPTH SPD SPD DIR MIN PSBL S-S WX SPD DR
================================================================================
1 82 60 71 -2 0 6 0.51 0.0 0 6.3 20 330 M M 7 13 26 340
2 92 57 75 2 0 10 0.00 0.0 0 4.8 13 10 M M 1 1 18 10
3 95 56 76 4 0 11 0.00 0.0 0 6.1 23 30 M M 0 32 30
4 98 57 78 6 0 13 0.05 0.0 0 7.1 37 250 M M 1 3 54 230
5 98 57 78 6 0 13 0.00 0.0 0 9.7 26 280 M M 1 8 36 270
6 83 51 67 -5 0 2 0.00 0.0 0 8.2 20 250 M M 6 8 28 260
7 92 46 69 -3 0 4 0.00 0.0 0 3.8 13 200 M M 0 8 18 200
8 92 49 71 -1 0 6 0.00 0.0 0 6.9 22 280 M M 4 8 27 250
9 91 52 72 1 0 7 0.00 0.0 0 4.1 15 290 M M 0 8 22 300
10 93 50 72 1 0 7 0.00 0.0 0 4.9 17 270 M M 0 24 270
11 96 44 70 -1 0 5 0.00 0.0 0 4.4 20 260 M M 0 26 270
12 98 55 77 6 0 12 0.00 0.0 0 2.7 14 340 M M 0 18 30
13 98 55 77 7 0 12 0.00 0.0 0 4.7 35 160 M M 1 38 45 160
14 99 60 80 10 0 15 0.00 0.0 0 4.3 16 360 M M 0 21 10
15 98 58 78 8 0 13 0.00 0.0 0 3.7 17 360 M M 0 8 24 340
16 99 52 76 6 0 11 T 0.0 0 5.7 37 280 M M 0 38 48 270
17 92 61 77 7 0 12 0.00 0.0 0 11.3 33 260 M M 4 8 40 270
18 74 51 63 -6 2 0 0.00 0.0 0 6.4 17 340 M M 3 23 10
19 74 43 59 -10 6 0 0.01 0.0 0 5.4 20 260 M M 3 25 260
20 83 40 62 -7 3 0 0.00 0.0 0 2.5 12 160 M M 0 17 170
21 82 47 65 -3 0 0 0.00 0.0 0 7.4 30 270 M M 3 8 40 270
22 87 42 65 -3 0 0 0.00 0.0 0 4.5 18 260 M M 1 8 22 260
23 89 47 68 0 0 3 0.00 0.0 0 5.3 23 260 M M 2 8 29 250
24 88 48 68 0 0 3 0.00 0.0 0 5.5 21 270 M M 0 8 27 270
25 86 40 63 -5 2 0 0.00 0.0 0 5.9 20 250 M M 0 8 27 240
26 86 44 65 -2 0 0 0.00 0.0 0 4.8 18 280 M M 0 8 25 220
27 86 38 62 -5 3 0 0.00 0.0 0 4.3 18 260 M M 0 8 23 270
28 88 40 64 -3 1 0 0.00 0.0 0 2.9 10 70 M M 0 15 60
29 91 46 69 3 0 4 0.00 0.0 0 3.3 15 290 M M 0 8 19 290
30 92 43 68 2 0 3 0.00 0.0 0 5.4 22 270 M M 1 8 27 270
31 90 43 67 1 0 2 0.00 0.0 0 4.6 18 280 M M 3 8 22 270
================================================================================
SM 2792 1532 17 174 0.57 0.0 166.9 M 41
================================================================================
AV 90.1 49.4 5.4 FASTST M M 1 MAX(MPH)
MISC ----> # 37 250 54 230
================================================================================
NOTES:
# LAST OF SEVERAL OCCURRENCES
COLUMN 17 PEAK WIND IN M.P.H.
PRELIMINARY LOCAL CLIMATOLOGICAL DATA (WS FORM: F-6) , PAGE 2
STATION: ELKO AIRPORT NV
MONTH: AUGUST
YEAR: 2021
LATITUDE: 40 49 N
LONGITUDE: 115 47 W
[TEMPERATURE DATA] [PRECIPITATION DATA] SYMBOLS USED IN COLUMN 16
AVERAGE MONTHLY: 69.7 TOTAL FOR MONTH: 0.57 1 = FOG OR MIST
DPTR FM NORMAL: 0.1 DPTR FM NORMAL: 0.24 2 = FOG REDUCING VISIBILITY
HIGHEST: 99 ON 16,14 GRTST 24HR 0.58 ON 31- 1 TO 1/4 MILE OR LESS
LOWEST: 38 ON 27 3 = THUNDER
SNOW, ICE PELLETS, HAIL 4 = ICE PELLETS
TOTAL MONTH: 0.0 INCH 5 = HAIL
GRTST 24HR 0.0 6 = FREEZING RAIN OR DRIZZLE
GRTST DEPTH: 0 7 = DUSTSTORM OR SANDSTORM:
VSBY 1/2 MILE OR LESS
8 = SMOKE OR HAZE
[NO. OF DAYS WITH] [WEATHER - DAYS WITH] 9 = BLOWING SNOW
X = TORNADO
MAX 32 OR BELOW: 0 0.01 INCH OR MORE: 3
MAX 90 OR ABOVE: 18 0.10 INCH OR MORE: 1
MIN 32 OR BELOW: 0 0.50 INCH OR MORE: 1
MIN 0 OR BELOW: 0 1.00 INCH OR MORE: 0
[HDD (BASE 65) ]
TOTAL THIS MO. 17 CLEAR (SCALE 0-3) 27
DPTR FM NORMAL -7 PTCLDY (SCALE 4-7) 4
TOTAL FM JUL 1 17 CLOUDY (SCALE 8-10) 0
DPTR FM NORMAL -18
[CDD (BASE 65) ]
TOTAL THIS MO. 174
DPTR FM NORMAL 8 [PRESSURE DATA]
TOTAL FM JAN 1 771 HIGHEST SLP 30.23 ON 2
DPTR FM NORMAL 309 LOWEST SLP 29.51 ON 17
[REMARKS]
#FINAL-08-21#