000
CXUS56 KLKN 111544
CF6EKO
PRELIMINARY LOCAL CLIMATOLOGICAL DATA (WS FORM: F-6)
STATION: ELKO AIRPORT NV
MONTH: NOVEMBER
YEAR: 2020
LATITUDE: 40 49 N
LONGITUDE: 115 47 W
TEMPERATURE IN F: :PCPN: SNOW: WIND :SUNSHINE: SKY :PK WND
================================================================================
1 2 3 4 5 6A 6B 7 8 9 10 11 12 13 14 15 16 17 18
12Z AVG MX 2MIN
DY MAX MIN AVG DEP HDD CDD WTR SNW DPTH SPD SPD DIR MIN PSBL S-S WX SPD DR
================================================================================
1 72 19 46 6 19 0 0.00 0.0 0 3.8 9 80 M M 0 11 80
2 74 26 50 10 15 0 0.00 0.0 0 2.9 10 80 M M 0 8 27 340
3 73 30 52 12 13 0 0.00 0.0 0 2.8 15 250 M M 0 8 17 260
4 72 25 49 10 16 0 0.00 0.0 0 4.3 15 260 M M 0 19 260
5 73 21 47 8 18 0 0.00 0.0 0 3.0 9 70 M M 0 10 60
6 72 37 55 16 10 0 0.00 0.0 0 11.1 26 170 M M 1 8 38 180
7 48 31 40 2 25 0 0.31 2.9 0 9.7 23 230 M M 8 1 29 230
8 34 22 28 -10 37 0 T T 2 6.6 18 250 M M 8 1 22 250
9 30 14 22 -15 43 0 T T T 5.5 14 260 M M 8 16 250
10 37 26 32 -5 33 0 0.00 0.0 T 7.4 18 270 M M 9 21 270
11 40 20 30 -6 35 0 T T T 7.6 20 280 M M 7 1 24 260
12 41 13 27 -9 38 0 0.00 0.0 0 4.5 9 100 M M 0 12 30
13 41 14 28 -8 37 0 0.47 0.7 1 7.6 33 270 M M 7 1 40 310
14 42 21 32 -3 33 0 0.01 0.1 1 8.1 18 260 M M 5 22 260
15 57 35 46 11 19 0 0.00 0.0 0 8.8 22 240 M M 6 29 240
16 65 28 47 13 18 0 0.00 0.0 0 3.5 13 80 M M 0 1 15 90
17 68 30 49 15 16 0 0.00 0.0 0 15.9 33 170 M M 0 42 170
18 55 39 47 13 18 0 0.03 0.0 0 8.3 18 270 M M 7 23 260
19 49 25 37 4 28 0 0.00 0.0 0 5.9 16 260 M M 3 24 250
20 47 18 33 0 32 0 0.00 0.0 0 2.0 8 20 M M 0 11 60
21 46 11 29 -3 36 0 0.00 0.0 0 2.3 8 60 M M 0 9 60
22 46 11 29 -3 36 0 0.00 0.0 0 3.3 9 50 M M 0 11 50
23 41 19 30 -2 35 0 0.02 T T 4.0 15 260 M M 9 17 270
24 45 21 33 2 32 0 0.00 0.0 0 3.5 14 260 M M 5 19 260
25 41 13 27 -4 38 0 0.03 0.2 T 4.0 22 250 M M 4 1 27 260
26 37 13 25 -5 40 0 0.00 0.0 0 2.6 13 290 M M 3 8 15 290
27 41 11 26 -4 39 0 0.00 0.0 0 3.0 9 70 M M 0 8 10 70
28 48 8 28 -2 37 0 0.00 0.0 0 4.0 12 220 M M 0 15 220
29 47 10 29 0 36 0 0.00 0.0 0 4.0 9 40 M M 0 13 80
30 54 13 34 5 31 0 0.00 0.0 0 5.3 21 250 M M 0 25 240
================================================================================
SM 1536 624 863 0 0.87 3.9 165.3 M 90
================================================================================
AV 51.2 20.8 5.5 FASTST M M 3 MAX(MPH)
MISC ----> # 33 270 42 170
================================================================================
NOTES:
# LAST OF SEVERAL OCCURRENCES
COLUMN 17 PEAK WIND IN M.P.H.
PRELIMINARY LOCAL CLIMATOLOGICAL DATA (WS FORM: F-6) , PAGE 2
STATION: ELKO AIRPORT NV
MONTH: NOVEMBER
YEAR: 2020
LATITUDE: 40 49 N
LONGITUDE: 115 47 W
[TEMPERATURE DATA] [PRECIPITATION DATA] SYMBOLS USED IN COLUMN 16
AVERAGE MONTHLY: 36.0 TOTAL FOR MONTH: 0.87 1 = FOG OR MIST
DPTR FM NORMAL: 1.3 DPTR FM NORMAL: -0.24 2 = FOG REDUCING VISIBILITY
HIGHEST: 74 ON 2 GRTST 24HR 0.47 ON 13-13 TO 1/4 MILE OR LESS
LOWEST: 8 ON 28 3 = THUNDER
SNOW, ICE PELLETS, HAIL 4 = ICE PELLETS
TOTAL MONTH: 3.9 INCHES 5 = HAIL
GRTST 24HR 2.9 ON 7- 7 6 = FREEZING RAIN OR DRIZZLE
GRTST DEPTH: 2 ON 8 7 = DUSTSTORM OR SANDSTORM:
VSBY 1/2 MILE OR LESS
8 = SMOKE OR HAZE
[NO. OF DAYS WITH] [WEATHER - DAYS WITH] 9 = BLOWING SNOW
X = TORNADO
MAX 32 OR BELOW: 1 0.01 INCH OR MORE: 6
MAX 90 OR ABOVE: 0 0.10 INCH OR MORE: 2
MIN 32 OR BELOW: 27 0.50 INCH OR MORE: 0
MIN 0 OR BELOW: 0 1.00 INCH OR MORE: 0
[HDD (BASE 65) ]
TOTAL THIS MO. 863 CLEAR (SCALE 0-3) 17
DPTR FM NORMAL -46 PTCLDY (SCALE 4-7) 9
TOTAL FM JUL 1 1476 CLOUDY (SCALE 8-10) 4
DPTR FM NORMAL -262
[CDD (BASE 65) ]
TOTAL THIS MO. 0
DPTR FM NORMAL 0 [PRESSURE DATA]
TOTAL FM JAN 1 698 HIGHEST SLP 30.62 ON 27
DPTR FM NORMAL 315 LOWEST SLP 29.28 ON 7
[REMARKS]
#FINAL-11-20#