000
CXUS55 KLKN 021150
CLSELY
CLIMATE REPORT
NATIONAL WEATHER SERVICE ELKO, NV
450 AM PDT THU JUN 02 2022
...................................
...THE ELY AIRPORT NV CLIMATE SUMMARY FOR THE SEASON, FROM
3/1/2022 TO 5/31/2022...
CLIMATE NORMAL PERIOD 1991 TO 2020
CLIMATE RECORD PERIOD 1893 TO 2022
WEATHER OBSERVED NORMAL DEPART LAST YEAR`S
VALUE DATE(S) VALUE FROM VALUE
NORMAL
..............................................................
TEMPERATURE (F)
RECORD
HIGH 95 05/31/1910
LOW -13 03/03/1952
HIGHEST 86 05/26 82 4 83
LOWEST 7 04/12 3 4 8
AVG. MAXIMUM 60.1 60.1 -0.0 60.8
AVG. MINIMUM 26.1 28.1 -2.0 25.2
MEAN 43.1 44.1 -1.0 43.0
DAYS MAX >= 90 0 0.2 -0.2 0
DAYS MAX <= 32 3 0.9 2.1 0
DAYS MIN <= 32 74 66.2 7.8 71
DAYS MIN <= 0 0 0.4 -0.4 0
PRECIPITATION (INCHES)
RECORD
MAXIMUM 8.69 2019
MINIMUM 0.50 1910
TOTALS 1.43 3.10 -1.67 2.58
DAILY AVG. 0.02 0.03 -0.01 0.03
DAYS >= .01 16 22.5 -6.5 15
DAYS >= .10 3 9.8 -6.8 7
DAYS >= .50 1 1.1 -0.1 2
DAYS >= 1.00 0 0.2 -0.2 0
SNOWFALL (INCHES)
RECORDS
TOTAL 50.0 1964
TOTALS 11.1 16.8 -5.7 16.8
DAYS >= 1.0 5 5.3 -0.3 5
GREATEST
SNOW DEPTH 3 03/06 4
DEGREE DAYS
HEATING TOTAL 1986 1924 62 1998
COOLING TOTAL 0 2 -2 0
..............................................................
WIND (MPH)
AVERAGE WIND SPEED 10.2
HIGHEST WIND SPEED/DIRECTION 43/250 DATE 04/11
HIGHEST GUST SPEED/DIRECTION 73/250 DATE 04/11
AVERAGE RH (PERCENT) 46
WEATHER CONDITIONS. NUMBER OF DAYS WITH
THUNDERSTORM 3 MIXED PRECIP 0
HEAVY RAIN 0 RAIN 1
LIGHT RAIN 14 FREEZING RAIN 0
LT FREEZING RAIN 0 HAIL 1
HEAVY SNOW 3 SNOW 4
LIGHT SNOW 11 SLEET 0
FOG 14 FOG W/VIS <= 1/4 MILE 3
HAZE 8
- INDICATES NEGATIVE NUMBERS.
R INDICATES RECORD WAS SET OR TIED.
MM INDICATES DATA IS MISSING.
T INDICATES TRACE AMOUNT.
=====================================================================
...COOLER THAN NORMAL METEOROLOGICAL SPRING IN ELY...
...DRIER THAN NORMAL METEORLOGICAL SPRING IN ELY...
...8TH DRIEST METEORLOGICAL SPRING ON RECORD FOR ELY...
THE AVERAGE TEMPERATURE IN ELY DURING METEOROLOGICAL SPRING (MAR-
MAY) 2022 WAS 43.1 DEGREES, WHICH IS 1.0 DEGREES BELOW THE NORMAL
44.1 DEGREES. THE TOTAL PRECIPITATION WAS 1.43 INCHES, WHICH IS 1.67
INCHES BELOW OR 46 PERCENT OF THE NORMAL OF 3.10 INCHES. THE TOTAL
SNOWFALL WAS 11.1 INCHES, WHICH IS 5.7 INCHES BELOW OR 66 PERCENT OF
THE 1991-2020 CLIMATOLOGICAL NORMAL OF 16.8 INCHES. THE PERIOD OF
RECORD FOR THE ELY AREA BEGAN IN 1893.
$$