000
CXUS53 KTOP 010810
CF6EMP
PRELIMINARY LOCAL CLIMATOLOGICAL DATA (WS FORM: F-6)
STATION: EMPORIA KS
MONTH: SEPTEMBER
YEAR: 2023
LATITUDE: 38 19 N
LONGITUDE: 96 12 W
TEMPERATURE IN F: :PCPN: SNOW: WIND :SUNSHINE: SKY :PK WND
================================================================================
1 2 3 4 5 6A 6B 7 8 9 10 11 12 13 14 15 16 17 18
12Z AVG MX 2MIN
DY MAX MIN AVG DEP HDD CDD WTR SNW DPTH SPD SPD DIR MIN PSBL S-S WX SPD DR
================================================================================
1 96 59 78 4 0 13 0.00 M M 9.2 18 170 M M 0 23 160
2 100 62 81 7 0 16 0.00 M M 10.3 17 170 M M 0 25 160
3 100 60 80 7 0 15 0.00 M M 11.0 22 190 M M 0 29 190
4 99 73 86 13 0 21 0.00 M M 17.4 28 160 M M 0 40 150
5 98 68 83 10 0 18 0.05 M M 15.0 28 230 M M 0 3 37 210
6 89 56 73 1 0 8 0.00 M M 8.4 17 320 M M 1 18 27 300
7 93 54 74 2 0 9 0.00 M M 6.5 17 100 M M 10 8 26 90
8 93 60 77 5 0 12 T M M 10.2 16 60 M M 1 38 24 60
9 90 55 73 2 0 8 0.00 M M 3.8 13 70 M M 0 18 70
10 89 57 73 2 0 8 T M M 6.5 16 130 M M 1 8 21 150
11 70 61 66 -5 0 1 0.56 M M 5.0 12 20 M M 9 1 15 20
12 80 54 67 -3 0 2 0.00 M M 4.6 14 50 M M 3 12 21 60
13 81 53 67 -3 0 2 0.00 M M 6.7 14 70 M M 1 20 150
14 83 51 67 -3 0 2 0.00 M M 6.3 13 160 M M 2 18 110
15 81 63 72 3 0 7 0.05 M M 6.2 13 310 M M 9 19 150
16 81 59 70 1 0 5 0.01 M M 4.4 21 30 M M 6 1 28 30
17 83 54 69 0 0 4 0.00 M M 5.4 13 20 M M 0 8 21 40
18 94 54 74 6 0 9 0.00 M M 11.4 20 190 M M 0 8 29 170
19 78 65 72 4 0 7 0.17 M M 15.2 30 140 M M 3 3 43 140
20 86 62 74 7 0 9 0.00 M M 10.6 20 160 M M 2 28 180
21 88 62 75 8 0 10 0.01 M M 9.4 20 50 M M 2 13 25 120
22 84 64 74 7 0 9 M M M 12.3 25 160 M M 3 13 35 160
23 90 66 78 12 0 13 T M M 10.3 22 190 M M 2 31 200
24 87 58 73 7 0 8 0.00 M M 5.7 20 310 M M 0 27 320
25 90 53 72 6 0 7 0.00 M M 4.7 15 300 M M 0 20 320
26 92 55 74 9 0 9 T M M 4.0 15 260 M M 1 22 260
27 86 58 72 7 0 7 0.00 M M 5.7 13 80 M M 2 13 17 120
28 96 60 78 14 0 13 0.00 M M 8.5 17 150 M M 0 25 140
29 95 66 81 17 0 16 0.00 M M 14.3 25 160 M M 0 36 160
30 93 69 81 17 0 16 0.00 M M 14.0 25 190 M M 0 31 180
================================================================================
SM 2665 1791 0 284 0.85 M 263.0 M 58
================================================================================
AV 88.8 59.7 8.8 FASTST M M 2 MAX(MPH)
MISC ----> 30 140 43 140
================================================================================
NOTES:
# LAST OF SEVERAL OCCURRENCES
COLUMN 17 PEAK WIND IN M.P.H.
PRELIMINARY LOCAL CLIMATOLOGICAL DATA (WS FORM: F-6) , PAGE 2
STATION: EMPORIA KS
MONTH: SEPTEMBER
YEAR: 2023
LATITUDE: 38 19 N
LONGITUDE: 96 12 W
[TEMPERATURE DATA] [PRECIPITATION DATA] SYMBOLS USED IN COLUMN 16
AVERAGE MONTHLY: 74.3 TOTAL FOR MONTH: 0.85 1 = FOG OR MIST
DPTR FM NORMAL: 5.3 DPTR FM NORMAL: -2.40 2 = FOG REDUCING VISIBILITY
HIGHEST: 100 ON 3, 2 GRTST 24HR 0.56 ON 11-11 TO 1/4 MILE OR LESS
LOWEST: 51 ON 14 3 = THUNDER
SNOW, ICE PELLETS, HAIL 4 = ICE PELLETS
TOTAL MONTH: M 5 = HAIL
GRTST 24HR M ON M 6 = FREEZING RAIN OR DRIZZLE
GRTST DEPTH: M ON M 7 = DUSTSTORM OR SANDSTORM:
VSBY 1/2 MILE OR LESS
8 = SMOKE OR HAZE
[NO. OF DAYS WITH] [WEATHER - DAYS WITH] 9 = BLOWING SNOW
X = TORNADO
MAX 32 OR BELOW: 0 0.01 INCH OR MORE: 6
MAX 90 OR ABOVE: 15 0.10 INCH OR MORE: 2
MIN 32 OR BELOW: 0 0.50 INCH OR MORE: 1
MIN 0 OR BELOW: 0 1.00 INCH OR MORE: 0
[HDD (BASE 65) ]
TOTAL THIS MO. 0 CLEAR (SCALE 0-3) 25
DPTR FM NORMAL -48 PTCLDY (SCALE 4-7) 2
TOTAL FM JUL 1 0 CLOUDY (SCALE 8-10) 3
DPTR FM NORMAL -49
[CDD (BASE 65) ]
TOTAL THIS MO. 284
DPTR FM NORMAL 116 [PRESSURE DATA]
TOTAL FM JAN 1 1777 HIGHEST SLP M ON M
DPTR FM NORMAL 379 LOWEST SLP 29.63 ON 4
[REMARKS]
#FINAL-09-23#