552
CXUS53 KMKX 010910
CF6ENW
PRELIMINARY LOCAL CLIMATOLOGICAL DATA (WS FORM: F-6)
STATION: KENOSHA WI
MONTH: NOVEMBER
YEAR: 2020
LATITUDE: 42 35 N
LONGITUDE: 87 56 W
TEMPERATURE IN F: :PCPN: SNOW: WIND :SUNSHINE: SKY :PK WND
================================================================================
1 2 3 4 5 6A 6B 7 8 9 10 11 12 13 14 15 16 17 18
12Z AVG MX 2MIN
DY MAX MIN AVG DEP HDD CDD WTR SNW DPTH SPD SPD DIR MIN PSBL S-S WX SPD DR
================================================================================
1 52 24 38 -7 27 0 0.00 0.0 0 14.6 29 310 M M 4 46 310
2 53 21 37 -8 28 0 0.00 0.0 0 11.9 25 250 M M 0 36 240
3 72 33 53 9 12 0 0.00 0.0 0 10.0 22 240 M M 0 30 250
4 74 52 63 19 2 0 0.00 0.0 0 11.5 22 240 M M 0 38 260
5 72 48 60 17 5 0 0.00 0.0 0 10.0 18 250 M M 0 22 270
6 75 48 62 19 3 0 0.00 0.0 0 10.1 20 230 M M 0 8 27 240
7 73 53 63 21 2 0 0.00 0.0 0 9.9 20 220 M M 0 29 210
8 75 53 64 22 1 0 0.00 0.0 0 8.5 16 180 M M 3 22 180
9 77 63 70 28 0 5 0.00 0.0 0 14.1 28 200 M M 3 38 200
10 76 40 58 17 7 0 0.46 M 0 19.1 43 250 M M 6 13 60 240
11 47 32 40 -1 25 0 0.00 0.0 0 12.0 29 260 M M 3 42 250
12 56 31 44 4 21 0 T M 0 7.6 17 190 M M 2 21 190
13 47 26 37 -3 28 0 0.01 M 0 9.1 21 300 M M 4 30 310
14 50 26 38 -1 27 0 0.27 M 0 15.0 28 150 M M 5 138 37 150
15 55 33 44 5 21 0 0.06 M 0 23.4 40 270 M M 9 18 57 270
16 45 30 38 0 27 0 0.00 M M 9.8 20 270 M M 4 30 270
17 41 26 34 -4 31 0 0.00 M M 9.6 23 320 M M 1 34 320
18 53 33 43 6 22 0 0.00 M M 13.5 26 210 M M 2 40 200
19 65 48 57 20 8 0 0.00 M M 17.3 30 220 M M 0 42 220
20 58 34 46 10 19 0 0.00 0.0 0 9.0 18 310 M M 0 28 300
21 46 30 38 2 27 0 0.00 0.0 0 3.2 9 90 M M 0 8 11 80
22 48 35 42 7 23 0 0.00 0.0 0 5.7 15 310 M M 5 20 310
23 46 30 38 3 27 0 0.00 M M 5.9 15 310 M M 3 22 300
24 44 32 38 4 27 0 0.43 M M 9.9 18 150 M M 10 18 25 140
25 46 44 45 11 20 0 0.57 M M 6.8 15 330 M M 10 1 22 330
26 47 39 43 10 22 0 0.00 M M 9.8 18 230 M M 9 1 29 230
27 46 31 39 6 26 0 0.00 M M 7.0 17 280 M M 5 23 270
28 51 26 39 7 26 0 0.00 M M 11.3 20 240 M M 0 29 240
29 50 36 43 11 22 0 0.00 M M 12.1 20 340 M M 3 27 340
30 36 29 33 2 32 0 0.00 M M 14.7 22 330 M M 10 33 330
================================================================================
SM 1676 1086 568 5 1.80 0.0 332.4 M 101
================================================================================
AV 55.9 36.2 11.1 FASTST M M 3 MAX(MPH)
MISC ----> 43 250 60 240
================================================================================
NOTES:
# LAST OF SEVERAL OCCURRENCES
COLUMN 17 PEAK WIND IN M.P.H.
PRELIMINARY LOCAL CLIMATOLOGICAL DATA (WS FORM: F-6) , PAGE 2
STATION: KENOSHA WI
MONTH: NOVEMBER
YEAR: 2020
LATITUDE: 42 35 N
LONGITUDE: 87 56 W
[TEMPERATURE DATA] [PRECIPITATION DATA] SYMBOLS USED IN COLUMN 16
AVERAGE MONTHLY: 46.0 TOTAL FOR MONTH: 1.80 1 = FOG OR MIST
DPTR FM NORMAL: 7.7 DPTR FM NORMAL: -0.93 2 = FOG REDUCING VISIBILITY
HIGHEST: 77 ON 9 GRTST 24HR 0.80 ON 24-25 TO 1/4 MILE OR LESS
LOWEST: 21 ON 2 3 = THUNDER
SNOW, ICE PELLETS, HAIL 4 = ICE PELLETS
TOTAL MONTH: 0.0 INCH 5 = HAIL
GRTST 24HR 0.0 6 = FREEZING RAIN OR DRIZZLE
GRTST DEPTH: 0 7 = DUSTSTORM OR SANDSTORM:
VSBY 1/2 MILE OR LESS
8 = SMOKE OR HAZE
[NO. OF DAYS WITH] [WEATHER - DAYS WITH] 9 = BLOWING SNOW
X = TORNADO
MAX 32 OR BELOW: 0 0.01 INCH OR MORE: 6
MAX 90 OR ABOVE: 0 0.10 INCH OR MORE: 4
MIN 32 OR BELOW: 14 0.50 INCH OR MORE: 1
MIN 0 OR BELOW: 0 1.00 INCH OR MORE: 0
[HDD (BASE 65) ]
TOTAL THIS MO. 568 CLEAR (SCALE 0-3) 15
DPTR FM NORMAL -232 PTCLDY (SCALE 4-7) 10
TOTAL FM JUL 1 1179 CLOUDY (SCALE 8-10) 5
DPTR FM NORMAL -246
[CDD (BASE 65) ]
TOTAL THIS MO. 5
DPTR FM NORMAL 5 [PRESSURE DATA]
TOTAL FM JAN 1 862 HIGHEST SLP 30.58 ON 21
DPTR FM NORMAL 317 LOWEST SLP 29.22 ON 15
[REMARKS]
#FINAL-11-20#