531
CXUS56 KOTX 011010
CF6EPH
PRELIMINARY LOCAL CLIMATOLOGICAL DATA (WS FORM: F-6)
STATION: EPHRATA WA AIRPORT
MONTH: OCTOBER
YEAR: 2020
LATITUDE: 47 18 N
LONGITUDE: 119 31 W
TEMPERATURE IN F: :PCPN: SNOW: WIND :SUNSHINE: SKY :PK WND
================================================================================
1 2 3 4 5 6A 6B 7 8 9 10 11 12 13 14 15 16 17 18
12Z AVG MX 2MIN
DY MAX MIN AVG DEP HDD CDD WTR SNW DPTH SPD SPD DIR MIN PSBL S-S WX SPD DR
================================================================================
1 80 50 65 7 0 0 0.00 M M 4.8 10 20 M M 0 15 220
2 83 53 68 11 0 3 0.00 M M 4.9 9 230 M M 0 13 360
3 81 52 67 10 0 2 0.00 M M 4.3 10 40 M M 0 14 10
4 82 45 64 8 1 0 0.00 M M 5.7 15 200 M M 0 20 190
5 80 49 65 9 0 0 0.00 M M 6.5 21 330 M M 0 24 340
6 82 49 66 11 0 1 0.00 M M 5.6 13 200 M M 0 17 200
7 83 52 68 13 0 3 T M M 5.7 13 10 M M 0 16 360
8 80 47 64 10 1 0 0.00 M M 9.2 21 300 M M 0 25 300
9 75 46 61 7 4 0 0.00 M M 4.7 14 180 M M 0 18 180
10 66 43 55 2 10 0 0.05 M M 14.7 33 250 M M 5 42 250
11 58 37 48 -5 17 0 0.18 M M 9.5 22 160 M M 4 1 27 160
12 66 40 53 1 12 0 0.00 M M 7.1 37 280 M M 0 49 270
13 65 45 55 3 10 0 0.15 M M 12.4 40 250 M M 4 1 50 250
14 63 47 55 4 10 0 0.00 M M 13.4 33 280 M M 1 43 280
15 61 38 50 -1 15 0 0.00 M M 7.0 21 310 M M 2 25 310
16 69 40 55 5 10 0 0.00 M M 13.4 36 230 M M 5 46 220
17 65 47 56 6 9 0 0.00 M M 7.4 22 310 M M 2 26 310
18 64 42 53 4 12 0 T M M 5.4 17 270 M M 5 22 260
19 66 47 57 8 8 0 0.00 M M 14.5 26 320 M M 1 34 320
20 60 43 52 4 13 0 0.00 M M 8.2 20 310 M M 0 25 310
21 55 36 46 -2 19 0 0.00 M M 9.4 23 20 M M 1 27 20
22 52 30 41 -7 24 0 0.00 M M 5.9 21 340 M M 3 24 340
23 40 27 34 -13 31 0 0.01 M M 9.2 17 20 M M 8 1 22 350
24 44 28 36 -11 29 0 0.00 M M 13.6 25 360 M M 8 31 360
25 39 20 30 -16 35 0 0.00 M M 6.4 16 30 M M 2 20 30
26 41 21 31 -15 34 0 0.00 M M 4.4 10 200 M M 2 14 210
27 45 21 33 -12 32 0 0.00 M M 5.3 12 20 M M 0 13 20
28 49 32 41 -4 24 0 0.00 M M 4.9 9 10 M M 0 12 10
29 62 33 48 4 17 0 0.00 M M 3.0 8 10 M M 0 12 10
30 64 34 49 5 16 0 0.00 M M 10.1 31 250 M M 1 8 37 260
31 56 26 41 -3 24 0 0.00 M M 4.6 15 340 M M 0 19 300
================================================================================
SM 1976 1220 417 9 0.39 M 241.2 M 54
================================================================================
AV 63.7 39.4 7.8 FASTST M M 2 MAX(MPH)
MISC ----> 40 250 50 250
================================================================================
NOTES:
# LAST OF SEVERAL OCCURRENCES
COLUMN 17 PEAK WIND IN M.P.H.
PRELIMINARY LOCAL CLIMATOLOGICAL DATA (WS FORM: F-6) , PAGE 2
STATION: EPHRATA WA AIRPORT
MONTH: OCTOBER
YEAR: 2020
LATITUDE: 47 18 N
LONGITUDE: 119 31 W
[TEMPERATURE DATA] [PRECIPITATION DATA] SYMBOLS USED IN COLUMN 16
AVERAGE MONTHLY: 51.5 TOTAL FOR MONTH: 0.39 1 = FOG OR MIST
DPTR FM NORMAL: 1.0 DPTR FM NORMAL: -0.14 2 = FOG REDUCING VISIBILITY
HIGHEST: 83 ON 7, 2 GRTST 24HR 0.18 ON 11-11 TO 1/4 MILE OR LESS
LOWEST: 20 ON 25 3 = THUNDER
SNOW, ICE PELLETS, HAIL 4 = ICE PELLETS
TOTAL MONTH: M 5 = HAIL
GRTST 24HR M ON M 6 = FREEZING RAIN OR DRIZZLE
GRTST DEPTH: M ON M 7 = DUSTSTORM OR SANDSTORM:
VSBY 1/2 MILE OR LESS
8 = SMOKE OR HAZE
[NO. OF DAYS WITH] [WEATHER - DAYS WITH] 9 = BLOWING SNOW
X = TORNADO
MAX 32 OR BELOW: 0 0.01 INCH OR MORE: 4
MAX 90 OR ABOVE: 0 0.10 INCH OR MORE: 2
MIN 32 OR BELOW: 8 0.50 INCH OR MORE: 0
MIN 0 OR BELOW: 0 1.00 INCH OR MORE: 0
[HDD (BASE 65) ]
TOTAL THIS MO. 417 CLEAR (SCALE 0-3) 23
DPTR FM NORMAL -37 PTCLDY (SCALE 4-7) 8
TOTAL FM JUL 1 483 CLOUDY (SCALE 8-10) 0
DPTR FM NORMAL -97
[CDD (BASE 65) ]
TOTAL THIS MO. 9
DPTR FM NORMAL 6 [PRESSURE DATA]
TOTAL FM JAN 1 846 HIGHEST SLP M ON M
DPTR FM NORMAL 74 LOWEST SLP 29.50 ON 10
[REMARKS]
#FINAL-10-20#