000
CXUS51 KCLE 021828
CLSERI
CLIMATE REPORT
NATIONAL WEATHER SERVICE CLEVELAND, OH
228 PM EDT THU JUN 02 2022
...................................
...THE ERIE PA CLIMATE SUMMARY FOR THE SEASON, FROM
3/1/2022 TO 5/31/2022...
CLIMATE NORMAL PERIOD 1991 TO 2020
CLIMATE RECORD PERIOD 1873 TO 2022
WEATHER OBSERVED NORMAL DEPART
VALUE DATE(S) VALUE FROM
NORMAL
................................................
TEMPERATURE (F)
RECORD
HIGH 91 05/30/1879
LOW -9 03/02/1980
HIGHEST 86 05/31
LOWEST 14 03/04
AVG. MAXIMUM 58.3 56.5 1.8
AVG. MINIMUM 40.5 38.4 2.1
MEAN 49.4 47.4 2.0
DAYS MAX >= 90 0 0.2
DAYS MAX <= 32 4 6.3
DAYS MIN <= 32 23 30.3
DAYS MIN <= 0 0 0.1
PRECIPITATION (INCHES)
RECORD
MAXIMUM 19.76 2011
MINIMUM 4.46 1962
TOTALS 9.16 10.05 -0.89
DAYS >= .01 44 41.8
DAYS >= .10 28 24.8
DAYS >= .50 5 6.1
DAYS >= 1.00 0 1.0
SNOWFALL (INCHES)
RECORDS
TOTAL 42.0 2018
TOTALS 6.2 17.1
DAYS >= TRACE 19
DAYS >= 1.0 1 4.5
DEGREE DAYS
HEATING TOTAL 1470 1668 -198
COOLING TOTAL 65 52 13
................................................
WIND (MPH)
HIGHEST GUST SPEED/DIRECTION 51/270 DATE 03/06
SKY COVER
POSSIBLE SUNSHINE (PERCENT) MM
NUMBER OF DAYS FAIR 33
NUMBER OF DAYS PC 39
NUMBER OF DAYS CLOUDY 20
WEATHER CONDITIONS. NUMBER OF DAYS WITH
THUNDERSTORM 10 MIXED PRECIP 0
HEAVY RAIN 8 RAIN 19
LIGHT RAIN 43 FREEZING RAIN 0
LT FREEZING RAIN 1 HAIL 0
HEAVY SNOW 3 SNOW 7
LIGHT SNOW 17 SLEET 0
FOG 42 FOG W/VIS <= 1/4 MILE 7
HAZE 38
- INDICATES NEGATIVE NUMBERS.
R INDICATES RECORD WAS SET OR TIED.
MM INDICATES DATA IS MISSING.
T INDICATES TRACE AMOUNT.
$$