000
CXUS54 KEWX 011110
CF6ERV
PRELIMINARY LOCAL CLIMATOLOGICAL DATA (WS FORM: F-6)
STATION: KERRVILLE
MONTH: FEBRUARY
YEAR: 2024
LATITUDE: 29 58 N
LONGITUDE: 99 5 W
TEMPERATURE IN F: :PCPN: SNOW: WIND :SUNSHINE: SKY :PK WND
================================================================================
1 2 3 4 5 6A 6B 7 8 9 10 11 12 13 14 15 16 17 18
12Z AVG MX 2MIN
DY MAX MIN AVG DEP HDD CDD WTR SNW DPTH SPD SPD DIR MIN PSBL S-S WX SPD DR
================================================================================
1 70 42 56 M 9 0 M M M 5.8 16 150 M M 5 21 190
2 64 52 58 M 7 0 0.24 M M 11.1 23 260 M M 9 1 38 260
3 69 42 56 M 9 0 M M M 5.8 23 280 M M 6 1 32 270
4 66 47 57 M 8 0 M M M 14.6 28 310 M M 1 39 320
5 61 42 52 M 13 0 M M M 12.5 23 340 M M 5 30 340
6 66 33 50 M 15 0 M M M 4.0 9 190 M M 0 M M
7 66 41 54 M 11 0 M M M 11.7 18 160 M M 6 1 26 160
8 70 51 61 M 4 0 M M M 4.0 9 340 M M 4 16 190
9 72 54 63 M 2 0 M M M 5.1 9 180 M M 6 1 16 180
10 69 57 63 M 2 0 0.76 M M 5.5 13 130 M M 9 1 16 170
11 63 44 54 M 11 0 0.04 M M 11.7 18 340 M M 7 1 28 320
12 58 34 46 M 19 0 M M M 11.6 21 340 M M 2 31 320
13 66 30 48 M 17 0 M M M 3.8 12 170 M M 0 18 170
14 60 37 49 M 16 0 M M M 4.7 13 160 M M 7 M M
15 67 55 61 M 4 0 M M M 4.4 8 170 M M 6 1 M M
16 72 49 61 M 4 0 M M M 7.5 18 350 M M 2 25 350
17 49 34 42 M 23 0 M M M 13.5 22 360 M M 3 27 360
18 55 28 42 M 23 0 M M M 3.9 8 360 M M 1 M M
19 69 31 50 M 15 0 M M M 5.4 12 210 M M 0 16 190
20 78 37 58 M 7 0 M M M 5.7 13 170 M M 0 20 180
21 75 53 64 M 1 0 M M M 9.1 16 160 M M 4 1 21 180
22 82 55 69 M 0 4 M M M 8.7 17 310 M M 4 1 27 310
23 72 47 60 M 5 0 M M M 4.7 13 50 M M 0 18 20
24 75 37 56 M 9 0 M M M 5.8 13 200 M M 0 22 150
25 85 54 70 M 0 5 M M M 7.7 15 190 M M 2 20 190
26 89 48 69 M 0 4 M M M 4.7 16 200 M M 0 22 210
27 84 62 73 M 0 8 M M M 5.7 9 180 M M 3 18 M M
28 66 43 55 M 10 0 M M M 11.8 23 340 M M 3 30 350
29 48 40 44 M 21 0 M M M 5.0 10 350 M M 8 M M
================================================================================
SM 1986 1279 265 21 1.04 M 215.6 M 103
================================================================================
AV 68.5 44.1 7.4 FASTST M M 4 MAX(MPH)
MISC ----> 28 310 39 320
================================================================================
NOTES:
# LAST OF SEVERAL OCCURRENCES
COLUMN 17 PEAK WIND IN M.P.H.
PRELIMINARY LOCAL CLIMATOLOGICAL DATA (WS FORM: F-6) , PAGE 2
STATION: KERRVILLE
MONTH: FEBRUARY
YEAR: 2024
LATITUDE: 29 58 N
LONGITUDE: 99 5 W
[TEMPERATURE DATA] [PRECIPITATION DATA] SYMBOLS USED IN COLUMN 16
AVERAGE MONTHLY: 56.3 TOTAL FOR MONTH: 1.04 1 = FOG OR MIST
DPTR FM NORMAL: 0.0 DPTR FM NORMAL: M 2 = FOG REDUCING VISIBILITY
HIGHEST: 89 ON 26 GRTST 24HR 0.76 ON 10-10 TO 1/4 MILE OR LESS
LOWEST: 28 ON 18 3 = THUNDER
SNOW, ICE PELLETS, HAIL 4 = ICE PELLETS
TOTAL MONTH: M 5 = HAIL
GRTST 24HR M ON M 6 = FREEZING RAIN OR DRIZZLE
GRTST DEPTH: M ON M 7 = DUSTSTORM OR SANDSTORM:
VSBY 1/2 MILE OR LESS
8 = SMOKE OR HAZE
[NO. OF DAYS WITH] [WEATHER - DAYS WITH] 9 = BLOWING SNOW
X = TORNADO
MAX 32 OR BELOW: 0 0.01 INCH OR MORE: 3
MAX 90 OR ABOVE: 0 0.10 INCH OR MORE: 2
MIN 32 OR BELOW: 3 0.50 INCH OR MORE: 1
MIN 0 OR BELOW: 0 1.00 INCH OR MORE: 0
[HDD (BASE 65) ]
TOTAL THIS MO. 265 CLEAR (SCALE 0-3) 14
DPTR FM NORMAL M PTCLDY (SCALE 4-7) 13
TOTAL FM JUL 1 1601 CLOUDY (SCALE 8-10) 2
DPTR FM NORMAL M
[CDD (BASE 65) ]
TOTAL THIS MO. 21
DPTR FM NORMAL M [PRESSURE DATA]
TOTAL FM JAN 1 21 HIGHEST SLP M ON M
DPTR FM NORMAL M LOWEST SLP M ON M
[REMARKS]
#FINAL-02-24#