000
CXUS53 KDMX 020234
CF6EST
PRELIMINARY LOCAL CLIMATOLOGICAL DATA (WS FORM: F-6)
STATION: ESTHERVILLE IA
MONTH: MAY
YEAR: 2023
LATITUDE: 43 24 N
LONGITUDE: 94 45 W
TEMPERATURE IN F: :PCPN: SNOW: WIND :SUNSHINE: SKY :PK WND
================================================================================
1 2 3 4 5 6A 6B 7 8 9 10 11 12 13 14 15 16 17 18
12Z AVG MX 2MIN
DY MAX MIN AVG DEP HDD CDD WTR SNW DPTH SPD SPD DIR MIN PSBL S-S WX SPD DR
================================================================================
1 58 38 48 -3 17 0 0.00 0.0 0 23.8 40 340 M M 0 52 330
2 63 35 49 -3 16 0 0.00 0.0 0 19.2 38 340 M M 1 48 320
3 73 29 51 -1 14 0 0.00 0.0 0 6.3 13 300 M M 0 20 290
4 84 42 63 11 2 0 T 0.0 0 9.1 21 260 M M 3 8 27 260
5 73 47 60 7 5 0 T 0.0 0 11.6 21 190 M M 5 28 190
6 68 53 61 8 4 0 0.67 0.0 0 13.1 25 170 M M 8 123 34 160
7 73 52 63 9 2 0 0.02 0.0 0 6.5 26 230 M M 6 1238 37 230
8 77 48 63 9 2 0 T 0.0 0 7.8 36 40 M M 2 13 44 30
9 70 50 60 5 5 0 0.10 0.0 0 9.5 20 120 M M 2 128 24 270
10 79 50 65 10 0 0 0.00 0.0 0 13.8 25 140 M M 2 1 32 140
11 77 61 69 13 0 4 0.11 0.0 0 13.3 28 140 M M 3 13 35 140
12 72 61 67 11 0 2 0.17 0.0 0 12.5 23 90 M M 9 18 31 90
13 68 59 64 8 1 0 2.67 0.0 0 20.6 30 90 M M 10 13 41 100
14 59 52 56 -1 9 0 0.06 0.0 0 18.6 28 70 M M 10 1 36 90
15 68 49 59 2 6 0 0.00 0.0 0 7.9 15 60 M M 4 22 80
16 80 49 65 7 0 0 0.00 0.0 0 9.8 16 350 M M 0 23 330
17 77 53 65 7 0 0 0.00 0.0 0 11.2 22 130 M M 0 28 160
18 71 52 62 4 3 0 0.00 0.0 0 13.1 25 350 M M 6 8 34 350
19 55 41 48 -11 17 0 0.00 0.0 0 12.8 25 340 M M 4 33 340
20 72 39 56 -3 9 0 0.00 0.0 0 4.8 9 170 M M 0 17 170
21 80 44 62 2 3 0 0.00 0.0 0 8.7 18 190 M M 0 25 180
22 79 49 64 4 1 0 0.00 0.0 0 9.4 20 180 M M 0 28 170
23 84 52 68 8 0 3 0.00 0.0 0 8.8 18 180 M M 0 8 29 200
24 84 53 69 8 0 4 0.00 0.0 0 10.4 23 120 M M 1 35 130
25 80 56 68 7 0 3 0.00 0.0 0 15.1 24 130 M M 2 31 130
26 79 50 65 3 0 0 0.00 0.0 0 12.2 21 160 M M 0 31 140
27 80 45 63 1 2 0 0.00 0.0 0 11.5 24 150 M M 0 33 170
28 82 48 65 3 0 0 0.00 0.0 0 10.8 21 150 M M 0 8 28 190
29 85 53 69 6 0 4 0.58 0.0 0 15.9 29 40 M M 4 3 41 40
30 86 65 76 13 0 11 0.07 0.0 0 14.5 31 160 M M 4 3 42 160
31 86 61 74 10 0 9 0.00 0.0 0 11.6 25 160 M M 2 3 33 150
================================================================================
SM 2322 1536 118 40 4.45 0.0 374.2 M 88
================================================================================
AV 74.9 49.5 12.1 FASTST M M 3 MAX(MPH)
MISC ----> 40 340 52 330
================================================================================
NOTES:
# LAST OF SEVERAL OCCURRENCES
COLUMN 17 PEAK WIND IN M.P.H.
PRELIMINARY LOCAL CLIMATOLOGICAL DATA (WS FORM: F-6) , PAGE 2
STATION: ESTHERVILLE IA
MONTH: MAY
YEAR: 2023
LATITUDE: 43 24 N
LONGITUDE: 94 45 W
[TEMPERATURE DATA] [PRECIPITATION DATA] SYMBOLS USED IN COLUMN 16
AVERAGE MONTHLY: 62.2 TOTAL FOR MONTH: 4.45 1 = FOG OR MIST
DPTR FM NORMAL: 4.6 DPTR FM NORMAL: -0.05 2 = FOG REDUCING VISIBILITY
HIGHEST: 86 ON 31,30 GRTST 24HR 2.67 ON 13-13 TO 1/4 MILE OR LESS
LOWEST: 29 ON 3 3 = THUNDER
SNOW, ICE PELLETS, HAIL 4 = ICE PELLETS
TOTAL MONTH: 0.0 INCH 5 = HAIL
GRTST 24HR 0.0 6 = FREEZING RAIN OR DRIZZLE
GRTST DEPTH: 0 7 = DUSTSTORM OR SANDSTORM:
VSBY 1/2 MILE OR LESS
8 = SMOKE OR HAZE
[NO. OF DAYS WITH] [WEATHER - DAYS WITH] 9 = BLOWING SNOW
X = TORNADO
MAX 32 OR BELOW: 0 0.01 INCH OR MORE: 9
MAX 90 OR ABOVE: 0 0.10 INCH OR MORE: 6
MIN 32 OR BELOW: 1 0.50 INCH OR MORE: 3
MIN 0 OR BELOW: 0 1.00 INCH OR MORE: 1
[HDD (BASE 65) ]
TOTAL THIS MO. 118 CLEAR (SCALE 0-3) 19
DPTR FM NORMAL -144 PTCLDY (SCALE 4-7) 9
TOTAL FM JUL 1 7553 CLOUDY (SCALE 8-10) 3
DPTR FM NORMAL -312
[CDD (BASE 65) ]
TOTAL THIS MO. 40
DPTR FM NORMAL 9 [PRESSURE DATA]
TOTAL FM JAN 1 56 HIGHEST SLP 30.46 ON 15
DPTR FM NORMAL 23 LOWEST SLP 29.73 ON 6
[REMARKS]
#FINAL-05-23#