000
CXUS53 KDMX 021040
CF6EST
PRELIMINARY LOCAL CLIMATOLOGICAL DATA (WS FORM: F-6)
STATION: ESTHERVILLE IA
MONTH: DECEMBER
YEAR: 2020
LATITUDE: 43 24 N
LONGITUDE: 94 45 W
TEMPERATURE IN F: :PCPN: SNOW: WIND :SUNSHINE: SKY :PK WND
================================================================================
1 2 3 4 5 6A 6B 7 8 9 10 11 12 13 14 15 16 17 18
12Z AVG MX 2MIN
DY MAX MIN AVG DEP HDD CDD WTR SNW DPTH SPD SPD DIR MIN PSBL S-S WX SPD DR
================================================================================
1 40 10 25 1 40 0 0.00 0.0 0 9.3 17 160 M M 0 21 150
2 43 14 29 5 36 0 0.00 0.0 0 7.5 14 310 M M 1 17 340
3 44 19 32 9 33 0 0.00 0.0 0 11.1 20 280 M M 0 26 270
4 48 18 33 10 32 0 0.00 0.0 0 6.4 13 290 M M 0 17 290
5 45 16 31 9 34 0 0.00 0.0 0 8.2 18 360 M M 1 1 23 10
6 34 21 28 6 37 0 0.00 0.0 0 8.8 15 310 M M 6 1 20 300
7 29 19 24 2 41 0 0.00 0.0 0 6.1 12 280 M M 7 12 13 360
8 51 16 34 13 31 0 0.00 0.0 0 9.7 21 240 M M 1 12 24 240
9 53 27 40 19 25 0 0.00 0.0 0 8.4 18 340 M M 0 23 340
10 47 25 36 16 29 0 0.00 0.0 0 13.8 22 360 M M 0 32 350
11 37 27 32 12 33 0 0.00 0.0 0 18.4 26 40 M M 6 33 50
12 29 22 26 6 39 0 0.00 0.0 0 15.6 24 20 M M 7 31 20
13 29 13 21 2 44 0 0.00 0.0 0 12.6 24 340 M M 9 31 340
14 19 5 12 -7 53 0 0.00 0.0 0 8.3 20 320 M M 2 26 330
15 25 6 16 -3 49 0 0.00 0.0 0 7.3 15 180 M M 4 20 160
16 30 6 18 0 47 0 0.00 0.0 0 8.6 14 210 M M 5 18 20 190
17 25 20 23 5 42 0 0.00 0.0 0 9.8 20 160 M M 10 12 26 160
18 39 21 30 12 35 0 0.02 M 0 14.6 25 340 M M 6 12 33 340
19 31 12 22 4 43 0 0.00 0.0 0 10.8 23 320 M M 5 1 30 330
20 42 12 27 9 38 0 0.00 0.0 0 10.2 16 200 M M 2 23 200
21 42 14 28 11 37 0 0.00 0.0 0 20.8 47 310 M M 1 60 310
22 50 16 33 16 32 0 0.00 0.0 0 19.7 38 190 M M 2 48 200
23 40 2 21 4 44 0 M M 0 27.7 55 320 M M 6 1269 71 320
24 6 -5 1 -16 64 0 M M M 19.5 33 320 M M 0 18 44 320
25 21 -6 8 -9 57 0 0.00 0.0 M 9.7 20 240 M M 1 25 210
26 26 10 18 2 47 0 0.00 0.0 M 6.9 13 140 M M 0 15 140
27 25 13 19 3 46 0 M M M 12.3 24 340 M M 9 1 30 340
28 23 3 13 -3 52 0 0.00 0.0 M 8.1 18 290 M M 4 1 23 280
29 22 6 14 -2 51 0 M M M 13.1 23 140 M M 7 1 32 140
30 24 9 17 1 48 0 M M M 17.9 31 300 M M 9 18 40 300
31 20 11 16 0 49 0 0.00 0.0 M 13.0 22 170 M M 4 1 28 170
================================================================================
SM 1039 402 1288 0 0.02 0.0 374.2 M 115
================================================================================
AV 33.5 13.0 12.1 FASTST M M 4 MAX(MPH)
MISC ----> 55 320 71 320
================================================================================
NOTES:
# LAST OF SEVERAL OCCURRENCES
COLUMN 17 PEAK WIND IN M.P.H.
PRELIMINARY LOCAL CLIMATOLOGICAL DATA (WS FORM: F-6) , PAGE 2
STATION: ESTHERVILLE IA
MONTH: DECEMBER
YEAR: 2020
LATITUDE: 43 24 N
LONGITUDE: 94 45 W
[TEMPERATURE DATA] [PRECIPITATION DATA] SYMBOLS USED IN COLUMN 16
AVERAGE MONTHLY: 23.2 TOTAL FOR MONTH: 0.02 1 = FOG OR MIST
DPTR FM NORMAL: 4.2 DPTR FM NORMAL: -0.64 2 = FOG REDUCING VISIBILITY
HIGHEST: 53 ON 9 GRTST 24HR 0.02 ON 18-18 TO 1/4 MILE OR LESS
LOWEST: -6 ON 25 3 = THUNDER
SNOW, ICE PELLETS, HAIL 4 = ICE PELLETS
TOTAL MONTH: 0.0 INCH 5 = HAIL
GRTST 24HR 0.0 6 = FREEZING RAIN OR DRIZZLE
GRTST DEPTH: 0 7 = DUSTSTORM OR SANDSTORM:
VSBY 1/2 MILE OR LESS
8 = SMOKE OR HAZE
[NO. OF DAYS WITH] [WEATHER - DAYS WITH] 9 = BLOWING SNOW
X = TORNADO
MAX 32 OR BELOW: 16 0.01 INCH OR MORE: 1
MAX 90 OR ABOVE: 0 0.10 INCH OR MORE: 0
MIN 32 OR BELOW: 31 0.50 INCH OR MORE: 0
MIN 0 OR BELOW: 2 1.00 INCH OR MORE: 0
[HDD (BASE 65) ]
TOTAL THIS MO. 1288 CLEAR (SCALE 0-3) 15
DPTR FM NORMAL -136 PTCLDY (SCALE 4-7) 12
TOTAL FM JUL 1 3102 CLOUDY (SCALE 8-10) 4
DPTR FM NORMAL -42
[CDD (BASE 65) ]
TOTAL THIS MO. 0
DPTR FM NORMAL 0 [PRESSURE DATA]
TOTAL FM JAN 1 627 HIGHEST SLP 30.51 ON 28
DPTR FM NORMAL 34 LOWEST SLP 29.26 ON 23
[REMARKS]
#FINAL-12-20#