000
CXUS56 KPQR 011210
CF6EUG
PRELIMINARY LOCAL CLIMATOLOGICAL DATA (WS FORM: F-6)
STATION: EUGENE OR
MONTH: FEBRUARY
YEAR: 2021
LATITUDE: 44 7 N
LONGITUDE: 123 13 W
TEMPERATURE IN F: :PCPN: SNOW: WIND :SUNSHINE: SKY :PK WND
================================================================================
1 2 3 4 5 6A 6B 7 8 9 10 11 12 13 14 15 16 17 18
12Z AVG MX 2MIN
DY MAX MIN AVG DEP HDD CDD WTR SNW DPTH SPD SPD DIR MIN PSBL S-S WX SPD DR
================================================================================
1 50 43 47 5 18 0 0.49 0.0 0 3.8 12 220 M M 10 1 14 230
2 51 41 46 4 19 0 0.36 0.0 0 13.8 30 190 M M 8 1 42 190
3 49 32 41 -1 24 0 0.49 0.0 0 8.0 25 170 M M 6 18 33 170
4 51 30 41 -1 24 0 0.00 0.0 0 5.0 12 170 M M 7 12 13 170
5 53 41 47 5 18 0 0.01 0.0 0 8.8 14 190 M M 9 1 17 150
6 51 41 46 4 19 0 0.00 0.0 0 6.9 15 180 M M 9 19 230
7 50 35 43 1 22 0 T 0.0 0 3.5 13 300 M M 8 1 18 270
8 47 32 40 -2 25 0 0.00 0.0 0 4.9 10 340 M M 9 11 340
9 47 32 40 -2 25 0 0.00 0.0 0 4.6 10 20 M M 7 13 20
10 46 29 38 -4 27 0 0.00 0.0 0 2.8 8 350 M M 8 12 10 350
11 41 33 37 -5 28 0 0.39 T 0 7.9 23 10 M M 10 1 27 10
12 36 32 34 -9 31 0 0.53 0.0 0 4.9 10 360 M M 10 1 14 120
13 53 35 44 1 21 0 0.52 0.0 0 9.3 21 240 M M 9 18 26 240
14 49 43 46 3 19 0 0.17 0.0 0 11.4 21 190 M M 10 1 27 190
15 53 44 49 6 16 0 0.07 0.0 0 11.8 24 240 M M 9 32 220
16 53 38 46 3 19 0 T 0.0 0 8.5 15 270 M M 8 18 280
17 51 34 43 0 22 0 0.00 0.0 0 3.4 9 230 M M 8 10 230
18 49 40 45 2 20 0 0.39 0.0 0 8.4 21 180 M M 8 1 27 180
19 50 41 46 3 19 0 0.14 0.0 0 7.5 22 220 M M 9 1 25 230
20 52 39 46 3 19 0 0.06 0.0 0 5.9 20 280 M M 9 22 280
21 51 44 48 4 17 0 T 0.0 0 11.5 21 180 M M 10 23 180
22 56 42 49 5 16 0 0.05 0.0 0 11.3 22 210 M M 9 1 27 210
23 51 34 43 -1 22 0 0.01 0.0 0 6.8 17 280 M M 6 12 21 280
24 50 31 41 -3 24 0 T 0.0 0 5.4 15 350 M M 4 1 19 10
25 52 35 44 0 21 0 0.03 0.0 0 9.7 21 240 M M 9 1 26 250
26 47 40 44 0 21 0 0.16 0.0 0 11.3 22 270 M M 9 1 28 270
27 49 38 44 0 21 0 0.04 0.0 0 5.5 14 340 M M 9 1 16 230
28 61 33 47 3 18 0 0.00 0.0 M 4.2 9 190 M M 3 1 13 200
================================================================================
SM 1399 1032 595 0 3.91 T 206.8 M 230
================================================================================
AV 50.0 36.9 7.4 FASTST M M 8 MAX(MPH)
MISC ----> 30 190 42 190
================================================================================
NOTES:
# LAST OF SEVERAL OCCURRENCES
COLUMN 17 PEAK WIND IN M.P.H.
PRELIMINARY LOCAL CLIMATOLOGICAL DATA (WS FORM: F-6) , PAGE 2
STATION: EUGENE OR
MONTH: FEBRUARY
YEAR: 2021
LATITUDE: 44 7 N
LONGITUDE: 123 13 W
[TEMPERATURE DATA] [PRECIPITATION DATA] SYMBOLS USED IN COLUMN 16
AVERAGE MONTHLY: 43.4 TOTAL FOR MONTH: 3.91 1 = FOG OR MIST
DPTR FM NORMAL: 0.5 DPTR FM NORMAL: -1.52 2 = FOG REDUCING VISIBILITY
HIGHEST: 61 ON 28 GRTST 24HR 0.98 ON 12-13 TO 1/4 MILE OR LESS
LOWEST: 29 ON 10 3 = THUNDER
SNOW, ICE PELLETS, HAIL 4 = ICE PELLETS
TOTAL MONTH: T 5 = HAIL
GRTST 24HR T ON 11-11 6 = FREEZING RAIN OR DRIZZLE
GRTST DEPTH: 0 7 = DUSTSTORM OR SANDSTORM:
VSBY 1/2 MILE OR LESS
8 = SMOKE OR HAZE
[NO. OF DAYS WITH] [WEATHER - DAYS WITH] 9 = BLOWING SNOW
X = TORNADO
MAX 32 OR BELOW: 0 0.01 INCH OR MORE: 17
MAX 90 OR ABOVE: 0 0.10 INCH OR MORE: 10
MIN 32 OR BELOW: 7 0.50 INCH OR MORE: 2
MIN 0 OR BELOW: 0 1.00 INCH OR MORE: 0
[HDD (BASE 65) ]
TOTAL THIS MO. 595 CLEAR (SCALE 0-3) 0
DPTR FM NORMAL -22 PTCLDY (SCALE 4-7) 11
TOTAL FM JUL 1 2890 CLOUDY (SCALE 8-10) 17
DPTR FM NORMAL -438
[CDD (BASE 65) ]
TOTAL THIS MO. 0
DPTR FM NORMAL 0 [PRESSURE DATA]
TOTAL FM JAN 1 0 HIGHEST SLP 30.59 ON 24
DPTR FM NORMAL 0 LOWEST SLP 29.60 ON 13
[REMARKS]
#FINAL-02-21#