000
CXUS53 KPAH 010700
CF6EVV
PRELIMINARY LOCAL CLIMATOLOGICAL DATA (WS FORM: F-6)
STATION: EVANSVILLE IN
MONTH: SEPTEMBER
YEAR: 2021
LATITUDE: 38 2 N
LONGITUDE: 87 32 W
TEMPERATURE IN F: :PCPN: SNOW: WIND :SUNSHINE: SKY :PK WND
================================================================================
1 2 3 4 5 6A 6B 7 8 9 10 11 12 13 14 15 16 17 18
12Z AVG MX 2MIN
DY MAX MIN AVG DEP HDD CDD WTR SNW DPTH SPD SPD DIR MIN PSBL S-S WX SPD DR
================================================================================
1 84 60 72 -3 0 7 0.00 0.0 0 7.8 16 30 M M 1 25 10
2 82 59 71 -4 0 6 0.00 0.0 0 6.3 15 90 M M 0 20 100
3 82 58 70 -4 0 5 0.00 0.0 0 3.5 10 90 M M 0 15 80
4 80 64 72 -2 0 7 1.06 0.0 0 4.8 17 230 M M 6 1 24 240
5 81 61 71 -3 0 6 0.90 0.0 0 5.4 14 360 M M 5 1 22 350
6 87 57 72 -2 0 7 0.00 0.0 0 1.9 8 290 M M 0 12 220
7 86 61 74 1 0 9 0.02 0.0 0 7.2 15 190 M M 0 23 220
8 83 60 72 -1 0 7 0.62 0.0 0 5.7 23 240 M M 3 13 33 250
9 80 58 69 -4 0 4 0.00 0.0 0 4.6 14 10 M M 1 21 20
10 83 55 69 -3 0 4 0.00 0.0 0 1.8 8 130 M M 1 12 170
11 85 61 73 1 0 8 0.00 0.0 0 10.7 23 210 M M 2 31 200
12 86 66 76 4 0 11 0.00 0.0 0 10.4 18 190 M M 0 25 240
13 89 65 77 6 0 12 0.00 0.0 0 6.3 16 230 M M 1 1 24 190
14 89 71 80 9 0 15 0.00 0.0 0 9.7 23 210 M M 3 29 210
15 82 65 74 3 0 9 0.00 0.0 0 6.3 15 40 M M 4 20 350
16 85 62 74 4 0 9 0.00 0.0 0 2.9 10 140 M M 5 128 14 120
17 87 65 76 6 0 11 T 0.0 0 2.9 14 200 M M 2 12 18 210
18 89 69 79 9 0 14 0.00 0.0 0 3.6 12 70 M M 3 1 18 110
19 78 67 73 4 0 8 0.62 0.0 0 4.0 10 140 M M 7 123 16 120
20 85 69 77 8 0 12 0.10 0.0 0 6.8 16 140 M M 8 1 25 140
21 81 61 71 3 0 6 0.70 0.0 0 6.1 15 340 M M 9 1 22 330
22 61 50 56 -12 9 0 0.67 0.0 0 8.1 17 320 M M 8 1 29 320
23 71 47 59 -9 6 0 0.00 0.0 0 6.2 17 310 M M 1 26 300
24 77 46 62 -5 3 0 0.00 0.0 0 6.1 15 220 M M 0 24 190
25 75 53 64 -3 1 0 0.13 0.0 0 4.3 12 280 M M 2 1 16 350
26 79 49 64 -2 1 0 0.00 0.0 0 5.6 15 180 M M 0 1 21 180
27 86 57 72 6 0 7 0.00 0.0 0 10.4 21 210 M M 0 28 210
28 89 61 75 9 0 10 0.00 0.0 0 5.2 12 220 M M 0 14 220
29 88 61 75 10 0 10 0.00 0.0 0 1.3 8 180 M M 1 1 11 90
30 87 63 75 10 0 10 0.00 0.0 0 2.8 9 150 M M 1 1 13 150
================================================================================
SM 2477 1801 20 214 4.82 0.0 168.7 M 74
================================================================================
AV 82.6 60.0 5.6 FASTST M M 2 MAX(MPH)
MISC ----> # 23 240 33 250
================================================================================
NOTES:
# LAST OF SEVERAL OCCURRENCES
COLUMN 17 PEAK WIND IN M.P.H.
PRELIMINARY LOCAL CLIMATOLOGICAL DATA (WS FORM: F-6) , PAGE 2
STATION: EVANSVILLE IN
MONTH: SEPTEMBER
YEAR: 2021
LATITUDE: 38 2 N
LONGITUDE: 87 32 W
[TEMPERATURE DATA] [PRECIPITATION DATA] SYMBOLS USED IN COLUMN 16
AVERAGE MONTHLY: 71.3 TOTAL FOR MONTH: 4.82 1 = FOG OR MIST
DPTR FM NORMAL: 1.0 DPTR FM NORMAL: 1.51 2 = FOG REDUCING VISIBILITY
HIGHEST: 89 ON 28,18 GRTST 24HR 1.96 ON 4- 5 TO 1/4 MILE OR LESS
LOWEST: 46 ON 24 3 = THUNDER
SNOW, ICE PELLETS, HAIL 4 = ICE PELLETS
TOTAL MONTH: 0.0 INCH 5 = HAIL
GRTST 24HR 0.0 6 = FREEZING RAIN OR DRIZZLE
GRTST DEPTH: 0 7 = DUSTSTORM OR SANDSTORM:
VSBY 1/2 MILE OR LESS
8 = SMOKE OR HAZE
[NO. OF DAYS WITH] [WEATHER - DAYS WITH] 9 = BLOWING SNOW
X = TORNADO
MAX 32 OR BELOW: 0 0.01 INCH OR MORE: 9
MAX 90 OR ABOVE: 0 0.10 INCH OR MORE: 8
MIN 32 OR BELOW: 0 0.50 INCH OR MORE: 6
MIN 0 OR BELOW: 0 1.00 INCH OR MORE: 1
[HDD (BASE 65) ]
TOTAL THIS MO. 20 CLEAR (SCALE 0-3) 21
DPTR FM NORMAL -14 PTCLDY (SCALE 4-7) 7
TOTAL FM JUL 1 20 CLOUDY (SCALE 8-10) 2
DPTR FM NORMAL -12
[CDD (BASE 65) ]
TOTAL THIS MO. 214
DPTR FM NORMAL 23 [PRESSURE DATA]
TOTAL FM JAN 1 1509 HIGHEST SLP M ON M
DPTR FM NORMAL 25 LOWEST SLP 29.71 ON 1
[REMARKS]
#FINAL-09-21#