000
CXUS55 KPAH 011118
CF6EVV
PRELIMINARY LOCAL CLIMATOLOGICAL DATA (WS FORM: F-6)
STATION: EVANSVILLE IN
MONTH: FEBRUARY
YEAR: 2021
LATITUDE: 38 2 N
LONGITUDE: 87 32 W
TEMPERATURE IN F: :PCPN: SNOW: WIND :SUNSHINE: SKY :PK WND
================================================================================
1 2 3 4 5 6A 6B 7 8 9 10 11 12 13 14 15 16 17 18
12Z AVG MX 2MIN
DY MAX MIN AVG DEP HDD CDD WTR SNW DPTH SPD SPD DIR MIN PSBL S-S WX SPD DR
================================================================================
1 37 28 33 0 32 0 0.01 T 0 11.8 21 340 M M 7 18 32 340
2 37 26 32 -2 33 0 0.00 0.0 0 7.8 15 350 M M 6 23 310
3 42 24 33 -1 32 0 0.00 0.0 0 2.4 8 200 M M 0 8 12 310
4 46 28 37 3 28 0 0.61 0.0 0 10.6 24 280 M M 7 18 38 290
5 44 23 34 0 31 0 0.00 0.0 0 10.8 26 250 M M 4 36 260
6 40 24 32 -2 33 0 0.11 0.5 1 6.6 13 350 M M 4 20 330
7 26 11 19 -15 46 0 T T T 8.6 18 350 M M 3 29 360
8 38 18 28 -7 37 0 0.01 T T 4.8 12 30 M M 9 8 15 40
9 31 25 28 -7 37 0 0.02 T 0 8.4 15 360 M M 10 18 20 340
10 30 24 27 -8 38 0 0.46 T 0 9.5 14 20 M M 10 1468 19 360
11 30 22 26 -9 39 0 0.02 T T 10.3 16 40 M M 9 468 22 40
12 27 19 23 -13 42 0 T 0.0 0 9.4 16 350 M M 10 8 25 350
13 21 15 18 -18 47 0 T T 0 9.6 16 330 M M 10 8 24 360
14 21 8 15 -21 50 0 0.03 0.1 T 12.1 18 350 M M 8 28 350
15 17 10 14 -22 51 0 0.66 3.5 1 11.9 18 30 M M 10 8 27 320
16 17 2 10 -27 55 0 T T 4 6.9 16 290 M M 3 8 26 280
17 26 2 14 -23 51 0 0.08 0.8 4 6.6 14 50 M M 7 19 50
18 29 15 22 -15 43 0 0.08 0.7 3 8.7 14 330 M M 6 8 20 290
19 31 6 19 -19 46 0 0.00 0.0 3 2.5 12 250 M M 0 18 15 260
20 36 4 20 -18 45 0 0.00 0.0 3 3.3 13 200 M M 2 8 16 200
21 49 24 37 -1 28 0 0.05 0.0 2 6.6 18 210 M M 3 28 160
22 48 36 42 3 23 0 0.02 0.0 1 10.5 21 210 M M 5 8 29 260
23 62 34 48 9 17 0 0.00 0.0 0 6.4 14 270 M M 0 20 280
24 65 38 52 13 13 0 T 0.0 0 10.5 23 240 M M 3 32 240
25 53 33 43 3 22 0 0.00 0.0 0 7.1 15 340 M M 0 21 340
26 47 34 41 1 24 0 0.10 0.0 0 6.9 14 80 M M 6 18 19 80
27 55 43 49 9 16 0 0.21 0.0 0 5.2 13 140 M M 7 18 21 300
28 69 44 57 16 8 0 2.22 0.0 0 8.5 31 270 M M 9 138 48 280
================================================================================
SM 1074 620 967 0 4.69 5.6 224.3 M 158
================================================================================
AV 38.4 22.1 8.0 FASTST M M 6 MAX(MPH)
MISC ----> 31 270 48 280
================================================================================
NOTES:
# LAST OF SEVERAL OCCURRENCES
COLUMN 17 PEAK WIND IN M.P.H.
PRELIMINARY LOCAL CLIMATOLOGICAL DATA (WS FORM: F-6) , PAGE 2
STATION: EVANSVILLE IN
MONTH: FEBRUARY
YEAR: 2021
LATITUDE: 38 2 N
LONGITUDE: 87 32 W
[TEMPERATURE DATA] [PRECIPITATION DATA] SYMBOLS USED IN COLUMN 16
AVERAGE MONTHLY: 30.3 TOTAL FOR MONTH: 4.69 1 = FOG OR MIST
DPTR FM NORMAL: -6.3 DPTR FM NORMAL: 1.52 2 = FOG REDUCING VISIBILITY
HIGHEST: 69 ON 28 GRTST 24HR 2.39 ON 27-28 TO 1/4 MILE OR LESS
LOWEST: 2 ON 17,16 3 = THUNDER
SNOW, ICE PELLETS, HAIL 4 = ICE PELLETS
TOTAL MONTH: 5.6 INCHES 5 = HAIL
GRTST 24HR 3.5 ON 15-15 6 = FREEZING RAIN OR DRIZZLE
GRTST DEPTH: 4 ON 17,16 7 = DUSTSTORM OR SANDSTORM:
VSBY 1/2 MILE OR LESS
8 = SMOKE OR HAZE
[NO. OF DAYS WITH] [WEATHER - DAYS WITH] 9 = BLOWING SNOW
X = TORNADO
MAX 32 OR BELOW: 12 0.01 INCH OR MORE: 16
MAX 90 OR ABOVE: 0 0.10 INCH OR MORE: 7
MIN 32 OR BELOW: 21 0.50 INCH OR MORE: 3
MIN 0 OR BELOW: 0 1.00 INCH OR MORE: 1
[HDD (BASE 65) ]
TOTAL THIS MO. 967 CLEAR (SCALE 0-3) 8
DPTR FM NORMAL 172 PTCLDY (SCALE 4-7) 11
TOTAL FM JUL 1 3399 CLOUDY (SCALE 8-10) 9
DPTR FM NORMAL -175
[CDD (BASE 65) ]
TOTAL THIS MO. 0
DPTR FM NORMAL 0 [PRESSURE DATA]
TOTAL FM JAN 1 0 HIGHEST SLP 30.49 ON 20
DPTR FM NORMAL 0 LOWEST SLP 29.53 ON 4
[REMARKS]
#FINAL-02-21#