000
CXUS53 KPAH 021500
CLSEVV
CLIMATE REPORT
NATIONAL WEATHER SERVICE PADUCAH KY
1000 AM CDT FRI SEP 02 2022
...................................
...THE EVANSVILLE IN CLIMATE SUMMARY FOR THE SUMMER SEASON, FROM
6/1/2022 TO 8/31/2022...
CLIMATE NORMAL PERIOD 1991 TO 2020
CLIMATE RECORD PERIOD 1896 TO 2022
WEATHER OBSERVED NORMAL DEPART LAST YEAR`S
VALUE DATE(S) VALUE FROM VALUE
NORMAL
..............................................................
TEMPERATURE (F)
RECORD
HIGH 111 07/28/1930
LOW 41 06/01/1966
06/02/1956
HIGHEST 101 07/05 88 13
LOWEST 52 06/29 65 -13
AVG. MAXIMUM 88.4 87.4 1.0
AVG. MINIMUM 67.8 66.9 0.9
MEAN 78.0 77.2 0.8
DAYS MAX >= 90 40 34.2 5.8
DAYS MAX <= 32 0 0.0 0.0
DAYS MIN <= 32 0 0.0 0.0
DAYS MIN <= 0 0 0.0 0.0
PRECIPITATION (INCHES)
RECORD
MAXIMUM 19.83 1977
MINIMUM 2.59 1936
TOTALS 9.30 11.89 -2.59
DAILY AVG. 0.10 0.13 -0.03
DAYS >= .01 25 26.6 -1.6
DAYS >= .10 16 17.9 -1.9
DAYS >= .50 8 7.5 0.5
DAYS >= 1.00 2 3.5 -1.5
GREATEST
24 HR. TOTAL 1.56 07/17 TO 07/18
STORM TOTAL 1.49
(MM/DD(HH))
SNOWFALL (INCHES)
TOTALS 0.0
LIQUID EQUIV 0.00
SINCE 7/1 0.0
LIQUID 7/1 0.00
SNOWDEPTH AVG. 0
DAYS >= TRACE 0
DAYS >= 1.0 0
GREATEST
SNOW DEPTH 0
24 HR TOTAL 0.0
STORM TOTAL 0.0
(MM/DD(HH))
DEGREE DAYS
HEATING TOTAL 0 5 -5
SINCE 7/1 0 0 0
COOLING TOTAL 1214 1126 88
SINCE 1/1 1429 1293 136
FREEZE DATES
RECORD
EARLIEST 10/03/1974
LATEST 05/10/1966
EARLIEST MM
LATEST 04/03
..............................................................
WIND (MPH)
AVERAGE WIND SPEED 5.3
HIGHEST WIND SPEED/DIRECTION 52/330 DATE 08/01
HIGHEST GUST SPEED/DIRECTION 68/320 DATE 08/01
SKY COVER
POSSIBLE SUNSHINE (PERCENT) MM
AVERAGE SKY COVER 0.25
NUMBER OF DAYS FAIR 64
NUMBER OF DAYS PC 25
NUMBER OF DAYS CLOUDY 3
AVERAGE RH (PERCENT) 69
WEATHER CONDITIONS. NUMBER OF DAYS WITH
THUNDERSTORM 25 MIXED PRECIP 0
HEAVY RAIN 14 RAIN 16
LIGHT RAIN 29 FREEZING RAIN 0
LT FREEZING RAIN 0 HAIL 0
HEAVY SNOW 0 SNOW 0
LIGHT SNOW 0 SLEET 0
FOG 32 FOG W/VIS <= 1/4 MILE 1
HAZE 9
- INDICATES NEGATIVE NUMBERS.
R INDICATES RECORD WAS SET OR TIED.
MM INDICATES DATA IS MISSING.
T INDICATES TRACE AMOUNT.
$$