000
CXUS56 KSLC 010750
CF6EVW
PRELIMINARY LOCAL CLIMATOLOGICAL DATA (WS FORM: F-6)
STATION: EVANSTON WY
MONTH: JUNE
YEAR: 2021
LATITUDE: 41 16 N
LONGITUDE: 111 2 W
TEMPERATURE IN F: :PCPN: SNOW: WIND :SUNSHINE: SKY :PK WND
================================================================================
1 2 3 4 5 6A 6B 7 8 9 10 11 12 13 14 15 16 17 18
12Z AVG MX 2MIN
DY MAX MIN AVG DEP HDD CDD WTR SNW DPTH SPD SPD DIR MIN PSBL S-S WX SPD DR
================================================================================
1 76 45 61 7 4 0 0.00 M M 5.8 17 280 M M 1 25 30
2 81 48 65 11 0 0 0.00 M M 5.8 17 340 M M 1 24 340
3 86 53 70 16 0 5 0.00 M M 5.7 14 10 M M 0 21 330
4 82 54 68 14 0 3 0.00 M M 5.6 7 130 M M 0 M M
5 84 59 72 17 0 7 0.00 M M 16.7 28 250 M M 1 35 270
6 81 52 67 12 0 2 0.00 M M 13.3 31 240 M M 0 40 240
7 83 52 68 13 0 3 0.00 M M 14.9 31 220 M M 0 38 220
8 77 56 67 11 0 2 0.00 M M 13.5 31 220 M M 0 37 220
9 82 50 66 10 0 1 0.00 M M 13.3 28 220 M M 0 37 190
10 66 37 52 -4 13 0 0.00 M M 18.9 39 260 M M 1 51 210
11 71 31 51 -5 14 0 0.00 M M 7.3 21 270 M M 0 31 260
12 81 44 63 6 2 0 0.00 M M 8.3 24 240 M M 0 30 250
13 90 52 71 14 0 6 0.00 M M 7.7 23 230 M M 0 30 230
14 90 59 75 18 0 10 0.00 M M 11.4 23 260 M M 0 31 260
15 92 61 77 19 0 12 0.00 0.0 M 14.0 36 240 M M 0 48 210
16 90 60 75 17 0 10 0.00 0.0 M 8.0 28 250 M M 0 36 240
17 89 60 75 17 0 10 0.00 0.0 M 9.8 26 250 M M 0 34 240
18 89 57 73 14 0 8 0.00 M M 8.1 23 260 M M 0 29 290
19 87 63 75 16 0 10 T M M 12.6 29 250 M M 2 39 260
20 81 52 67 7 0 2 0.00 M M 17.5 33 260 M M 0 41 260
21 84 45 65 5 0 0 0.00 M M 10.0 22 70 M M 0 29 70
22 89 56 73 13 0 8 0.00 M M 10.4 26 250 M M 0 32 260
23 85 58 72 11 0 7 0.00 M M 9.3 29 10 M M 2 34 10
24 64 50 57 -4 8 0 0.06 M M 8.8 29 220 M M 7 13 36 210
25 69 50 60 -1 5 0 0.14 M M 7.9 29 320 M M 7 3 39 300
26 74 47 61 -1 4 0 0.00 M M 6.5 17 90 M M 4 24 80
27 78 51 65 3 0 0 0.00 M M 9.8 21 80 M M 2 26 90
28 77 54 66 3 0 1 0.00 M M 10.9 23 80 M M 1 29 80
29 81 54 68 5 0 3 0.00 M M 10.2 25 140 M M 0 34 140
30 75 48 62 -1 3 0 T M M 6.8 26 170 M M 3 3 32 180
================================================================================
SM 2434 1558 53 110 0.20 0.0 308.8 M 32
================================================================================
AV 81.1 51.9 10.3 FASTST M M 1 MAX(MPH)
MISC ----> 39 260 51 210
================================================================================
NOTES:
# LAST OF SEVERAL OCCURRENCES
COLUMN 17 PEAK WIND IN M.P.H.
PRELIMINARY LOCAL CLIMATOLOGICAL DATA (WS FORM: F-6) , PAGE 2
STATION: EVANSTON WY
MONTH: JUNE
YEAR: 2021
LATITUDE: 41 16 N
LONGITUDE: 111 2 W
[TEMPERATURE DATA] [PRECIPITATION DATA] SYMBOLS USED IN COLUMN 16
AVERAGE MONTHLY: 66.5 TOTAL FOR MONTH: 0.20 1 = FOG OR MIST
DPTR FM NORMAL: 8.4 DPTR FM NORMAL: -0.86 2 = FOG REDUCING VISIBILITY
HIGHEST: 92 ON 15 GRTST 24HR 0.17 ON 24-25 TO 1/4 MILE OR LESS
LOWEST: 31 ON 11 3 = THUNDER
SNOW, ICE PELLETS, HAIL 4 = ICE PELLETS
TOTAL MONTH: 0.0 INCH 5 = HAIL
GRTST 24HR 0.0 6 = FREEZING RAIN OR DRIZZLE
GRTST DEPTH: M ON M 7 = DUSTSTORM OR SANDSTORM:
VSBY 1/2 MILE OR LESS
8 = SMOKE OR HAZE
[NO. OF DAYS WITH] [WEATHER - DAYS WITH] 9 = BLOWING SNOW
X = TORNADO
MAX 32 OR BELOW: 0 0.01 INCH OR MORE: 2
MAX 90 OR ABOVE: 4 0.10 INCH OR MORE: 1
MIN 32 OR BELOW: 1 0.50 INCH OR MORE: 0
MIN 0 OR BELOW: 0 1.00 INCH OR MORE: 0
[HDD (BASE 65) ]
TOTAL THIS MO. 53 CLEAR (SCALE 0-3) 27
DPTR FM NORMAL -171 PTCLDY (SCALE 4-7) 3
TOTAL FM JUL 1 7762 CLOUDY (SCALE 8-10) 0
DPTR FM NORMAL -667
[CDD (BASE 65) ]
TOTAL THIS MO. 110
DPTR FM NORMAL 93 [PRESSURE DATA]
TOTAL FM JAN 1 110 HIGHEST SLP M ON M
DPTR FM NORMAL 92 LOWEST SLP 29.56 ON 6
[REMARKS]
#FINAL-06-21#