000
CXUS52 KMHX 011320
CLMEWN
CLIMATE REPORT
NATIONAL WEATHER SERVICE NEWPORT/MOREHEAD CITY
920 AM EDT THU JUN 01 2023
...................................
...THE NEW BERN NC CLIMATE SUMMARY FOR THE MONTH OF MAY 2023...
CLIMATE NORMAL PERIOD 1991 TO 2020
CLIMATE RECORD PERIOD 1948 TO 2023
WEATHER OBSERVED NORMAL DEPART LAST YEAR`S
VALUE DATE(S) VALUE FROM VALUE DATE(S)
NORMAL
................................................................
TEMPERATURE (F)
RECORD
HIGH 100 MM
LOW 39 05/10/2020
HIGHEST 87 05/09 95 05/20
LOWEST 44 05/04 49 05/08
05/09
AVG. MAXIMUM 76.3 80.4 -4.1 81.8
AVG. MINIMUM 57.0 58.7 -1.7 63.2
MEAN 66.7 69.5 -2.8 72.5
DAYS MAX >= 90 0 3.1 -3.1 MM
DAYS MAX <= 32 0 0.0 0.0 MM
DAYS MIN <= 32 0 0.0 0.0 MM
DAYS MIN <= 0 0 0.0 0.0 MM
PRECIPITATION (INCHES)
RECORD
MAXIMUM 10.10 2003
MINIMUM 0.47 2011
TOTALS 4.59 4.25 0.34 8.03
DAILY AVG. 0.15 0.14 0.01 0.26
DAYS >= .01 9 10.6 -1.6 MM
DAYS >= .10 5 6.8 -1.8 MM
DAYS >= .50 3 2.8 0.2 MM
DAYS >= 1.00 2 1.3 0.7 MM
GREATEST
24 HR. TOTAL 1.90 05/19 TO 05/19
DEGREE DAYS
HEATING TOTAL 31 33 -2 27
SINCE 7/1 2077 2696 -619 MM
COOLING TOTAL 89 174 -85 269
SINCE 1/1 224 249 -25 MM
................................................................
WIND (MPH)
AVERAGE WIND SPEED 8.3
RESULTANT WIND SPEED/DIRECTION 2/030
HIGHEST WIND SPEED/DIRECTION 33/360 DATE 05/09
HIGHEST GUST SPEED/DIRECTION 47/360 DATE 05/09
SKY COVER
POSSIBLE SUNSHINE (PERCENT) MM
AVERAGE SKY COVER 0.44
NUMBER OF DAYS FAIR 15
NUMBER OF DAYS PC 8
NUMBER OF DAYS CLOUDY 8
AVERAGE RH (PERCENT) 70
WEATHER CONDITIONS. NUMBER OF DAYS WITH
THUNDERSTORM 3 MIXED PRECIP 0
HEAVY RAIN 5 RAIN 4
LIGHT RAIN 13 FREEZING RAIN 0
LT FREEZING RAIN 0 HAIL 0
HEAVY SNOW 0 SNOW 0
LIGHT SNOW 0 SLEET 0
FOG 14 FOG W/VIS <= 1/4 MILE 2
HAZE 3
- INDICATES NEGATIVE NUMBERS.
R INDICATES RECORD WAS SET OR TIED.
MM INDICATES DATA IS MISSING.
T INDICATES TRACE AMOUNT.
$$