000
CXUS51 KOKX 011216
CLMEWR
CLIMATE REPORT
NATIONAL WEATHER SERVICE NEW YORK, NY
639 AM EST MON JAN 01 2024
...................................
...THE NEWARK NJ CLIMATE SUMMARY FOR THE MONTH OF DECEMBER 2023...
CLIMATE NORMAL PERIOD 1991 TO 2020
CLIMATE RECORD PERIOD 1931 TO 2023
WEATHER OBSERVED NORMAL DEPART LAST YEAR`S
VALUE DATE(S) VALUE FROM VALUE DATE(S)
NORMAL
................................................................
TEMPERATURE (F)
RECORD
HIGH 76 12/07/1998
LOW -8 12/30/1933
HIGHEST 64 12/10 MM MM 62 12/30
12/18
LOWEST 25 12/22 MM MM 8 12/24
AVG. MAXIMUM 50.7 44.8 5.9 45.9
AVG. MINIMUM 37.8 31.2 6.6 30.7
MEAN 44.3 38.0 6.3 38.3
DAYS MAX >= 90 0 0.0 0.0 0
DAYS MAX <= 32 0 2.7 -2.7 3
DAYS MIN <= 32 9 17.5 -8.5 19
DAYS MIN <= 0 0 0.0 0.0 0
PRECIPITATION (INCHES)
RECORD
MAXIMUM 9.47 1983
MINIMUM 0.27 1955
TOTALS 7.55 4.14 3.41 4.53
DAILY AVG. 0.24 0.13 0.11 0.15
DAYS >= .01 10 11.1 -1.1 9
DAYS >= .10 8 7.1 0.9 9
DAYS >= .50 4 3.3 0.7 4
DAYS >= 1.00 2 1.3 0.7 1
GREATEST
24 HR. TOTAL 3.15 12/17 TO 12/18 1.50 12/22 TO 12/23
STORM TOTAL 2.75 1.26
(MM/DD(HH)) MM
SNOWFALL (INCHES)
TOTALS T 5.4 -5.4 0.1
LIQUID EQUIV T 0.50 -0.50 0.00
SINCE 7/1 T 6.2 -6.2 MM
LIQUID 7/1 -0.10 0.60 -0.70 MM
SNOWDEPTH AVG. 0 -1
DAYS >= TRACE 1 2.8 -1.8 4
DAYS >= 1.0 0 1.2 -1.2 0
GREATEST
SNOW DEPTH 0 MM MM
24 HR TOTAL MM MM
STORM TOTAL 0.0 0.1
(MM/DD(HH)) MM
DEGREE DAYS
HEATING TOTAL 632 837 -205 819
SINCE 7/1 1339 1666 -327 MM
COOLING TOTAL 0 0 0 0
SINCE 1/1 1434 1270 164 MM
................................................................
WIND (MPH)
AVERAGE WIND SPEED 8.3
HIGHEST WIND SPEED/DIRECTION 32/310 DATE 12/11
32/170 12/18
HIGHEST GUST SPEED/DIRECTION 48/140 DATE 12/18
WEATHER CONDITIONS. NUMBER OF DAYS WITH
THUNDERSTORM 0 MIXED PRECIP 0
HEAVY RAIN 4 RAIN 8
LIGHT RAIN 11 FREEZING RAIN 0
LT FREEZING RAIN 0 HAIL 0
HEAVY SNOW 0 SNOW 0
LIGHT SNOW 1 SLEET 0
FOG 13 FOG W/VIS <= 1/4 MILE 0
HAZE 6
- INDICATES NEGATIVE NUMBERS.
R INDICATES RECORD WAS SET OR TIED.
MM INDICATES DATA IS MISSING.
T INDICATES TRACE AMOUNT.
$$