000
CXUS53 KIND 010700
CF6EYE
PRELIMINARY LOCAL CLIMATOLOGICAL DATA (WS FORM: F-6)
STATION: INDIANAPOLIS EAGLE CREEK IN
MONTH: DECEMBER
YEAR: 2023
LATITUDE: 39 49 N
LONGITUDE: 86 18 W
TEMPERATURE IN F: :PCPN: SNOW: WIND :SUNSHINE: SKY :PK WND
================================================================================
1 2 3 4 5 6A 6B 7 8 9 10 11 12 13 14 15 16 17 18
12Z AVG MX 2MIN
DY MAX MIN AVG DEP HDD CDD WTR SNW DPTH SPD SPD DIR MIN PSBL S-S WX SPD DR
================================================================================
1 51 43 47 9 18 0 0.36 M M 5.9 17 190 M M 10 12 26 190
2 51 40 46 9 19 0 0.00 M M 3.9 13 290 M M 9 1 22 280
3 44 34 39 2 26 0 0.07 M M 6.1 17 270 M M 9 1 30 270
4 46 33 40 3 25 0 0.00 M M 3.9 9 310 M M 6 13 280
5 44 36 40 4 25 0 0.05 M M 6.1 18 330 M M 10 1 24 330
6 38 32 35 -1 30 0 0.00 M M 6.7 13 270 M M 7 1 18 280
7 54 32 43 7 22 0 0.00 M M 7.7 15 200 M M 1 24 200
8 58 50 54 18 11 0 0.00 M M 10.9 18 210 M M 7 32 210
9 65 41 53 18 12 0 0.07 M M 8.8 21 280 M M 8 13 30 190
10 42 31 37 2 28 0 T T M 10.4 21 290 M M 10 30 310
11 39 28 34 -1 31 0 0.00 M M 3.8 14 310 M M 6 18 310
12 49 28 39 5 26 0 0.00 M M 6.4 15 280 M M 0 23 280
13 45 27 36 2 29 0 0.00 M M 1.8 10 330 M M 2 14 330
14 53 24 39 5 26 0 0.00 M M 1.0 7 200 M M 0 11 210
15 56 27 42 8 23 0 0.00 M M 2.3 10 160 M M 0 14 160
16 54 37 46 13 19 0 0.26 M M 6.2 14 280 M M 5 1 23 150
17 46 39 43 10 22 0 0.15 M M 6.3 14 290 M M 10 12 23 260
18 39 25 32 -1 33 0 0.01 M M 17.2 26 300 M M 8 1 40 310
19 37 19 28 -4 37 0 0.00 M M 5.8 14 300 M M 0 19 270
20 50 28 39 7 26 0 0.00 M M 4.9 12 170 M M 0 18 190
21 51 33 42 10 23 0 0.00 M M 1.6 9 140 M M 3 12 150
22 51 41 46 14 19 0 0.04 M M 3.4 8 180 M M 10 14 150
23 50 46 48 16 17 0 0.31 M M 5.8 13 200 M M 10 12 20 210
24 62 47 55 24 10 0 0.01 M M 5.2 12 110 M M 8 12 15 130
25 60 48 54 23 11 0 0.21 M M 10.1 22 120 M M 7 1 36 110
26 54 35 45 14 20 0 T M M 3.9 14 190 M M 7 1 23 210
27 49 31 40 9 25 0 T M M 3.7 9 30 M M 3 1 14 360
28 41 34 38 7 27 0 0.01 M M 4.4 10 280 M M 10 1 16 240
29 37 34 36 6 29 0 0.02 M M 4.2 8 210 M M 10 1 14 250
30 39 32 36 6 29 0 0.01 M M 6.5 14 300 M M 8 1 21 260
31 37 31 34 4 31 0 T M M 7.6 20 300 M M 9 1 25 280
================================================================================
SM 1492 1066 729 0 1.58 T 182.5 M 193
================================================================================
AV 48.1 34.4 5.9 FASTST M M 6 MAX(MPH)
MISC ----> 26 300 40 310
================================================================================
NOTES:
# LAST OF SEVERAL OCCURRENCES
COLUMN 17 PEAK WIND IN M.P.H.
PRELIMINARY LOCAL CLIMATOLOGICAL DATA (WS FORM: F-6) , PAGE 2
STATION: INDIANAPOLIS EAGLE CREEK IN
MONTH: DECEMBER
YEAR: 2023
LATITUDE: 39 49 N
LONGITUDE: 86 18 W
[TEMPERATURE DATA] [PRECIPITATION DATA] SYMBOLS USED IN COLUMN 16
AVERAGE MONTHLY: 41.3 TOTAL FOR MONTH: 1.58 1 = FOG OR MIST
DPTR FM NORMAL: 7.8 DPTR FM NORMAL: -1.09 2 = FOG REDUCING VISIBILITY
HIGHEST: 65 ON 9 GRTST 24HR 0.41 ON 16-17 TO 1/4 MILE OR LESS
LOWEST: 19 ON 19 3 = THUNDER
SNOW, ICE PELLETS, HAIL 4 = ICE PELLETS
TOTAL MONTH: T 5 = HAIL
GRTST 24HR T ON 10-10 6 = FREEZING RAIN OR DRIZZLE
GRTST DEPTH: M ON M 7 = DUSTSTORM OR SANDSTORM:
VSBY 1/2 MILE OR LESS
8 = SMOKE OR HAZE
[NO. OF DAYS WITH] [WEATHER - DAYS WITH] 9 = BLOWING SNOW
X = TORNADO
MAX 32 OR BELOW: 0 0.01 INCH OR MORE: 14
MAX 90 OR ABOVE: 0 0.10 INCH OR MORE: 5
MIN 32 OR BELOW: 14 0.50 INCH OR MORE: 0
MIN 0 OR BELOW: 0 1.00 INCH OR MORE: 0
[HDD (BASE 65) ]
TOTAL THIS MO. 729 CLEAR (SCALE 0-3) 7
DPTR FM NORMAL -247 PTCLDY (SCALE 4-7) 13
TOTAL FM JUL 1 1606 CLOUDY (SCALE 8-10) 11
DPTR FM NORMAL -392
[CDD (BASE 65) ]
TOTAL THIS MO. 0
DPTR FM NORMAL 0 [PRESSURE DATA]
TOTAL FM JAN 1 1105 HIGHEST SLP M ON M
DPTR FM NORMAL -23 LOWEST SLP 29.73 ON 3
[REMARKS]
#FINAL-12-23#