000
CXAK56 PAFG 011719
CF6FAI
PRELIMINARY LOCAL CLIMATOLOGICAL DATA (WS FORM: F-6)
STATION: FAIRBANKS AK
MONTH: FEBRUARY
YEAR: 2024
LATITUDE: 64 49 N
LONGITUDE: 147 52 W
TEMPERATURE IN F: :PCPN: SNOW: WIND :SUNSHINE: SKY :PK WND
================================================================================
1 2 3 4 5 6A 6B 7 8 9 10 11 12 13 14 15 16 17 18
12Z AVG MX 2MIN
DY MAX MIN AVG DEP HDD CDD WTR SNW DPTH SPD SPD DIR MIN PSBL S-S WX SPD DR
================================================================================
1 -29 -46 -37 -32 102 0 0.01 T 22 0.5 6 20 M M 6 1 6 30
2 -38 -50 -44 -40 109 0 T T 22 0.3 5 360 M M 8 12 7 330
3 -33 -49 -41 -37 106 0 0.00 0.0 22 1.1 8 30 M M 7 128 9 20
4 -3 -43 -23 -19 88 0 0.00 0.0 22 1.1 6 70 M M 8 1 6 30
5 -1 -20 -10 -7 75 0 0.00 0.0 22 1.0 6 50 M M 5 6 40
6 3 -15 -6 -3 71 0 T T 21 1.6 7 30 M M 7 1 7 30
7 5 -15 -5 -3 70 0 0.00 0.0 21 0.9 6 20 M M 6 6 20
8 5 -16 -5 -3 70 0 0.00 0.0 21 1.2 7 20 M M 3 18 7 30
9 18 -7 6 8 59 0 0.00 0.0 21 1.4 13 10 M M 8 15 20
10 19 -3 8 9 57 0 0.00 0.0 21 2.3 9 40 M M 6 10 90
11 21 -2 10 11 55 0 0.05 0.6 21 2.8 14 190 M M 8 12 16 190
12 23 -8 8 8 57 0 0.00 0.0 22 2.0 7 10 M M 6 8 9 30
13 41 17 29 29 36 0 0.00 0.0 21 4.0 12 120 M M 8 18 130
14 36 12 24 24 41 0 0.00 0.0 21 2.0 9 50 M M 5 11 20
15 30 2 16 15 49 0 0.00 0.0 21 2.1 10 340 M M 5 13 20
16 27 -3 12 11 53 0 0.00 0.0 21 1.9 8 50 M M 2 10 40
17 17 -9 4 3 61 0 0.00 0.0 21 1.1 6 40 M M 3 8 6 30
18 18 -5 7 5 58 0 0.00 0.0 21 0.3 6 190 M M 7 7 190
19 27 5 16 14 49 0 0.00 0.0 21 3.5 10 50 M M 7 11 20
20 45 23 34 32 31 0 0.00 0.0 21 5.0 12 70 M M 8 14 70
21 33 12 23 21 42 0 0.05 0.8 21 4.4 14 220 M M 8 1 22 220
22 34 13 24 21 41 0 T T 21 10.0 21 240 M M 8 31 240
23 28 3 16 13 49 0 0.00 0.0 21 2.9 7 30 M M 7 1 10 260
24 20 -5 8 5 57 0 0.00 0.0 21 1.7 7 190 M M 7 10 210
25 10 -13 -1 -4 66 0 0.01 0.1 21 0.7 7 40 M M 7 1 7 40
26 14 -16 -1 -5 66 0 0.00 0.0 21 4.8 13 50 M M 3 17 50
27 1 -24 -11 -15 76 0 0.00 0.0 21 3.3 9 190 M M 5 12 200
28 -5 -31 -18 -22 83 0 0.00 0.0 21 0.2 6 50 M M 1 7 30
29 -9 -34 -21 -25 86 0 0.00 0.0 21 1.1 5 160 M M 2 M M
================================================================================
SM 357 -327 1863 0 0.12 1.5 65.2 M 171
================================================================================
AV 12.3-11.3 2.2 FASTST M M 6 MAX(MPH)
MISC ----> 21 240 31 240
================================================================================
NOTES:
# LAST OF SEVERAL OCCURRENCES
COLUMN 17 PEAK WIND IN M.P.H.
PRELIMINARY LOCAL CLIMATOLOGICAL DATA (WS FORM: F-6) , PAGE 2
STATION: FAIRBANKS AK
MONTH: FEBRUARY
YEAR: 2024
LATITUDE: 64 49 N
LONGITUDE: 147 52 W
[TEMPERATURE DATA] [PRECIPITATION DATA] SYMBOLS USED IN COLUMN 16
AVERAGE MONTHLY: 0.5 TOTAL FOR MONTH: 0.12 1 = FOG OR MIST
DPTR FM NORMAL: 0.3 DPTR FM NORMAL: -0.40 2 = FOG REDUCING VISIBILITY
HIGHEST: 45 ON 20 GRTST 24HR 0.05 ON 21-21 TO 1/4 MILE OR LESS
LOWEST: -50 ON 2 3 = THUNDER
SNOW, ICE PELLETS, HAIL 4 = ICE PELLETS
TOTAL MONTH: 1.5 INCHES 5 = HAIL
GRTST 24HR 0.8 ON 21-21 6 = FREEZING RAIN OR DRIZZLE
GRTST DEPTH: 22 ON 12, 5 7 = DUSTSTORM OR SANDSTORM:
VSBY 1/2 MILE OR LESS
8 = SMOKE OR HAZE
[NO. OF DAYS WITH] [WEATHER - DAYS WITH] 9 = BLOWING SNOW
X = TORNADO
MAX 32 OR BELOW: 24 0.01 INCH OR MORE: 4
MAX 90 OR ABOVE: 0 0.10 INCH OR MORE: 0
MIN 32 OR BELOW: 29 0.50 INCH OR MORE: 0
MIN 0 OR BELOW: 21 1.00 INCH OR MORE: 0
[HDD (BASE 65) ]
TOTAL THIS MO. 1863 CLEAR (SCALE 0-3) 5
DPTR FM NORMAL 49 PTCLDY (SCALE 4-7) 22
TOTAL FM JUL 1 9796 CLOUDY (SCALE 8-10) 2
DPTR FM NORMAL -521
[CDD (BASE 65) ]
TOTAL THIS MO. 0
DPTR FM NORMAL 0 [PRESSURE DATA]
TOTAL FM JAN 1 0 HIGHEST SLP 30.37 ON 2
DPTR FM NORMAL 0 LOWEST SLP 29.08 ON 9
[REMARKS]
#FINAL-02-24#