000
CXUS52 KRAH 010845
CF6FAY
PRELIMINARY LOCAL CLIMATOLOGICAL DATA (WS FORM: F-6)
STATION: FAYETTEVILLE NC
MONTH: MARCH
YEAR: 2023
LATITUDE: 35 0 N
LONGITUDE: 78 53 W
TEMPERATURE IN F: :PCPN: SNOW: WIND :SUNSHINE: SKY :PK WND
================================================================================
1 2 3 4 5 6A 6B 7 8 9 10 11 12 13 14 15 16 17 18
12Z AVG MX 2MIN
DY MAX MIN AVG DEP HDD CDD WTR SNW DPTH SPD SPD DIR MIN PSBL S-S WX SPD DR
================================================================================
1 78 49 64 14 1 0 0.00 M M 4.3 16 30 M M 1 20 30
2 69 61 65 15 0 0 0.08 M M 5.5 14 190 M M 6 1 20 310
3 80 59 70 20 0 5 0.08 M M 10.1 30 240 M M 9 1 40 200
4 72 49 61 11 4 0 0.00 M M 11.5 21 310 M M 2 26 290
5 68 43 56 5 9 0 0.00 M M 4.5 10 50 M M 0 13 350
6 74 39 57 6 8 0 0.00 M M 5.3 16 210 M M 0 19 210
7 80 50 65 14 0 0 0.00 M M 15.1 31 10 M M 1 37 10
8 62 39 51 -1 14 0 0.00 M M 8.8 21 360 M M 0 26 10
9 62 36 49 -3 16 0 0.00 M M 4.5 12 330 M M 0 8 14 70
10 57 48 53 1 12 0 0.35 M M 6.4 14 350 M M 8 1 19 360
11 58 40 49 -3 16 0 0.00 M M 10.6 23 340 M M 0 31 350
12 45 37 41 -11 24 0 0.51 M M 6.7 13 30 M M 8 1 16 50
13 58 42 50 -3 15 0 0.00 M M 8.7 16 280 M M 8 1 21 320
14 54 35 45 -8 20 0 0.00 M M 13.0 23 310 M M 1 30 310
15 57 30 44 -9 21 0 0.00 M M 9.3 22 350 M M 0 32 330
16 67 29 48 -6 17 0 0.00 M M 6.3 16 240 M M 0 19 240
17 73 48 61 7 4 0 0.11 M M 13.0 31 220 M M 4 1 38 220
18 61 48 55 1 10 0 0.10 M M 8.2 17 360 M M 5 18 21 360
19 54 37 46 -9 19 0 0.00 M M 9.8 16 310 M M 2 21 270
20 56 33 45 -10 20 0 0.00 M M 6.8 18 10 M M 4 23 340
21 64 29 47 -8 18 0 0.00 M M 3.4 10 160 M M 0 1 18 100
22 63 44 54 -2 11 0 0.03 M M 2.0 9 310 M M 9 1 12 210
23 80 54 67 11 0 2 0.00 0.0 0 10.2 24 220 M M 6 1 31 210
24 86 60 73 17 0 8 0.00 M M 12.7 24 220 M M 0 30 220
25 76 64 70 14 0 5 0.01 M M 13.9 25 240 M M 1 36 240
26 72 59 66 9 0 1 0.86 M M 4.5 20 200 M M 5 123 30 210
27 76 62 69 12 0 4 0.47 M M 10.2 23 220 M M 3 13 30 220
28 73 53 63 6 2 0 0.21 M M 6.0 24 360 M M 3 12 30 10
29 61 45 53 -5 12 0 0.04 M M 7.7 18 10 M M 6 1 25 30
30 70 39 55 -3 10 0 0.00 M M 5.3 15 120 M M 0 22 70
31 76 45 61 3 4 0 0.00 M M 10.0 21 180 M M 3 1 27 170
================================================================================
SM 2082 1406 287 25 2.85 0.0 254.3 M 95
================================================================================
AV 67.2 45.4 8.2 FASTST M M 3 MAX(MPH)
MISC ----> # 31 10 40 200
================================================================================
NOTES:
# LAST OF SEVERAL OCCURRENCES
COLUMN 17 PEAK WIND IN M.P.H.
PRELIMINARY LOCAL CLIMATOLOGICAL DATA (WS FORM: F-6) , PAGE 2
STATION: FAYETTEVILLE NC
MONTH: MARCH
YEAR: 2023
LATITUDE: 35 0 N
LONGITUDE: 78 53 W
[TEMPERATURE DATA] [PRECIPITATION DATA] SYMBOLS USED IN COLUMN 16
AVERAGE MONTHLY: 56.3 TOTAL FOR MONTH: 2.85 1 = FOG OR MIST
DPTR FM NORMAL: 2.5 DPTR FM NORMAL: -0.23 2 = FOG REDUCING VISIBILITY
HIGHEST: 86 ON 24 GRTST 24HR 1.33 ON 26-27 TO 1/4 MILE OR LESS
LOWEST: 29 ON 21,16 3 = THUNDER
SNOW, ICE PELLETS, HAIL 4 = ICE PELLETS
TOTAL MONTH: 0.0 INCH 5 = HAIL
GRTST 24HR 0.0 6 = FREEZING RAIN OR DRIZZLE
GRTST DEPTH: 0 7 = DUSTSTORM OR SANDSTORM:
VSBY 1/2 MILE OR LESS
8 = SMOKE OR HAZE
[NO. OF DAYS WITH] [WEATHER - DAYS WITH] 9 = BLOWING SNOW
X = TORNADO
MAX 32 OR BELOW: 0 0.01 INCH OR MORE: 12
MAX 90 OR ABOVE: 0 0.10 INCH OR MORE: 7
MIN 32 OR BELOW: 3 0.50 INCH OR MORE: 2
MIN 0 OR BELOW: 0 1.00 INCH OR MORE: 0
[HDD (BASE 65) ]
TOTAL THIS MO. 287 CLEAR (SCALE 0-3) 18
DPTR FM NORMAL -75 PTCLDY (SCALE 4-7) 9
TOTAL FM JUL 1 2008 CLOUDY (SCALE 8-10) 4
DPTR FM NORMAL -563
[CDD (BASE 65) ]
TOTAL THIS MO. 25
DPTR FM NORMAL 10 [PRESSURE DATA]
TOTAL FM JAN 1 52 HIGHEST SLP 30.48 ON 21
DPTR FM NORMAL 31 LOWEST SLP 29.45 ON 3
[REMARKS]
#FINAL-03-23#