000
CXUS52 KFFC 011110
CF6FFC
PRELIMINARY LOCAL CLIMATOLOGICAL DATA (WS FORM: F-6)
STATION: PEACHTREE CITY
MONTH: DECEMBER
YEAR: 2023
LATITUDE: 33 20 N
LONGITUDE: 84 34 W
TEMPERATURE IN F: :PCPN: SNOW: WIND :SUNSHINE: SKY :PK WND
================================================================================
1 2 3 4 5 6A 6B 7 8 9 10 11 12 13 14 15 16 17 18
12Z AVG MX 2MIN
DY MAX MIN AVG DEP HDD CDD WTR SNW DPTH SPD SPD DIR MIN PSBL S-S WX SPD DR
================================================================================
1 65 39 52 2 13 0 0.11 M M 3.7 10 140 M M 9 1 17 170
2 67 59 63 14 2 0 T M M 4.6 12 130 M M 10 12 17 120
3 70 46 58 9 7 0 0.00 M M 3.7 12 310 M M 5 1 18 190
4 67 36 52 3 13 0 0.00 M M 4.8 18 290 M M 0 1 33 280
5 60 32 46 -3 19 0 0.00 M M 3.6 15 310 M M 0 21 280
6 54 30 42 -7 23 0 0.00 M M 8.2 20 320 M M 0 30 330
7 58 26 42 -6 23 0 0.00 M M 0.7 9 280 M M 0 13 240
8 63 28 46 -2 19 0 0.00 M M 2.5 9 140 M M 2 14 180
9 70 44 57 9 8 0 0.32 M M 2.2 9 150 M M 8 12 16 170
10 64 37 51 3 14 0 0.81 M M 8.1 24 320 M M 9 13 35 320
11 51 29 40 -8 25 0 0.00 M M 7.1 17 320 M M 0 26 330
12 56 25 41 -7 24 0 0.00 M M 1.2 8 150 M M 0 11 80
13 58 28 43 -5 22 0 0.00 M M 1.2 8 60 M M 1 12 12 50
14 59 30 45 -2 20 0 0.00 M M 2.7 14 90 M M 0 23 70
15 60 26 43 -4 22 0 0.00 M M 2.4 12 110 M M 0 18 120
16 58 31 45 -2 20 0 0.05 M M 5.3 17 130 M M 8 18 24 120
17 54 48 51 4 14 0 0.01 M M 8.6 21 310 M M 10 1 32 310
18 58 39 49 2 16 0 0.00 M M 13.6 25 320 M M 2 35 320
19 47 25 36 -11 29 0 0.00 M M 5.6 21 340 M M 0 28 330
20 52 22 37 -9 28 0 0.00 M M 1.3 8 130 M M 0 M M
21 57 23 40 -6 25 0 0.00 M M 0.6 6 340 M M 0 9 300
22 59 31 45 -1 20 0 0.00 M M 0.8 7 150 M M 0 10 140
23 67 33 50 4 15 0 0.00 M M 1.2 9 140 M M 2 14 130
24 63 38 51 5 14 0 0.02 M M 4.3 14 120 M M 3 1 21 130
25 64 56 60 14 5 0 1.42 M M 8.7 22 120 M M 10 12 34 120
26 63 53 58 12 7 0 0.14 M M 5.3 12 320 M M 10 1 15 300
27 59 42 51 5 14 0 0.00 M M 4.1 10 280 M M 4 1 15 300
28 54 34 44 -2 21 0 0.00 M M 4.1 14 320 M M 1 1 19 260
29 44 30 37 -8 28 0 0.00 M M 4.6 15 290 M M 8 24 300
30 47 29 38 -7 27 0 0.00 M M 4.7 15 300 M M 5 19 310
31 56 24 40 -5 25 0 0.00 M M 2.5 12 270 M M 0 18 280
================================================================================
SM 1824 1073 562 0 2.88 M 132.0 M 107
================================================================================
AV 58.8 34.6 4.3 FASTST M M 3 MAX(MPH)
MISC ----> 25 320 # 35 320
================================================================================
NOTES:
# LAST OF SEVERAL OCCURRENCES
COLUMN 17 PEAK WIND IN M.P.H.
PRELIMINARY LOCAL CLIMATOLOGICAL DATA (WS FORM: F-6) , PAGE 2
STATION: PEACHTREE CITY
MONTH: DECEMBER
YEAR: 2023
LATITUDE: 33 20 N
LONGITUDE: 84 34 W
[TEMPERATURE DATA] [PRECIPITATION DATA] SYMBOLS USED IN COLUMN 16
AVERAGE MONTHLY: 46.7 TOTAL FOR MONTH: 2.88 1 = FOG OR MIST
DPTR FM NORMAL: -0.5 DPTR FM NORMAL: -1.68 2 = FOG REDUCING VISIBILITY
HIGHEST: 70 ON 9, 3 GRTST 24HR 1.43 ON 25-26 TO 1/4 MILE OR LESS
LOWEST: 22 ON 20 3 = THUNDER
SNOW, ICE PELLETS, HAIL 4 = ICE PELLETS
TOTAL MONTH: M 5 = HAIL
GRTST 24HR M ON M 6 = FREEZING RAIN OR DRIZZLE
GRTST DEPTH: M ON M 7 = DUSTSTORM OR SANDSTORM:
VSBY 1/2 MILE OR LESS
8 = SMOKE OR HAZE
[NO. OF DAYS WITH] [WEATHER - DAYS WITH] 9 = BLOWING SNOW
X = TORNADO
MAX 32 OR BELOW: 0 0.01 INCH OR MORE: 8
MAX 90 OR ABOVE: 0 0.10 INCH OR MORE: 5
MIN 32 OR BELOW: 17 0.50 INCH OR MORE: 2
MIN 0 OR BELOW: 0 1.00 INCH OR MORE: 1
[HDD (BASE 65) ]
TOTAL THIS MO. 562 CLEAR (SCALE 0-3) 18
DPTR FM NORMAL 9 PTCLDY (SCALE 4-7) 4
TOTAL FM JUL 1 1033 CLOUDY (SCALE 8-10) 9
DPTR FM NORMAL -5
[CDD (BASE 65) ]
TOTAL THIS MO. 0
DPTR FM NORMAL -2 [PRESSURE DATA]
TOTAL FM JAN 1 1712 HIGHEST SLP 30.69 ON 14
DPTR FM NORMAL -234 LOWEST SLP 29.75 ON 17
[REMARKS]
#FINAL-12-23#