000
CXUS53 KFGF 011604
CLSFGF
CLIMATE REPORT
NATIONAL WEATHER SERVICE GRAND FORKS
1045 AM CDT THU SEP 1 2022
...................................
...THE GRAND FORKS UNIV. (NWS) ND CLIMATE SUMMARY FOR THE SEASON, FROM
6/1/2022 TO 8/31/2022...
CLIMATE NORMAL PERIOD 1981 TO 2010
CLIMATE RECORD PERIOD 1893 TO 2022
WEATHER OBSERVED NORMAL DEPART LAST YEAR`S
VALUE DATE(S) VALUE FROM VALUE DATE(S)
NORMAL
................................................................
TEMPERATURE (F)
RECORD
HIGH 109 07/12/1936
LOW 28 06/01/1917
06/03/1910
06/02/1910
HIGHEST 100 06/19 80 20 103 06/04
LOWEST 39 06/03 56 -17 45 06/21
AVG. MAXIMUM 80.3 79.4 0.9 84.5
AVG. MINIMUM 58.4 56.2 2.2 59.7
MEAN 69.3 67.8 1.5 72.1
DAYS MAX >= 90 5 7.6 -2.6 25
DAYS MAX <= 32 0 0.0 0.0 0
DAYS MIN <= 32 0 0.0 0.0 0
DAYS MIN <= 0 0 0.0 0.0 0
PRECIPITATION (INCHES)
RECORD
MAXIMUM 20.68 2002
MINIMUM 3.41 1936
TOTALS 6.73 10.05 -3.32 7.38
DAILY AVG. 0.07 0.11 -0.04 0.08
DAYS >= .01 28 29.7 -1.7 23
DAYS >= .10 12 17.9 -5.9 13
DAYS >= .50 4 6.4 -2.4 4
DAYS >= 1.00 1 2.3 -1.3 2
GREATEST
24 HR. TOTAL 1.48 MM 1.60
STORM TOTAL 1.48 1.60
(MM/DD(HH)) MM
SNOWFALL (INCHES)
RECORDS
TOTAL 0.5 1905
24 HR TOTAL 0.5 06/25/1905 TO 06/25/1905
SNOW DEPTH MM MM
TOTALS 0.0 0.0 0.0 0.0
LIQUID EQUIV 0.00 0.00 0.00 0.00
SINCE 7/1 0.0 0.0 0.0 MM
LIQUID 7/1 0.00 0.00 0.00 MM
SNOWDEPTH AVG. 0 0
DAYS >= TRACE 0 0.0 0.0 0
DAYS >= 1.0 0 0.0 0.0 0
GREATEST
SNOW DEPTH 0 0 MM
24 HR TOTAL MM MM 0.0
STORM TOTAL 0.0 0.0
(MM/DD(HH)) MM
DEGREE DAYS
HEATING TOTAL 72 147 -75 33
SINCE 7/1 13 67 -54 MM
COOLING TOTAL 496 406 90 711
SINCE 1/1 512 432 80 MM
FREEZE DATES
RECORD
EARLIEST MM
LATEST MM
EARLIEST MM
LATEST 05/21
................................................................
WIND (MPH)
AVERAGE WIND SPEED MM
RESULTANT WIND SPEED/DIRECTION MM
HIGHEST WIND SPEED/DIRECTION MM DATE MM
HIGHEST GUST SPEED/DIRECTION MM DATE MM
SKY COVER
POSSIBLE SUNSHINE (PERCENT) MM
AVERAGE SKY COVER MM
NUMBER OF DAYS FAIR 0
NUMBER OF DAYS PC 0
NUMBER OF DAYS CLOUDY 0
AVERAGE RH (PERCENT) MM
WEATHER CONDITIONS. NUMBER OF DAYS WITH
THUNDERSTORM 11 MIXED PRECIP 0
HEAVY RAIN 5 RAIN 11
LIGHT RAIN 19 FREEZING RAIN 0
LT FREEZING RAIN 0 HAIL 0
HEAVY SNOW 0 SNOW 0
LIGHT SNOW 0 SLEET 0
FOG 3 FOG W/VIS <= 1/4 MILE 1
HAZE 3
- INDICATES NEGATIVE NUMBERS.
R INDICATES RECORD WAS SET OR TIED.
MM INDICATES DATA IS MISSING.
T INDICATES TRACE AMOUNT.
&&
THE SUMMER SEASON AT THE GRAND FORKS UNIVERSITY (NWS) OVERALL HAD
ABOVE NORMAL TEMPERATURES AND BELOW NORMAL MOISTURE. THE AVERAGE
TEMPERATURE FOR THE SEASON WAS 69.3 DEGREES WHICH IS 1.7 DEGREES
ABOVE NORMAL.
PRECIPITATION FOR THE SEASON WAS BELOW NORMAL. TOTAL PRECIPITATION
WAS 6.73 INCHES WHICH WAS 3.98 INCHES BELOW NORMAL. A DRY AUGUST
CONTRIBUTED TO THE BELOW AVERAGE SEASONAL RAINFALL AS ONLY 1.09
INCHES FELL FOR THE MONTH.
REMEMBER, THIS DATA IS PROVISIONAL AND SUBJECT TO CHANGE. THE FINAL
AND OFFICIAL RECORDS WILL BE AVAILABLE FROM THE NATIONAL CENTERS FOR
ENVIRONMENTAL INFORMATION (NCEI).
$$