000
CXUS53 KARX 012112
CF6FKA
PRELIMINARY LOCAL CLIMATOLOGICAL DATA (WS FORM: F-6)
STATION: PRESTON MN
MONTH: AUGUST
YEAR: 2022
LATITUDE: 43 40 N
LONGITUDE: 92 11 W
TEMPERATURE IN F: :PCPN: SNOW: WIND :SUNSHINE: SKY :PK WND
================================================================================
1 2 3 4 5 6A 6B 7 8 9 10 11 12 13 14 15 16 17 18
12Z AVG MX 2MIN
DY MAX MIN AVG DEP HDD CDD WTR SNW DPTH SPD SPD DIR MIN PSBL S-S WX SPD DR
================================================================================
1 79 63 71 M 0 6 0.00 0.0 0 7.2 12 310 M M 3 20 310
2 85 58 72 M 0 7 0.00 0.0 0 11.0 21 180 M M 1 32 180
3 87 64 76 M 0 11 0.00 0.0 0 6.4 14 300 M M 1 3 23 300
4 78 58 68 M 0 3 0.00 0.0 M 3.3 8 360 M M 0 M M
5 83 60 72 M 0 7 0.00 0.0 0 7.6 15 150 M M 0 21 170
6 81 69 75 M 0 10 M 0.0 0 6.0 23 340 M M 6 13 33 340
7 80 67 74 M 0 9 M 0.0 0 3.9 9 190 M M 8 13 35 0
8 73 58 66 M 0 1 M 0.0 0 8.6 16 340 M M 6 23 340
9 78 55 67 M 0 2 0.00 0.0 0 1.2 6 210 M M 1 M M
10 83 59 71 M 0 6 M 0.0 0 5.6 9 270 M M 2 M M
11 76 61 69 M 0 4 0.00 0.0 0 3.1 8 70 M M 2 M M
12 65 57 61 M 4 0 M 0.0 0 9.0 16 160 M M 3 22 160
13 71 61 66 M 0 1 0.00 0.0 0 9.5 15 190 M M 7 13 21 210
14 71 60 66 M 0 1 0.00 0.0 0 5.5 9 40 M M 9 M M
15 71 56 64 M 1 0 0.00 0.0 0 1.2 5 90 M M 5 12 M M
16 76 58 67 M 0 2 0.00 0.0 0 2.0 7 110 M M 2 1 M M
17 78 56 67 M 0 2 0.00 0.0 0 1.9 5 220 M M 1 M M
18 81 61 71 M 0 6 M 0.0 0 9.1 27 270 M M 3 32 270
19 78 59 69 M 0 4 M 0.0 0 5.8 14 220 M M 5 13 37 130
20 76 60 68 M 0 3 0.00 0.0 0 5.5 12 20 M M 7 1 M M
21 77 59 68 M 0 3 0.00 0.0 0 4.7 9 360 M M 6 18 M M
22 79 59 69 M 0 4 0.00 0.0 0 1.4 5 300 M M 4 M M
23 79 57 68 M 0 3 0.00 0.0 0 1.0 6 130 M M 1 M M
24 79 61 70 M 0 5 M 0.0 0 5.1 12 160 M M 5 13 17 170
25 75 60 68 M 0 3 0.00 0.0 0 6.7 12 340 M M 6 1 17 340
26 76 53 65 M 0 0 0.00 0.0 0 3.6 7 160 M M 0 1 M M
27 81 62 72 M 0 7 M 0.0 0 10.4 16 160 M M 6 13 24 160
28 78 65 72 M 0 7 0.04 0.0 0 9.2 17 190 M M 8 22 200
29 77 60 69 M 0 4 0.00 0.0 0 10.4 17 300 M M 1 27 300
30 74 55 65 M 0 0 0.00 0.0 0 9.8 15 320 M M 0 21 320
31 83 60 72 M 0 7 0.00 0.0 0 7.8 10 240 M M 0 16 290
================================================================================
SM 2408 1851 5 128 0.04 0.0 183.5 M 109
================================================================================
AV 77.7 59.7 5.9 FASTST M M 4 MAX(MPH)
MISC ----> 27 270 37 130
================================================================================
NOTES:
# LAST OF SEVERAL OCCURRENCES
COLUMN 17 PEAK WIND IN M.P.H.
PRELIMINARY LOCAL CLIMATOLOGICAL DATA (WS FORM: F-6) , PAGE 2
STATION: PRESTON MN
MONTH: AUGUST
YEAR: 2022
LATITUDE: 43 40 N
LONGITUDE: 92 11 W
[TEMPERATURE DATA] [PRECIPITATION DATA] SYMBOLS USED IN COLUMN 16
AVERAGE MONTHLY: 68.7 TOTAL FOR MONTH: 0.04 1 = FOG OR MIST
DPTR FM NORMAL: 0.0 DPTR FM NORMAL: M 2 = FOG REDUCING VISIBILITY
HIGHEST: 87 ON 3 GRTST 24HR 0.04 ON 28-28 TO 1/4 MILE OR LESS
LOWEST: 53 ON 26 3 = THUNDER
SNOW, ICE PELLETS, HAIL 4 = ICE PELLETS
TOTAL MONTH: 0.0 INCH 5 = HAIL
GRTST 24HR 0.0 6 = FREEZING RAIN OR DRIZZLE
GRTST DEPTH: 0 7 = DUSTSTORM OR SANDSTORM:
VSBY 1/2 MILE OR LESS
8 = SMOKE OR HAZE
[NO. OF DAYS WITH] [WEATHER - DAYS WITH] 9 = BLOWING SNOW
X = TORNADO
MAX 32 OR BELOW: 0 0.01 INCH OR MORE: 1
MAX 90 OR ABOVE: 0 0.10 INCH OR MORE: 0
MIN 32 OR BELOW: 0 0.50 INCH OR MORE: 0
MIN 0 OR BELOW: 0 1.00 INCH OR MORE: 0
[HDD (BASE 65) ]
TOTAL THIS MO. 5 CLEAR (SCALE 0-3) 17
DPTR FM NORMAL M PTCLDY (SCALE 4-7) 13
TOTAL FM JUL 1 6 CLOUDY (SCALE 8-10) 1
DPTR FM NORMAL M
[CDD (BASE 65) ]
TOTAL THIS MO. 128
DPTR FM NORMAL M [PRESSURE DATA]
TOTAL FM JAN 1 522 HIGHEST SLP M ON M
DPTR FM NORMAL M LOWEST SLP M ON M
[REMARKS]
#FINAL-08-22#