737
CXUS53 KMKX 010910
CF6FLD
PRELIMINARY LOCAL CLIMATOLOGICAL DATA (WS FORM: F-6)
STATION: FOND_DU_LAC WI
MONTH: SEPTEMBER
YEAR: 2020
LATITUDE: 43 46 N
LONGITUDE: 88 29 W
TEMPERATURE IN F: :PCPN: SNOW: WIND :SUNSHINE: SKY :PK WND
================================================================================
1 2 3 4 5 6A 6B 7 8 9 10 11 12 13 14 15 16 17 18
12Z AVG MX 2MIN
DY MAX MIN AVG DEP HDD CDD WTR SNW DPTH SPD SPD DIR MIN PSBL S-S WX SPD DR
================================================================================
1 71 49 60 -7 5 0 0.09 M 0 4.2 13 160 M M 4 17 150
2 81 56 69 2 0 4 T 0.0 0 8.3 20 270 M M 1 1 30 270
3 77 53 65 -2 0 0 T 0.0 0 12.7 29 290 M M 1 39 300
4 76 50 63 -3 2 0 0.00 0.0 0 9.2 23 280 M M 1 33 290
5 77 52 65 -1 0 0 0.01 0.0 0 5.3 18 310 M M 3 32 290
6 77 53 65 -1 0 0 T 0.0 0 10.7 23 180 M M 4 33 180
7 71 58 65 0 0 0 0.00 0.0 0 10.1 22 30 M M 2 31 20
8 59 51 55 -10 10 0 0.94 0.0 0 15.1 23 30 M M 10 1 31 40
9 54 48 51 -14 14 0 0.44 M 0 13.7 22 40 M M 10 18 30 40
10 57 49 53 -11 12 0 0.10 M 0 6.0 16 20 M M 9 22 30
11 64 50 57 -7 8 0 0.23 0.0 0 6.9 15 110 M M 10 19 90
12 71 60 66 2 0 1 0.33 0.0 0 8.4 15 160 M M 9 1 22 280
13 72 56 64 1 1 0 0.00 0.0 0 7.3 16 320 M M 4 23 300
14 68 56 62 -1 3 0 0.00 0.0 0 8.1 14 130 M M 5 20 100
15 78 58 68 6 0 3 0.00 0.0 0 12.7 23 200 M M 0 33 210
16 75 61 68 6 0 3 0.00 0.0 0 10.8 16 300 M M 4 24 270
17 67 48 58 -3 7 0 0.00 0.0 M 5.4 15 80 M M 4 1 19 80
18 61 39 50 -11 15 0 0.00 0.0 0 6.6 16 40 M M 3 24 40
19 67 36 52 -9 13 0 0.00 0.0 0 4.8 14 190 M M 0 19 180
20 71 41 56 -4 9 0 0.00 0.0 0 8.8 18 180 M M 1 24 170
21 75 49 62 2 3 0 0.00 0.0 0 8.7 17 180 M M 0 25 170
22 79 57 68 9 0 3 0.04 0.0 0 5.8 12 220 M M 1 16 210
23 82 55 69 10 0 4 0.00 0.0 0 4.8 12 240 M M 0 17 220
24 77 54 66 8 0 1 0.04 0.0 0 5.5 14 190 M M 5 1 20 210
25 80 59 70 12 0 5 0.00 0.0 0 12.7 23 190 M M 1 32 200
26 79 65 72 14 0 7 0.00 0.0 0 12.2 22 210 M M 2 34 200
27 75 55 65 8 0 0 0.28 0.0 0 9.3 21 210 M M 3 1 30 210
28 61 50 56 -1 9 0 0.24 0.0 0 7.6 20 290 M M 8 1 25 300
29 57 43 50 -6 15 0 T M 0 6.9 15 280 M M 7 20 290
30 61 47 54 -2 11 0 0.12 M 0 10.4 28 290 M M 4 1 37 290
================================================================================
SM 2120 1558 137 31 2.86 0.0 259.0 M 116
================================================================================
AV 70.7 51.9 8.6 FASTST M M 4 MAX(MPH)
MISC ----> # 29 290 # 39 300
================================================================================
NOTES:
# LAST OF SEVERAL OCCURRENCES
COLUMN 17 PEAK WIND IN M.P.H.
PRELIMINARY LOCAL CLIMATOLOGICAL DATA (WS FORM: F-6) , PAGE 2
STATION: FOND_DU_LAC WI
MONTH: SEPTEMBER
YEAR: 2020
LATITUDE: 43 46 N
LONGITUDE: 88 29 W
[TEMPERATURE DATA] [PRECIPITATION DATA] SYMBOLS USED IN COLUMN 16
AVERAGE MONTHLY: 61.3 TOTAL FOR MONTH: 2.86 1 = FOG OR MIST
DPTR FM NORMAL: -0.6 DPTR FM NORMAL: -0.53 2 = FOG REDUCING VISIBILITY
HIGHEST: 82 ON 23 GRTST 24HR 0.94 ON 8- 8 TO 1/4 MILE OR LESS
LOWEST: 36 ON 19 3 = THUNDER
SNOW, ICE PELLETS, HAIL 4 = ICE PELLETS
TOTAL MONTH: 0.0 INCH 5 = HAIL
GRTST 24HR 0.0 6 = FREEZING RAIN OR DRIZZLE
GRTST DEPTH: 0 7 = DUSTSTORM OR SANDSTORM:
VSBY 1/2 MILE OR LESS
8 = SMOKE OR HAZE
[NO. OF DAYS WITH] [WEATHER - DAYS WITH] 9 = BLOWING SNOW
X = TORNADO
MAX 32 OR BELOW: 0 0.01 INCH OR MORE: 12
MAX 90 OR ABOVE: 0 0.10 INCH OR MORE: 8
MIN 32 OR BELOW: 0 0.50 INCH OR MORE: 1
MIN 0 OR BELOW: 0 1.00 INCH OR MORE: 0
[HDD (BASE 65) ]
TOTAL THIS MO. 137 CLEAR (SCALE 0-3) 14
DPTR FM NORMAL -12 PTCLDY (SCALE 4-7) 11
TOTAL FM JUL 1 146 CLOUDY (SCALE 8-10) 5
DPTR FM NORMAL -29
[CDD (BASE 65) ]
TOTAL THIS MO. 31
DPTR FM NORMAL -24 [PRESSURE DATA]
TOTAL FM JAN 1 787 HIGHEST SLP 30.46 ON 10
DPTR FM NORMAL 201 LOWEST SLP 29.47 ON 30
[REMARKS]
#FINAL-09-20#