000
CXUS55 KBOU 010900
CF6FNL
PRELIMINARY LOCAL CLIMATOLOGICAL DATA (WS FORM: F-6)
STATION: FT COLLINS/LOVELAND CO
MONTH: MARCH
YEAR: 2022
LATITUDE: 40 27 N
LONGITUDE: 105 1 W
TEMPERATURE IN F: :PCPN: SNOW: WIND :SUNSHINE: SKY :PK WND
================================================================================
1 2 3 4 5 6A 6B 7 8 9 10 11 12 13 14 15 16 17 18
12Z AVG MX 2MIN
DY MAX MIN AVG DEP HDD CDD WTR SNW DPTH SPD SPD DIR MIN PSBL S-S WX SPD DR
================================================================================
1 70 29 50 M 15 0 M M M 3.4 7 190 M M 0 M M
2 66 32 49 M 16 0 M M M 4.1 8 40 M M 0 M M
3 69 34 52 M 13 0 M M M 4.1 8 50 M M 0 M M
4 68 27 48 M 17 0 M M M 4.8 16 320 M M 3 1 M M
5 40 24 32 M 33 0 M M M 9.9 18 30 M M 9 1 20 50
6 24 18 21 M 44 0 M M M 10.6 17 10 M M 10 1 22 20
7 34 10 22 M 43 0 M M M 4.6 8 170 M M 1 M M
8 44 13 29 M 36 0 M M M 6.5 13 20 M M 3 M M
9 23 3 13 M 52 0 M M M 12.8 21 30 M M 10 12 M M
10 20 -2 9 M 56 0 M M M 4.0 8 10 M M 3 1 M M
11 33 -1 16 M 49 0 M M M 4.7 8 60 M M 1 M M
12 61 11 36 M 29 0 M M M 5.7 21 300 M M 0 30 320
13 64 24 44 M 21 0 M M M 8.2 29 320 M M 1 37 320
14 60 29 45 M 20 0 M M M 9.3 18 20 M M 0 26 20
15 54 46 50 M 15 0 M M M 4.9 16 250 M M 0 20 250
16 53 38 46 M 19 0 M M M 7.1 15 360 M M 6 17 60
17 43 27 35 M 30 0 M M M 9.5 17 20 M M 9 1 28 20
18 56 21 39 M 26 0 M M M 4.3 12 330 M M 1 M M
19 63 26 45 M 20 0 M M M 5.8 15 140 M M 0 20 130
20 68 26 47 M 18 0 M M M 5.5 10 40 M M 2 17 140
21 49 31 40 M 25 0 M M M 18.4 30 30 M M 5 40 30
22 48 26 37 M 28 0 M M M 17.3 29 350 M M 5 44 340
23 58 32 45 M 20 0 M M M 17.2 37 360 M M 0 46 360
24 70 31 51 M 14 0 M M M 10.2 22 330 M M 0 32 320
25 60 33 47 M 18 0 M M M 7.4 17 360 M M 3 16 150
26 80 29 55 M 10 0 M M M 8.5 25 300 M M 0 39 310
27 62 31 47 M 18 0 M M M 5.0 10 30 M M 0 M M
28 79 37 58 M 7 0 M M M 3.9 12 260 M M 0 16 260
29 54 31 43 M 22 0 M M M 13.7 25 30 M M 8 44 10
30 50 28 39 M 26 0 M M M 13.6 25 360 M M 4 36 300
31 67 22 45 M 20 0 M M M 5.2 9 140 M M 1 M M
================================================================================
SM 1690 766 780 0 M M 250.2 M 85
================================================================================
AV 54.5 24.7 8.1 FASTST M M 3 MAX(MPH)
MISC ----> 37 360 46 360
================================================================================
NOTES:
# LAST OF SEVERAL OCCURRENCES
COLUMN 17 PEAK WIND IN M.P.H.
PRELIMINARY LOCAL CLIMATOLOGICAL DATA (WS FORM: F-6) , PAGE 2
STATION: FT COLLINS/LOVELAND CO
MONTH: MARCH
YEAR: 2022
LATITUDE: 40 27 N
LONGITUDE: 105 1 W
[TEMPERATURE DATA] [PRECIPITATION DATA] SYMBOLS USED IN COLUMN 16
AVERAGE MONTHLY: 39.6 TOTAL FOR MONTH: M 1 = FOG OR MIST
DPTR FM NORMAL: 0.0 DPTR FM NORMAL: M 2 = FOG REDUCING VISIBILITY
HIGHEST: 80 ON 26 GRTST 24HR 0.48 ON 16-17 TO 1/4 MILE OR LESS
LOWEST: -2 ON 10 3 = THUNDER
SNOW, ICE PELLETS, HAIL 4 = ICE PELLETS
TOTAL MONTH: M 5 = HAIL
GRTST 24HR M ON M 6 = FREEZING RAIN OR DRIZZLE
GRTST DEPTH: M ON M 7 = DUSTSTORM OR SANDSTORM:
VSBY 1/2 MILE OR LESS
8 = SMOKE OR HAZE
[NO. OF DAYS WITH] [WEATHER - DAYS WITH] 9 = BLOWING SNOW
X = TORNADO
MAX 32 OR BELOW: 3 0.01 INCH OR MORE: 0
MAX 90 OR ABOVE: 0 0.10 INCH OR MORE: 0
MIN 32 OR BELOW: 26 0.50 INCH OR MORE: 0
MIN 0 OR BELOW: 2 1.00 INCH OR MORE: 0
[HDD (BASE 65) ]
TOTAL THIS MO. 780 CLEAR (SCALE 0-3) 20
DPTR FM NORMAL M PTCLDY (SCALE 4-7) 7
TOTAL FM JUL 1 4932 CLOUDY (SCALE 8-10) 4
DPTR FM NORMAL M
[CDD (BASE 65) ]
TOTAL THIS MO. 0
DPTR FM NORMAL M [PRESSURE DATA]
TOTAL FM JAN 1 0 HIGHEST SLP 30.27 ON 25
DPTR FM NORMAL M LOWEST SLP 29.33 ON 29
[REMARKS]
#FINAL-03-22#