000
CXUS55 KBOU 011000
CF6FNL
PRELIMINARY LOCAL CLIMATOLOGICAL DATA (WS FORM: F-6)
STATION: FT COLLINS/LOVELAND CO
MONTH: JANUARY
YEAR: 2022
LATITUDE: 40 27 N
LONGITUDE: 105 1 W
TEMPERATURE IN F: :PCPN: SNOW: WIND :SUNSHINE: SKY :PK WND
================================================================================
1 2 3 4 5 6A 6B 7 8 9 10 11 12 13 14 15 16 17 18
12Z AVG MX 2MIN
DY MAX MIN AVG DEP HDD CDD WTR SNW DPTH SPD SPD DIR MIN PSBL S-S WX SPD DR
================================================================================
1 23 -7 8 M 57 0 M M M 5.6 8 120 M M 4 128 M M
2 34 -8 13 M 52 0 M M M 2.3 7 270 M M 0 18 M M
3 35 11 23 M 42 0 M M M 3.8 10 190 M M 0 M M
4 46 17 32 M 33 0 M M M 17.4 35 300 M M 0 48 300
5 25 2 14 M 51 0 M M M 9.5 25 40 M M 5 12 30 50
6 20 0 10 M 55 0 M M M 4.8 12 180 M M 4 1 M M
7 38 3 21 M 44 0 M M M 4.8 9 20 M M 0 M M
8 48 22 35 M 30 0 M M M 8.1 20 120 M M 2 24 220
9 34 16 25 M 40 0 M M M 3.6 9 20 M M 5 M M
10 48 12 30 M 35 0 M M M 1.8 8 20 M M 0 M M
11 44 18 31 M 34 0 M M M 3.7 8 40 M M 0 M M
12 50 21 36 M 29 0 M M M 3.3 8 170 M M 0 M M
13 49 22 36 M 29 0 M M M 3.7 9 80 M M 0 M M
14 45 25 35 M 30 0 M M M 16.2 28 350 M M 5 40 340
15 43 16 30 M 35 0 M M M 6.4 13 180 M M 1 M M
16 47 23 35 M 30 0 M M M 5.3 10 110 M M 0 M M
17 53 19 36 M 29 0 M M M 2.8 8 20 M M 0 M M
18 46 28 37 M 28 0 M M M 4.4 15 60 M M 1 M M
19 30 18 24 M 41 0 M M M 8.1 15 90 M M 10 1 20 90
20 27 18 23 M 42 0 M M M 2.6 8 190 M M 10 12 M M
21 38 19 29 M 36 0 M M M 4.0 8 20 M M 9 12 M M
22 42 19 31 M 34 0 M M M 3.3 8 30 M M 1 M M
23 49 18 34 M 31 0 M M M 5.1 10 180 M M 0 M M
24 46 20 33 M 32 0 M M M 6.1 12 170 M M 1 M M
25 35 11 23 M 42 0 M M M 7.4 18 20 M M 8 18 24 20
26 35 2 19 M 46 0 M M M 5.0 8 230 M M 2 M M
27 35 12 24 M 41 0 M M M 6.2 21 360 M M 4 1 M M
28 39 2 21 M 44 0 M M M 3.5 8 140 M M 0 M M
29 50 10 30 M 35 0 M M M 4.0 9 140 M M 0 M M
30 50 16 33 M 32 0 M M M 2.4 7 190 M M 0 M M
31 53 13 33 M 32 0 0.00 M M 9.4 40 290 M M 0 56 280
================================================================================
SM 1257 418 1171 0 0.00 M 174.8 M 72
================================================================================
AV 40.5 13.5 5.6 FASTST M M 2 MAX(MPH)
MISC ----> 40 290 56 280
================================================================================
NOTES:
# LAST OF SEVERAL OCCURRENCES
COLUMN 17 PEAK WIND IN M.P.H.
PRELIMINARY LOCAL CLIMATOLOGICAL DATA (WS FORM: F-6) , PAGE 2
STATION: FT COLLINS/LOVELAND CO
MONTH: JANUARY
YEAR: 2022
LATITUDE: 40 27 N
LONGITUDE: 105 1 W
[TEMPERATURE DATA] [PRECIPITATION DATA] SYMBOLS USED IN COLUMN 16
AVERAGE MONTHLY: 27.0 TOTAL FOR MONTH: 0.00 1 = FOG OR MIST
DPTR FM NORMAL: 0.0 DPTR FM NORMAL: M 2 = FOG REDUCING VISIBILITY
HIGHEST: 53 ON 17,31 GRTST 24HR 0.23 ON 24-25 TO 1/4 MILE OR LESS
LOWEST: -8 ON 2 3 = THUNDER
SNOW, ICE PELLETS, HAIL 4 = ICE PELLETS
TOTAL MONTH: M 5 = HAIL
GRTST 24HR M ON M 6 = FREEZING RAIN OR DRIZZLE
GRTST DEPTH: M ON M 7 = DUSTSTORM OR SANDSTORM:
VSBY 1/2 MILE OR LESS
8 = SMOKE OR HAZE
[NO. OF DAYS WITH] [WEATHER - DAYS WITH] 9 = BLOWING SNOW
X = TORNADO
MAX 32 OR BELOW: 5 0.01 INCH OR MORE: 0
MAX 90 OR ABOVE: 0 0.10 INCH OR MORE: 0
MIN 32 OR BELOW: 31 0.50 INCH OR MORE: 0
MIN 0 OR BELOW: 3 1.00 INCH OR MORE: 0
[HDD (BASE 65) ]
TOTAL THIS MO. 1171 CLEAR (SCALE 0-3) 21
DPTR FM NORMAL M PTCLDY (SCALE 4-7) 7
TOTAL FM JUL 1 3093 CLOUDY (SCALE 8-10) 3
DPTR FM NORMAL M
[CDD (BASE 65) ]
TOTAL THIS MO. 0
DPTR FM NORMAL M [PRESSURE DATA]
TOTAL FM JAN 1 0 HIGHEST SLP 30.72 ON 10
DPTR FM NORMAL M LOWEST SLP 29.57 ON 8
[REMARKS]
#FINAL-01-22#