000
CXUS55 KBOU 011000
CF6FNL
PRELIMINARY LOCAL CLIMATOLOGICAL DATA (WS FORM: F-6)
STATION: FT COLLINS/LOVELAND CO
MONTH: DECEMBER
YEAR: 2021
LATITUDE: 40 27 N
LONGITUDE: 105 1 W
TEMPERATURE IN F: :PCPN: SNOW: WIND :SUNSHINE: SKY :PK WND
================================================================================
1 2 3 4 5 6A 6B 7 8 9 10 11 12 13 14 15 16 17 18
12Z AVG MX 2MIN
DY MAX MIN AVG DEP HDD CDD WTR SNW DPTH SPD SPD DIR MIN PSBL S-S WX SPD DR
================================================================================
1 72 29 51 M 14 0 M M M 4.2 12 220 M M 0 M M
2 74 33 54 M 11 0 M M M 3.5 9 190 M M 0 M M
3 58 32 45 M 20 0 M M M 5.0 12 180 M M 0 16 180
4 62 24 43 M 22 0 M M M 4.3 23 250 M M 0 38 270
5 66 23 45 M 20 0 M M M 11.6 30 50 M M 3 44 320
6 30 13 22 M 43 0 M M M 4.4 7 130 M M 2 M M
7 50 18 34 M 31 0 M M M 7.0 16 130 M M 0 22 130
8 54 19 37 M 28 0 M M M 7.5 27 250 M M 0 39 260
9 49 31 40 M 25 0 M M M 5.9 13 120 M M 3 M M
10 40 19 30 M 35 0 M M M 12.7 28 310 M M 3 39 340
11 46 8 27 M 38 0 M M M 5.8 13 110 M M 0 18 110
12 65 24 45 M 20 0 M M M 6.7 17 240 M M 0 21 99
13 56 26 41 M 24 0 M M M 5.4 9 30 M M 0 M M
14 56 24 40 M 25 0 M M M 4.7 10 360 M M 0 M M
15 49 22 36 M 29 0 M M M 13.0 32 290 M M 1 46 280
16 47 14 31 M 34 0 M M M 7.5 16 240 M M 0 25 100
17 44 11 28 M 37 0 M M M 9.5 22 320 M M 1 38 300
18 37 5 21 M 44 0 M M M 3.6 9 210 M M 0 M M
19 54 15 35 M 30 0 M M M 3.1 8 160 M M 0 M M
20 58 21 40 M 25 0 M M M 6.5 18 110 M M 0 M M
21 63 15 39 M 26 0 M M M 11.9 37 280 M M 0 52 280
22 61 25 43 M 22 0 M M M 12.8 28 260 M M 0 39 260
23 62 35 49 M 16 0 M M M 11.6 22 220 M M 0 32 300
24 50 31 41 M 24 0 M M M 11.3 28 350 M M 4 38 350
25 52 26 39 M 26 0 M M M 9.7 15 230 M M 0 24 230
26 53 16 35 M 30 0 M M M 9.2 24 220 M M 1 39 230
27 41 14 28 M 37 0 M M M 8.1 14 20 M M 1 21 220
28 38 15 27 M 38 0 M M M 11.2 23 350 M M 2 33 350
29 35 8 22 M 43 0 M M M 6.7 10 10 M M 2 M M
30 48 9 29 M 36 0 M M M 12.4 32 260 M M 0 43 250
31 33 10 22 M 43 0 M M M 8.6 18 10 M M 7 12 33 350
================================================================================
SM 1603 615 896 0 M M 245.3 M 30
================================================================================
AV 51.7 19.8 7.9 FASTST M M 1 MAX(MPH)
MISC ----> 37 280 52 280
================================================================================
NOTES:
# LAST OF SEVERAL OCCURRENCES
COLUMN 17 PEAK WIND IN M.P.H.
PRELIMINARY LOCAL CLIMATOLOGICAL DATA (WS FORM: F-6) , PAGE 2
STATION: FT COLLINS/LOVELAND CO
MONTH: DECEMBER
YEAR: 2021
LATITUDE: 40 27 N
LONGITUDE: 105 1 W
[TEMPERATURE DATA] [PRECIPITATION DATA] SYMBOLS USED IN COLUMN 16
AVERAGE MONTHLY: 35.8 TOTAL FOR MONTH: M 1 = FOG OR MIST
DPTR FM NORMAL: 0.0 DPTR FM NORMAL: M 2 = FOG REDUCING VISIBILITY
HIGHEST: 74 ON 2 GRTST 24HR 0.01 ON 15-15 TO 1/4 MILE OR LESS
LOWEST: 5 ON 18 3 = THUNDER
SNOW, ICE PELLETS, HAIL 4 = ICE PELLETS
TOTAL MONTH: M 5 = HAIL
GRTST 24HR M ON M 6 = FREEZING RAIN OR DRIZZLE
GRTST DEPTH: M ON M 7 = DUSTSTORM OR SANDSTORM:
VSBY 1/2 MILE OR LESS
8 = SMOKE OR HAZE
[NO. OF DAYS WITH] [WEATHER - DAYS WITH] 9 = BLOWING SNOW
X = TORNADO
MAX 32 OR BELOW: 1 0.01 INCH OR MORE: 0
MAX 90 OR ABOVE: 0 0.10 INCH OR MORE: 0
MIN 32 OR BELOW: 29 0.50 INCH OR MORE: 0
MIN 0 OR BELOW: 0 1.00 INCH OR MORE: 0
[HDD (BASE 65) ]
TOTAL THIS MO. 896 CLEAR (SCALE 0-3) 28
DPTR FM NORMAL M PTCLDY (SCALE 4-7) 3
TOTAL FM JUL 1 1922 CLOUDY (SCALE 8-10) 0
DPTR FM NORMAL M
[CDD (BASE 65) ]
TOTAL THIS MO. 0
DPTR FM NORMAL M [PRESSURE DATA]
TOTAL FM JAN 1 1023 HIGHEST SLP 30.43 ON 18
DPTR FM NORMAL M LOWEST SLP 29.24 ON 15
[REMARKS]
#FINAL-12-21#