000
CXUS55 KBOU 010900
CF6FNL
PRELIMINARY LOCAL CLIMATOLOGICAL DATA (WS FORM: F-6)
STATION: FT COLLINS/LOVELAND CO
MONTH: APRIL
YEAR: 2021
LATITUDE: 40 27 N
LONGITUDE: 105 1 W
TEMPERATURE IN F: :PCPN: SNOW: WIND :SUNSHINE: SKY :PK WND
================================================================================
1 2 3 4 5 6A 6B 7 8 9 10 11 12 13 14 15 16 17 18
12Z AVG MX 2MIN
DY MAX MIN AVG DEP HDD CDD WTR SNW DPTH SPD SPD DIR MIN PSBL S-S WX SPD DR
================================================================================
1 70 26 48 M 17 0 0.00 M M 5.4 9 150 M M 0 M M
2 75 32 54 M 11 0 0.00 M M 4.5 9 130 M M 0 M M
3 81 34 58 M 7 0 0.00 M M 5.2 9 230 M M 0 M M
4 81 36 59 M 6 0 0.00 M M 5.3 18 350 M M 0 22 350
5 80 38 59 M 6 0 0.00 M M 7.2 20 350 M M 0 23 270
6 60 34 47 M 18 0 0.08 M M 16.0 28 330 M M 4 39 350
7 64 34 49 M 16 0 0.00 M M 10.1 25 350 M M 5 33 340
8 71 34 53 M 12 0 0.00 M M 11.2 29 320 M M 0 38 300
9 55 35 45 M 20 0 T M M 15.8 29 350 M M 3 43 350
10 71 26 49 M 16 0 0.00 M M 4.6 12 300 M M 0 20 300
11 58 34 46 M 19 0 0.00 M M 11.5 20 160 M M 3 36 120
12 43 26 35 M 30 0 0.00 M M 5.7 10 70 M M 8 M M
13 41 29 35 M 30 0 T M M 8.7 17 330 M M 10 M M
14 42 26 34 M 31 0 T M M 8.2 15 60 M M 10 1 M M
15 38 29 34 M 31 0 0.09 M M 8.0 16 90 M M 10 1 M M
16 41 27 34 M 31 0 0.01 M M 11.2 17 30 M M 8 1 M M
17 49 28 39 M 26 0 0.00 M M 8.2 20 10 M M 4 25 10
18 61 31 46 M 19 0 0.00 M M 9.3 22 360 M M 2 36 360
19 41 21 31 M 34 0 T M M 10.9 23 50 M M 8 1 31 50
20 39 12 26 M 39 0 0.03 M M 3.8 7 230 M M 4 1 M M
21 34 27 31 M 34 0 T M M 6.9 14 100 M M 10 18 M M
22 53 29 41 M 24 0 T M M 7.9 16 200 M M 6 M M
23 58 32 45 M 20 0 T M M 7.5 20 80 M M 3 22 250
24 64 33 49 M 16 0 0.00 M M 4.5 8 350 M M 4 M M
25 79 36 58 M 7 0 0.00 M M 7.5 17 240 M M 0 23 240
26 79 44 62 M 3 0 0.00 M M 7.1 16 280 M M 1 24 280
27 60 40 50 M 15 0 0.06 M M 11.7 21 30 M M 8 1 21 20
28 64 40 52 M 13 0 0.01 M M 9.6 17 30 M M 5 22 360
29 72 37 55 M 10 0 0.00 M M 5.6 9 190 M M 0 M M
30 80 42 61 M 4 0 0.00 M M 4.7 14 150 M M 0 20 140
================================================================================
SM 1804 952 565 0 0.28 M 243.6 M 116
================================================================================
AV 60.1 31.7 8.1 FASTST M M 4 MAX(MPH)
MISC ----> 29 350 43 350
================================================================================
NOTES:
# LAST OF SEVERAL OCCURRENCES
COLUMN 17 PEAK WIND IN M.P.H.
PRELIMINARY LOCAL CLIMATOLOGICAL DATA (WS FORM: F-6) , PAGE 2
STATION: FT COLLINS/LOVELAND CO
MONTH: APRIL
YEAR: 2021
LATITUDE: 40 27 N
LONGITUDE: 105 1 W
[TEMPERATURE DATA] [PRECIPITATION DATA] SYMBOLS USED IN COLUMN 16
AVERAGE MONTHLY: 45.9 TOTAL FOR MONTH: 0.28 1 = FOG OR MIST
DPTR FM NORMAL: 0.0 DPTR FM NORMAL: M 2 = FOG REDUCING VISIBILITY
HIGHEST: 81 ON 4, 3 GRTST 24HR 0.10 ON 15-16 TO 1/4 MILE OR LESS
LOWEST: 12 ON 20 3 = THUNDER
SNOW, ICE PELLETS, HAIL 4 = ICE PELLETS
TOTAL MONTH: M 5 = HAIL
GRTST 24HR M ON M 6 = FREEZING RAIN OR DRIZZLE
GRTST DEPTH: M ON M 7 = DUSTSTORM OR SANDSTORM:
VSBY 1/2 MILE OR LESS
8 = SMOKE OR HAZE
[NO. OF DAYS WITH] [WEATHER - DAYS WITH] 9 = BLOWING SNOW
X = TORNADO
MAX 32 OR BELOW: 0 0.01 INCH OR MORE: 6
MAX 90 OR ABOVE: 0 0.10 INCH OR MORE: 0
MIN 32 OR BELOW: 15 0.50 INCH OR MORE: 0
MIN 0 OR BELOW: 0 1.00 INCH OR MORE: 0
[HDD (BASE 65) ]
TOTAL THIS MO. 565 CLEAR (SCALE 0-3) 15
DPTR FM NORMAL M PTCLDY (SCALE 4-7) 10
TOTAL FM JUL 1 5909 CLOUDY (SCALE 8-10) 5
DPTR FM NORMAL M
[CDD (BASE 65) ]
TOTAL THIS MO. 0
DPTR FM NORMAL M [PRESSURE DATA]
TOTAL FM JAN 1 0 HIGHEST SLP 30.39 ON 20
DPTR FM NORMAL M LOWEST SLP 29.37 ON 26
[REMARKS]
#FINAL-04-21#