000
CXUS55 KBOU 010735
CF6FNL
PRELIMINARY LOCAL CLIMATOLOGICAL DATA (WS FORM: F-6)
STATION: FT COLLINS/LOVELAND CO
MONTH: AUGUST
YEAR: 2020
LATITUDE: 40 27 N
LONGITUDE: 105 1 W
TEMPERATURE IN F: :PCPN: SNOW: WIND :SUNSHINE: SKY :PK WND
================================================================================
1 2 3 4 5 6A 6B 7 8 9 10 11 12 13 14 15 16 17 18
12Z AVG MX 2MIN
DY MAX MIN AVG DEP HDD CDD WTR SNW DPTH SPD SPD DIR MIN PSBL S-S WX SPD DR
================================================================================
1 92 56 74 M 0 9 M M M 4.1 10 120 M M 0 38 M M
2 88 56 72 M 0 7 M M M 7.0 9 100 M M 0 38 M M
3 86 56 71 M 0 6 M M M 7.7 10 90 M M 1 38 M M
4 93 58 76 M 0 11 M M M 6.7 22 80 M M 0 38 32 80
5 88 59 74 M 0 9 M M M 7.1 16 360 M M 1 22 360
6 93 56 75 M 0 10 M M M 5.5 18 100 M M 0 8 22 100
7 100 55 78 M 0 13 M M M 7.7 18 90 M M 0 8 24 90
8 96 61 79 M 0 14 M M M 5.7 15 90 M M 0 8 17 110
9 100 59 80 M 0 15 M M M 5.2 17 220 M M 0 8 47 180
10 87 59 73 M 0 8 M M M 7.8 16 20 M M 0 8 M M
11 97 57 77 M 0 12 M M M 7.8 17 200 M M 0 8 37 190
12 95 57 76 M 0 11 M M M 6.1 16 30 M M 1 38 27 30
13 98 59 79 M 0 14 M M M 6.2 15 150 M M 0 8 20 170
14 92 60 76 M 0 11 M M M 7.8 18 100 M M 0 8 23 100
15 93 56 75 M 0 10 M M M 5.0 10 160 M M 0 8 M M
16 98 57 78 M 0 13 M M M 6.0 13 100 M M 1 8 18 100
17 96 59 78 M 0 13 M M M 6.8 9 360 M M 0 8 M M
18 99 58 79 M 0 14 M M M 5.3 13 110 M M 0 8 M M
19 93 63 78 M 0 13 M M M 6.9 17 260 M M 0 35 250
20 95 58 77 M 0 12 M M M 5.1 12 130 M M 1 38 17 130
21 96 61 79 M 0 14 M M M 4.5 12 190 M M 0 8 17 120
22 99 61 80 M 0 15 M M M 8.0 24 20 M M 0 8 32 10
23 93 59 76 M 0 11 M M M 4.0 9 20 M M 0 8 M M
24 96 62 79 M 0 14 M M M 5.4 9 300 M M 0 8 M M
25 97 63 80 M 0 15 M M M 6.7 22 270 M M 0 8 39 280
26 95 64 80 M 0 15 M M M 7.6 25 330 M M 1 8 31 330
27 97 58 78 M 0 13 M M M 6.0 10 200 M M 0 8 M M
28 82 59 71 M 0 6 M M M 10.3 22 10 M M 2 29 10
29 80 53 67 M 0 2 M M M 7.2 28 340 M M 1 1 33 340
30 93 52 73 M 0 8 M M M 12.8 31 30 M M 0 3 40 30
31 71 48 60 M 5 0 M M 0 7.9 17 10 M M 2 24 10
================================================================================
SM 2878 1799 5 338 M M 207.9 M 11
================================================================================
AV 92.8 58.0 6.7 FASTST M M 0 MAX(MPH)
MISC ----> # 31 30 # 47 180
================================================================================
NOTES:
# LAST OF SEVERAL OCCURRENCES
COLUMN 17 PEAK WIND IN M.P.H.
PRELIMINARY LOCAL CLIMATOLOGICAL DATA (WS FORM: F-6) , PAGE 2
STATION: FT COLLINS/LOVELAND CO
MONTH: AUGUST
YEAR: 2020
LATITUDE: 40 27 N
LONGITUDE: 105 1 W
[TEMPERATURE DATA] [PRECIPITATION DATA] SYMBOLS USED IN COLUMN 16
AVERAGE MONTHLY: 75.4 TOTAL FOR MONTH: M 1 = FOG OR MIST
DPTR FM NORMAL: M DPTR FM NORMAL: M 2 = FOG REDUCING VISIBILITY
HIGHEST: 100 ON 9, 7 GRTST 24HR M ON M TO 1/4 MILE OR LESS
LOWEST: 48 ON 31 3 = THUNDER
SNOW, ICE PELLETS, HAIL 4 = ICE PELLETS
TOTAL MONTH: M 5 = HAIL
GRTST 24HR M ON M 6 = FREEZING RAIN OR DRIZZLE
GRTST DEPTH: 0 7 = DUSTSTORM OR SANDSTORM:
VSBY 1/2 MILE OR LESS
8 = SMOKE OR HAZE
[NO. OF DAYS WITH] [WEATHER - DAYS WITH] 9 = BLOWING SNOW
X = TORNADO
MAX 32 OR BELOW: 0 0.01 INCH OR MORE: 0
MAX 90 OR ABOVE: 24 0.10 INCH OR MORE: 0
MIN 32 OR BELOW: 0 0.50 INCH OR MORE: 0
MIN 0 OR BELOW: 0 1.00 INCH OR MORE: 0
[HDD (BASE 65) ]
TOTAL THIS MO. 5 CLEAR (SCALE 0-3) 31
DPTR FM NORMAL M PTCLDY (SCALE 4-7) 0
TOTAL FM JUL 1 5 CLOUDY (SCALE 8-10) 0
DPTR FM NORMAL M
[CDD (BASE 65) ]
TOTAL THIS MO. 338
DPTR FM NORMAL M [PRESSURE DATA]
TOTAL FM JAN 1 902 HIGHEST SLP 30.13 ON 18
DPTR FM NORMAL M LOWEST SLP 29.61 ON 30
[REMARKS]
#FINAL-08-20#